{"id":718792,"date":"2025-08-27T18:13:41","date_gmt":"2025-08-27T15:13:41","guid":{"rendered":"https:\/\/roveyayinevi.com.tr\/index.php\/urun\/uluslararasi-iliskiler-teorileri-2\/"},"modified":"2026-04-16T02:26:50","modified_gmt":"2026-04-15T23:26:50","slug":"uluslararasi-iliskiler-teorileri-2","status":"publish","type":"product","link":"https:\/\/roveyayinevi.com.tr\/index.php\/urun\/uluslararasi-iliskiler-teorileri-2\/","title":{"rendered":"Uluslararas\u0131 \u0130li\u015fkiler Teorileri"},"content":{"rendered":"<p>Uluslararas\u0131 ili\u015fkiler, 20. y\u00fczy\u0131l\u0131n ba\u015f\u0131ndan g\u00fcn\u00fcm\u00fcze ulus-devletlerin say\u0131s\u0131n\u0131n ve siyasi etkinliklerinin artmas\u0131 nedeniyle \u00f6nemli bir akademik disiplin haline geldi. Ulus-devletlerin birbirleriyle ya\u015fad\u0131klar\u0131 yerel, b\u00f6lgesel ve k\u00fcresel sorunlar\u0131n ve bu sorunlara kar\u015f\u0131 \u00fcretilecek \u00e7\u00f6z\u00fcmlerin ele al\u0131nd\u0131\u011f\u0131 bir disiplin olman\u0131n yan\u0131 s\u0131ra kendi teorisini de kuran bir disiplin olman\u0131n avantajlar\u0131n\u0131 ve dezavantajlar\u0131n\u0131 ya\u015fad\u0131. \u00c7e\u015fitli pakt, uzla\u015fma, ittifaklar kadar \u00e7at\u0131\u015fma, ayr\u0131\u015fma ve kampla\u015fmalar hususunda da bir akademik disiplin olarak ulusal \u00e7\u0131karlarla akademik objektiflik aras\u0131nda kimi zaman bocalayan konumlar edinebildi.Uluslararas\u0131 ili\u015fkiler Teorileri, uzun bir sure idealizm ve realizm ekolleri aras\u0131nda s\u0131k\u0131\u015farak bilgi ve analiz \u00fcretmeye \u00e7al\u0131\u015fan bir akademik disiplinin, sosyal bilimlerin di\u011fer dallar\u0131yla etkile\u015ferek kendi teorik ara\u00e7lar\u0131n\u0131 nas\u0131l \u00e7e\u015fitlendirebilece\u011fini, analitik \u00e7er\u00e7evesini nas\u0131l zengin bir literat\u00fcr \u00fczerinden kurabilece\u011fini g\u00f6steren makaleleri bir araya getiriyor. Bu metinler, uluslararas\u0131\u203a ili\u015fkiler disiplininin, sadece reel politi\u011fi analiz eden bir disiplin olmas\u0131n\u0131n \u00f6n\u00fcne gecen; devletlerin \u00e7\u0131karlar\u0131na odakl\u0131 basit bir okumay\u0131 yetersiz bulan; uluslararas\u0131 kurumlar kadar devlet-d\u0131\u015f\u0131 akt\u00f6rlerin, sivil ve demokratik siyasetin k\u00fcresel etkilerini de hesaba katan ve sosyal bilimlerin di\u011fer disiplinleriyle \u201cteori\u201dyi payla\u015fmay\u0131 ba\u015farabilen bir perspektifin imk\u00e2nlar\u0131n\u0131 etrafl\u0131 bir \u015fekilde ortaya koyuyor.Farkl\u0131 \u00fcniversitelerden akademisyenlerin, Gonca Biltekin, Mehmet Evren Eken, Yelda Er\u00e7and\u0131rl\u0131, Ramazan Erda\u011f, Ey\u00fcp Ersoy, Ramazan G\u00f6zen, Volkan \u0130pek, Tuncay Karda\u015f, Mustafa Kutlay, Mustafa K\u00fc\u00e7\u00fck, Tar\u0131k O\u011fuzlu, Mehmet Akif Okur, Hakan \u00d6v\u00fcn\u00e7 Ongur, Ca\u011flar Oyman, Burak Bilgehan \u00d6zpek, Mustafa Serdar Palab\u0131y\u0131k, Faruk Yalva\u00e7, Ba\u015fak Yav\u00e7an\u2019\u0131n katk\u0131lar\u0131yla\u2026<\/p>\n","protected":false},"excerpt":{"rendered":"<p>Uluslararas\u0131 ili\u015fkiler, 20. y\u00fczy\u0131l\u0131n ba\u015f\u0131ndan g\u00fcn\u00fcm\u00fcze ulus-devletlerin say\u0131s\u0131n\u0131n ve siyasi etkinliklerinin artmas\u0131 nedeniyle \u00f6nemli bir akademik disiplin haline geldi. Ulus-devletlerin birbirleriyle ya\u015fad\u0131klar\u0131 yerel, b\u00f6lgesel ve k\u00fcresel<span class=\"excerpt-hellip\"> [\u2026]<\/span><\/p>\n","protected":false},"featured_media":0,"template":"","meta":{"_monsterinsights_skip_tracking":false,"_monsterinsights_sitenote_active":false,"_monsterinsights_sitenote_note":"","_monsterinsights_sitenote_category":0},"product_brand":[],"product_cat":[12337,17225],"product_tag":[],"class_list":{"0":"post-718792","1":"product","2":"type-product","3":"status-publish","5":"product_cat-politika-siyaset","6":"product_cat-uluslararasi-iliskiler","7":"pa_cilt-ciltsiz","8":"pa_tur-kitap","9":"pa_yayinevi-iletisim-yayinlari","10":"pa_yazar-ramazan-gozen","12":"first","13":"instock","14":"sale","15":"shipping-taxable","16":"purchasable","17":"product-type-simple"},"_links":{"self":[{"href":"https:\/\/roveyayinevi.com.tr\/index.php\/wp-json\/wp\/v2\/product\/718792","targetHints":{"allow":["GET"]}}],"collection":[{"href":"https:\/\/roveyayinevi.com.tr\/index.php\/wp-json\/wp\/v2\/product"}],"about":[{"href":"https:\/\/roveyayinevi.com.tr\/index.php\/wp-json\/wp\/v2\/types\/product"}],"wp:attachment":[{"href":"https:\/\/roveyayinevi.com.tr\/index.php\/wp-json\/wp\/v2\/media?parent=718792"}],"wp:term":[{"taxonomy":"product_brand","embeddable":true,"href":"https:\/\/roveyayinevi.com.tr\/index.php\/wp-json\/wp\/v2\/product_brand?post=718792"},{"taxonomy":"product_cat","embeddable":true,"href":"https:\/\/roveyayinevi.com.tr\/index.php\/wp-json\/wp\/v2\/product_cat?post=718792"},{"taxonomy":"product_tag","embeddable":true,"href":"https:\/\/roveyayinevi.com.tr\/index.php\/wp-json\/wp\/v2\/product_tag?post=718792"}],"curies":[{"name":"wp","href":"https:\/\/api.w.org\/{rel}","templated":true}]}}