{"id":718790,"date":"2025-08-27T18:13:39","date_gmt":"2025-08-27T15:13:39","guid":{"rendered":"https:\/\/roveyayinevi.com.tr\/index.php\/urun\/avusturya-prusya-ve-almanyanin-olusumu-1806-1871\/"},"modified":"2026-04-16T02:26:50","modified_gmt":"2026-04-15T23:26:50","slug":"avusturya-prusya-ve-almanyanin-olusumu-1806-1871","status":"publish","type":"product","link":"https:\/\/roveyayinevi.com.tr\/index.php\/urun\/avusturya-prusya-ve-almanyanin-olusumu-1806-1871\/","title":{"rendered":"Avusturya Prusya Ve Almanya&#8217;n\u0131n Olu\u015fumu 1806 1871"},"content":{"rendered":"<p>Breuilly, Avrupa\u2019n\u0131n siyasi haritas\u0131n\u0131n \u015fekillenmesinde kritik \u00f6nem ta\u015f\u0131yan bir d\u00f6nemi ve olguyu analiz ediyor. Arka planda, Fransa\u2019n\u0131n bas\u0131nc\u0131 alt\u0131nda \u201ceski d\u00fczen\u201de kar\u015f\u0131 Avrupa \u00e7ap\u0131ndaki demokratik devrim m\u00fccadelesi ve kar\u015f\u0131-devrim var. Odakta ise Avusturya-Almanya m\u00fccadelesi\u2026 Hem \u201cy\u00fczy\u0131llar boyunca s\u0131n\u0131rlar\u0131 belli bir \u00fclke ya da devlet de\u011fil k\u00fclt\u00fcrel ve siyasi bir \u2018b\u00f6lge\u2019 olan\u201d Almanya \u00fczerindeki h\u00e2kimiyet m\u00fccadelesi bu, hem de farkl\u0131 siyasi rejim modelleri aras\u0131nda bir m\u00fccadele. \u00c7a\u011fda\u015f milliyet\u00e7ilik ara\u015ft\u0131rmalar\u0131n\u0131n \u00f6nemli isimlerinden Breuilly, kitapta ayn\u0131 zamanda Alman milliyet\u00e7ili\u011finin ve ulus-devletinin olu\u015fum s\u00fcrecini irdeliyor. Breuilly, Alman ulus-devletinin olu\u015fumunu, pek\u00e2l\u00e2 \u201cba\u015fka t\u00fcrl\u00fc de sonu\u00e7lanabilecek\u201d bir hik\u00e2ye olarak anlat\u0131yor. \u201c1860 y\u0131l\u0131na gelindi\u011finde (&#8230;) milliyet\u00e7ilikler, alenen milliyet\u00e7ilik-kar\u015f\u0131t\u0131 politikalar pe\u015finde ko\u015fmay\u0131 neredeyse imk\u00e2ns\u0131z hale getirecek kadar g\u00fc\u00e7lenmi\u015fti. Prusya, milliyet\u00e7ilik katar\u0131na kat\u0131lmak konusunda Avusturya\u2019dan daha iyi konumdayd\u0131 zira Alman-olmayan toprak ya da \u00e7\u0131karlara giden yolda \u00e7ok daha az engelle kar\u015f\u0131la\u015facakt\u0131. (\u2026) Bismarck, milliyet\u00e7ili\u011fi manip\u00fcle etti\u011fini d\u00fc\u015f\u00fcnm\u00fc\u015f olabilir fakat milliyet\u00e7ilik olmaks\u0131z\u0131n onun ba\u015far\u0131s\u0131n\u0131n anla\u015f\u0131lmas\u0131 imk\u00e2ns\u0131zd\u0131r.\u201d JOHN BREUILLY <\/p>\n","protected":false},"excerpt":{"rendered":"<p>Breuilly, Avrupa\u2019n\u0131n siyasi haritas\u0131n\u0131n \u015fekillenmesinde kritik \u00f6nem ta\u015f\u0131yan bir d\u00f6nemi ve olguyu analiz ediyor. Arka planda, Fransa\u2019n\u0131n bas\u0131nc\u0131 alt\u0131nda \u201ceski d\u00fczen\u201de kar\u015f\u0131 Avrupa \u00e7ap\u0131ndaki demokratik devrim<span class=\"excerpt-hellip\"> [\u2026]<\/span><\/p>\n","protected":false},"featured_media":0,"template":"","meta":{"_monsterinsights_skip_tracking":false,"_monsterinsights_sitenote_active":false,"_monsterinsights_sitenote_note":"","_monsterinsights_sitenote_category":0},"product_brand":[],"product_cat":[12312,12304],"product_tag":[],"class_list":{"0":"post-718790","1":"product","2":"type-product","3":"status-publish","5":"product_cat-diger","6":"product_cat-tarih","7":"pa_cilt-ciltsiz","8":"pa_tur-kitap","9":"pa_yayinevi-iletisim-yayinlari","10":"pa_yazar-john-breuilly","12":"first","13":"instock","14":"sale","15":"shipping-taxable","16":"purchasable","17":"product-type-simple"},"_links":{"self":[{"href":"https:\/\/roveyayinevi.com.tr\/index.php\/wp-json\/wp\/v2\/product\/718790","targetHints":{"allow":["GET"]}}],"collection":[{"href":"https:\/\/roveyayinevi.com.tr\/index.php\/wp-json\/wp\/v2\/product"}],"about":[{"href":"https:\/\/roveyayinevi.com.tr\/index.php\/wp-json\/wp\/v2\/types\/product"}],"wp:attachment":[{"href":"https:\/\/roveyayinevi.com.tr\/index.php\/wp-json\/wp\/v2\/media?parent=718790"}],"wp:term":[{"taxonomy":"product_brand","embeddable":true,"href":"https:\/\/roveyayinevi.com.tr\/index.php\/wp-json\/wp\/v2\/product_brand?post=718790"},{"taxonomy":"product_cat","embeddable":true,"href":"https:\/\/roveyayinevi.com.tr\/index.php\/wp-json\/wp\/v2\/product_cat?post=718790"},{"taxonomy":"product_tag","embeddable":true,"href":"https:\/\/roveyayinevi.com.tr\/index.php\/wp-json\/wp\/v2\/product_tag?post=718790"}],"curies":[{"name":"wp","href":"https:\/\/api.w.org\/{rel}","templated":true}]}}

Avusturya Prusya Ve Almanya&#8217;nın Oluşumu 1806 1871

<p>Breuilly, Avrupa’nın siyasi haritasının şekillenmesinde kritik önem taşıyan bir dönemi ve olguyu analiz ediyor. Arka planda, Fransa’nın basıncı altında “eski düzen”e karşı Avrupa çapındaki demokratik devrim mücadelesi ve karşı-devrim var. Odakta ise Avusturya-Almanya mücadelesi… Hem “yüzyıllar boyunca sınırları belli bir ülke ya da devlet değil kültürel ve siyasi bir ‘bölge’ olan” Almanya üzerindeki hâkimiyet mücadelesi bu, hem de farklı siyasi rejim modelleri arasında bir mücadele. Çağdaş milliyetçilik araştırmalarının önemli isimlerinden Breuilly, kitapta aynı zamanda Alman milliyetçiliğinin ve ulus-devletinin oluşum sürecini irdeliyor. Breuilly, Alman ulus-devletinin oluşumunu, pekâlâ “başka türlü de sonuçlanabilecek” bir hikâye olarak anlatıyor. “1860 yılına gelindiğinde (&#8230;) milliyetçilikler, alenen milliyetçilik-karşıtı politikalar peşinde koşmayı neredeyse imkânsız hale getirecek kadar güçlenmişti. Prusya, milliyetçilik katarına katılmak konusunda Avusturya’dan daha iyi konumdaydı zira Alman-olmayan toprak ya da çıkarlara giden yolda çok daha az engelle karşılaşacaktı. (…) Bismarck, milliyetçiliği manipüle ettiğini düşünmüş olabilir fakat milliyetçilik olmaksızın onun başarısının anlaşılması imkânsızdır.” JOHN BREUILLY </p>

<p>Breuilly, Avrupa’nın siyasi haritasının şekillenmesinde kritik önem taşıyan bir dönemi ve olguyu analiz ediyor. Arka planda, Fransa’nın basıncı altında “eski düzen”e karşı Avrupa çapındaki demokratik devrim<span class="excerpt-hellip"> […]</span></p>
