{"id":718787,"date":"2025-08-27T18:13:37","date_gmt":"2025-08-27T15:13:37","guid":{"rendered":"https:\/\/roveyayinevi.com.tr\/index.php\/urun\/sol-populizm\/"},"modified":"2026-04-16T02:26:50","modified_gmt":"2026-04-15T23:26:50","slug":"sol-populizm","status":"publish","type":"product","link":"https:\/\/roveyayinevi.com.tr\/index.php\/urun\/sol-populizm\/","title":{"rendered":"Sol Pop\u00fclizm"},"content":{"rendered":"<p>Solun, siyasal ortam\u0131n ve sa\u011f otoriter hareketlerin\/partilerin y\u00fckseli\u015finin ifade etti\u011fi meydan okuyu\u015fu ana ak\u0131m yakla\u015f\u0131mlara hapsolmadan ivedilikle kavramas\u0131 gerekti\u011fine dair kanaat bu kitab\u0131n temelini olu\u015fturuyor. Neoliberal hegemonyan\u0131n krizine tan\u0131k oldu\u011fumuz bir d\u00f6nemde, Chantal Mouffe otoriter rejimlerin y\u00fckselmesi ve yerle\u015fmeleri kadar, daha demokratik bir d\u00fczenin in\u015fa edilme olas\u0131l\u0131\u011f\u0131na i\u015faret ediyor. Radikal demokratik d\u00f6n\u00fc\u015f\u00fcm f\u0131rsat\u0131n\u0131 ka\u00e7\u0131rmamak i\u00e7in son otuz y\u0131ld\u0131r maruz kald\u0131\u011f\u0131m\u0131z d\u00f6n\u00fc\u015f\u00fcmlerin do\u011fas\u0131yla ve bunlar\u0131n demokratik politika a\u00e7\u0131s\u0131ndan sonu\u00e7lar\u0131yla y\u00fczle\u015fmeye \u00e7a\u011f\u0131r\u0131yor. Sol ve sa\u011f kar\u015f\u0131tl\u0131\u011f\u0131n\u0131n art\u0131k ge\u00e7ersiz oldu\u011funu iddia eden \u201cmerkezde konsens\u00fcs\u201d yakla\u015f\u0131m\u0131, politikay\u0131 teknokratik bi\u00e7imde d\u00fczenleyerek, kitlelerin siyasal olana yabanc\u0131la\u015fmas\u0131n\u0131 h\u0131zland\u0131rd\u0131. Chantal Mouffe, Sol Pop\u00fclizm\u2019de, bu geli\u015fme kar\u015f\u0131s\u0131nda sol politikalar\u0131n neden ve nas\u0131l yetersiz kald\u0131klar\u0131n\u0131 tespit edip, s\u0131n\u0131f \u00f6zc\u00fcl\u00fc\u011f\u00fcne saplanmadan, has\u0131mc\u0131 siyasal anlay\u0131\u015f temelinde, radikal bir demokrasi m\u00fccadelesini yeniden canland\u0131rmay\u0131 \u00f6neriyor.  \u201cPop\u00fclizm siyasal bir s\u0131n\u0131r in\u015fa etmek i\u00e7in y\u00fcr\u00fct\u00fclen bir s\u00f6ylemsel stratejidir. Bu s\u0131n\u0131r \u00e7izme konusu \u00e7ok \u00f6nemli. Post-politikay\u0131 tan\u0131mlayan \u015fey s\u0131n\u0131r\u0131n ortadan kalkmas\u0131d\u0131r. \u00dc\u00e7\u00fcnc\u00fc yol yakla\u015f\u0131m\u0131n\u0131n tipik slogan\u0131 olan \u2018sa\u011f-sol fark\u0131 bitti\u2019 gibi. Buna kar\u015f\u0131 pop\u00fclizm a\u015fa\u011f\u0131dakiler ve yukar\u0131dakiler ayr\u0131m\u0131 \u00fczerine siyasi s\u0131n\u0131r\u0131 \u00e7izer. M\u00fcesses nizama kar\u015f\u0131 halk gibi.\u201d <\/p>\n","protected":false},"excerpt":{"rendered":"<p>Solun, siyasal ortam\u0131n ve sa\u011f otoriter hareketlerin\/partilerin y\u00fckseli\u015finin ifade etti\u011fi meydan okuyu\u015fu ana ak\u0131m yakla\u015f\u0131mlara hapsolmadan ivedilikle kavramas\u0131 gerekti\u011fine dair kanaat bu kitab\u0131n temelini olu\u015fturuyor. Neoliberal<span class=\"excerpt-hellip\"> [\u2026]<\/span><\/p>\n","protected":false},"featured_media":0,"template":"","meta":{"_monsterinsights_skip_tracking":false,"_monsterinsights_sitenote_active":false,"_monsterinsights_sitenote_note":"","_monsterinsights_sitenote_category":0},"product_brand":[],"product_cat":[13059,12337],"product_tag":[],"class_list":{"0":"post-718787","1":"product","2":"type-product","3":"status-publish","5":"product_cat-diger-politika-siyaset","6":"product_cat-politika-siyaset","7":"pa_cilt-ciltsiz","8":"pa_tur-kitap","9":"pa_yayinevi-iletisim-yayinlari","10":"pa_yazar-chantal-mouffe","12":"first","13":"instock","14":"sale","15":"shipping-taxable","16":"purchasable","17":"product-type-simple"},"_links":{"self":[{"href":"https:\/\/roveyayinevi.com.tr\/index.php\/wp-json\/wp\/v2\/product\/718787","targetHints":{"allow":["GET"]}}],"collection":[{"href":"https:\/\/roveyayinevi.com.tr\/index.php\/wp-json\/wp\/v2\/product"}],"about":[{"href":"https:\/\/roveyayinevi.com.tr\/index.php\/wp-json\/wp\/v2\/types\/product"}],"wp:attachment":[{"href":"https:\/\/roveyayinevi.com.tr\/index.php\/wp-json\/wp\/v2\/media?parent=718787"}],"wp:term":[{"taxonomy":"product_brand","embeddable":true,"href":"https:\/\/roveyayinevi.com.tr\/index.php\/wp-json\/wp\/v2\/product_brand?post=718787"},{"taxonomy":"product_cat","embeddable":true,"href":"https:\/\/roveyayinevi.com.tr\/index.php\/wp-json\/wp\/v2\/product_cat?post=718787"},{"taxonomy":"product_tag","embeddable":true,"href":"https:\/\/roveyayinevi.com.tr\/index.php\/wp-json\/wp\/v2\/product_tag?post=718787"}],"curies":[{"name":"wp","href":"https:\/\/api.w.org\/{rel}","templated":true}]}}