{"id":718774,"date":"2025-08-27T18:13:28","date_gmt":"2025-08-27T15:13:28","guid":{"rendered":"https:\/\/roveyayinevi.com.tr\/index.php\/urun\/iyi-geceler\/"},"modified":"2026-04-16T02:26:49","modified_gmt":"2026-04-15T23:26:49","slug":"iyi-geceler","status":"publish","type":"product","link":"https:\/\/roveyayinevi.com.tr\/index.php\/urun\/iyi-geceler\/","title":{"rendered":"\u0130yi Geceler"},"content":{"rendered":"<p>Bu bir hik\u00e2ye i\u00e7inde hik\u00e2ye i\u00e7inde hik\u00e2ye i\u00e7inde hik\u00e2ye&#8230; Tam da iyi geceler demeden \u00f6nce, Tav\u015fan Tata, yavrular\u0131na Fil Jumbo\u2019nun, Fil Jumbo, yavrular\u0131na Penguen Pena\u2019n\u0131n, Penguen Pena, yavrular\u0131na Yunus Ege\u2019nin, Yunus Ege de yavrular\u0131na Tav\u015fan Tata\u2019n\u0131n hik\u00e2yesini anlat\u0131yor. Uyku \u00f6ncesi al\u0131\u015fkanl\u0131klar\u0131n\u0131n asl\u0131nda ne kadar evrensel oldu\u011funu g\u00f6steren, ritornello \u2013periyodik tekrar\u2013 tekni\u011fiyle kaleme al\u0131nm\u0131\u015f tatl\u0131 bir iyi geceler hik\u00e2yesi. <\/p>\n","protected":false},"excerpt":{"rendered":"<p>Bu bir hik\u00e2ye i\u00e7inde hik\u00e2ye i\u00e7inde hik\u00e2ye i\u00e7inde hik\u00e2ye&#8230; Tam da iyi geceler demeden \u00f6nce, Tav\u015fan Tata, yavrular\u0131na Fil Jumbo\u2019nun, Fil Jumbo, yavrular\u0131na Penguen Pena\u2019n\u0131n, Penguen<span class=\"excerpt-hellip\"> [\u2026]<\/span><\/p>\n","protected":false},"featured_media":0,"template":"","meta":{"_monsterinsights_skip_tracking":false,"_monsterinsights_sitenote_active":false,"_monsterinsights_sitenote_note":"","_monsterinsights_sitenote_category":0},"product_brand":[],"product_cat":[12913,12274],"product_tag":[],"class_list":{"0":"post-718774","1":"product","2":"type-product","3":"status-publish","5":"product_cat-3-6-yas-kitaplari","6":"product_cat-cocuk-ve-genclik-kitaplari","7":"pa_cilt-ciltsiz","8":"pa_tur-kitap","9":"pa_yayinevi-domingo-yayinevi","10":"pa_yazar-laurence-gillot-thomine-philippe","12":"first","13":"instock","14":"sale","15":"shipping-taxable","16":"purchasable","17":"product-type-simple"},"_links":{"self":[{"href":"https:\/\/roveyayinevi.com.tr\/index.php\/wp-json\/wp\/v2\/product\/718774","targetHints":{"allow":["GET"]}}],"collection":[{"href":"https:\/\/roveyayinevi.com.tr\/index.php\/wp-json\/wp\/v2\/product"}],"about":[{"href":"https:\/\/roveyayinevi.com.tr\/index.php\/wp-json\/wp\/v2\/types\/product"}],"wp:attachment":[{"href":"https:\/\/roveyayinevi.com.tr\/index.php\/wp-json\/wp\/v2\/media?parent=718774"}],"wp:term":[{"taxonomy":"product_brand","embeddable":true,"href":"https:\/\/roveyayinevi.com.tr\/index.php\/wp-json\/wp\/v2\/product_brand?post=718774"},{"taxonomy":"product_cat","embeddable":true,"href":"https:\/\/roveyayinevi.com.tr\/index.php\/wp-json\/wp\/v2\/product_cat?post=718774"},{"taxonomy":"product_tag","embeddable":true,"href":"https:\/\/roveyayinevi.com.tr\/index.php\/wp-json\/wp\/v2\/product_tag?post=718774"}],"curies":[{"name":"wp","href":"https:\/\/api.w.org\/{rel}","templated":true}]}}