{"id":718764,"date":"2025-08-27T18:13:21","date_gmt":"2025-08-27T15:13:21","guid":{"rendered":"https:\/\/roveyayinevi.com.tr\/index.php\/urun\/turk-dusuncesinde-ziya-gokalp\/"},"modified":"2026-04-16T02:26:49","modified_gmt":"2026-04-15T23:26:49","slug":"turk-dusuncesinde-ziya-gokalp","status":"publish","type":"product","link":"https:\/\/roveyayinevi.com.tr\/index.php\/urun\/turk-dusuncesinde-ziya-gokalp\/","title":{"rendered":"T\u00fcrk D\u00fc\u015f\u00fcncesinde Ziya G\u00f6kalp"},"content":{"rendered":"<p>Ziya G\u00f6kalp, 20. as\u0131r T\u00fcrk d\u00fc\u015f\u00fcncesinin en dikkate \u015fayan ve en b\u00fcy\u00fck \u015fahsiyetlerinden birisidir. Fikriyat\u0131nda g\u00f6r\u00fclebilen baz\u0131 tezatlara ra\u011fmen Ziya G\u00f6kalp, Osmanl\u0131 \u0130mparatorlu\u011fu\u2019nun son devresi fikir hayat\u0131na damga vurmu\u015f bir d\u00fc\u015f\u00fcn\u00fcrd\u00fcr. K\u0131sa \u00f6mr\u00fcne bir\u00e7ok eser s\u0131\u011fd\u0131rm\u0131\u015f, bir\u00e7ok meseleye el atm\u0131\u015ft\u0131r.Ziya G\u00f6kalp esas olarak bir Osmanl\u0131 m\u00fcnevveridir. Birka\u00e7 padi\u015fah g\u00f6rm\u00fc\u015f, hem saltanat hem de cumhuriyet rejimlerine \u015fahit olmu\u015f, yani muazzam bir imparatorlu\u011fun y\u0131k\u0131l\u0131\u015f\u0131 ve k\u00fcllerinden yeni bir devletin kurulu\u015fu onun hayat m\u00fcddetinde vuku bulmu\u015ftur.Ziya G\u00f6kalp\u2019\u0131 as\u0131l b\u00fcy\u00fck yapan tavizsiz bir milliyet\u00e7i ve vatanperver olu\u015fudur. \u0130\u015fte bu y\u00f6n\u00fcd\u00fcr ki, herhangi bir ideale saplan\u0131p kalmadan T\u00fcrk Milleti\u2019nin menfaatleri neyi gerektiriyorsa, milleti y\u0131k\u0131ma g\u00f6t\u00fcrece\u011fi belli olan o fel\u00e2ketli vaziyetten kurtarmak i\u00e7in neye ihtiya\u00e7 varsa, onu m\u00fcdafaa etmi\u015ftir. Yani mill\u00ee menfaat onda her zaman fikir ve aksiyonu tayin eden unsur olmu\u015ftur. Nitekim, Balkan fel\u00e2ketine kadar Osmanl\u0131c\u0131 olan Ziya G\u00f6kalp, bundan sonra M\u00fcsl\u00fcman tebaay\u0131 imparatorluk i\u00e7inde tutma endi\u015fesiyle \u0130sl\u00e2mc\u0131lara da sempatiyle yakla\u015fm\u0131\u015f ve saf T\u00fcrk\u00e7\u00fcl\u00fc\u011fe ancak Arap unsurunun imparatorluktan kopmas\u0131ndan sonra ula\u015fm\u0131\u015f.G\u00f6kalp\u2019te fikir her zaman milletin \u00e2li menfaatlerinin hizmetinde olmu\u015ftur. Onu b\u00fcy\u00fck yapan da as\u0131l budur.\u0130\u015fte bu \u00e7al\u0131\u015fmada Etem \u00c7al\u0131k, G\u00f6kalp fikriyat\u0131n\u0131n omurgas\u0131n\u0131 te\u015fkil eden T\u00fcrk\u00e7\u00fcl\u00fck-\u0130sl\u00e2mc\u0131l\u0131k ve Medeniyet\u00e7ilik anlay\u0131\u015f\u0131n\u0131n devre devre nas\u0131l de\u011fi\u015fti\u011fini ve bu anlay\u0131\u015f\u0131n sonunda nas\u0131l bir h\u00e2l \u00e7aresiyle neticelendi\u011fini incelemi\u015ftir.<\/p>\n","protected":false},"excerpt":{"rendered":"<p>Ziya G\u00f6kalp, 20. as\u0131r T\u00fcrk d\u00fc\u015f\u00fcncesinin en dikkate \u015fayan ve en b\u00fcy\u00fck \u015fahsiyetlerinden birisidir. Fikriyat\u0131nda g\u00f6r\u00fclebilen baz\u0131 tezatlara ra\u011fmen Ziya G\u00f6kalp, Osmanl\u0131 \u0130mparatorlu\u011fu\u2019nun son devresi fikir<span class=\"excerpt-hellip\"> [\u2026]<\/span><\/p>\n","protected":false},"featured_media":0,"template":"","meta":{"_monsterinsights_skip_tracking":false,"_monsterinsights_sitenote_active":false,"_monsterinsights_sitenote_note":"","_monsterinsights_sitenote_category":0},"product_brand":[],"product_cat":[14009,12291],"product_tag":[],"class_list":{"0":"post-718764","1":"product","2":"type-product","3":"status-publish","5":"product_cat-biyografi-otobiyografi-edebiyat","6":"product_cat-edebiyat","7":"pa_cilt-ciltsiz","8":"pa_tur-kitap","9":"pa_yayinevi-otuken-nesriyat","10":"pa_yazar-etem-calik","12":"first","13":"instock","14":"sale","15":"shipping-taxable","16":"purchasable","17":"product-type-simple"},"_links":{"self":[{"href":"https:\/\/roveyayinevi.com.tr\/index.php\/wp-json\/wp\/v2\/product\/718764","targetHints":{"allow":["GET"]}}],"collection":[{"href":"https:\/\/roveyayinevi.com.tr\/index.php\/wp-json\/wp\/v2\/product"}],"about":[{"href":"https:\/\/roveyayinevi.com.tr\/index.php\/wp-json\/wp\/v2\/types\/product"}],"wp:attachment":[{"href":"https:\/\/roveyayinevi.com.tr\/index.php\/wp-json\/wp\/v2\/media?parent=718764"}],"wp:term":[{"taxonomy":"product_brand","embeddable":true,"href":"https:\/\/roveyayinevi.com.tr\/index.php\/wp-json\/wp\/v2\/product_brand?post=718764"},{"taxonomy":"product_cat","embeddable":true,"href":"https:\/\/roveyayinevi.com.tr\/index.php\/wp-json\/wp\/v2\/product_cat?post=718764"},{"taxonomy":"product_tag","embeddable":true,"href":"https:\/\/roveyayinevi.com.tr\/index.php\/wp-json\/wp\/v2\/product_tag?post=718764"}],"curies":[{"name":"wp","href":"https:\/\/api.w.org\/{rel}","templated":true}]}}