{"id":718755,"date":"2025-08-27T18:13:15","date_gmt":"2025-08-27T15:13:15","guid":{"rendered":"https:\/\/roveyayinevi.com.tr\/index.php\/urun\/hukuk-felsefesi-3\/"},"modified":"2026-04-16T02:26:49","modified_gmt":"2026-04-15T23:26:49","slug":"hukuk-felsefesi-3","status":"publish","type":"product","link":"https:\/\/roveyayinevi.com.tr\/index.php\/urun\/hukuk-felsefesi-3\/","title":{"rendered":"Hukuk Felsefesi"},"content":{"rendered":"<p>David Bruce Ingram, bu eserinde, Anglo-Amerikan ve K\u0131ta-Avrupas\u0131 felsefelerine dayanarak hukuk felsefesinin kilit d\u00fc\u015f\u00fcn\u00fcrleri Rousseau, Hobbes, Austin, Hegel, Mill, Marx, Dworkin ve Rawls\u2019\u0131n \u00e7al\u0131\u015fmalar\u0131n\u0131 \u00f6zetlemekte; ceza hukuku, medeni hukuk ve anayasal hukuk gibi merkez\u00ee \u00f6neme sahip konular\u0131, uluslararas\u0131 hukuk, \u0131rk ve cinsiyet sorunlar\u0131 ile birlikte ele almaktad\u0131r.Eserleri bir\u00e7ok dile \u00e7evrilen, Amerikan felsefeci David Bruce Ingram\u2019\u0131n Hukuk Felsefesi kitab\u0131, kapsaml\u0131 i\u00e7eri\u011fi, anla\u015f\u0131l\u0131r ve veciz \u00fcslubu ile hukuk felsefesinin temel sorunlar\u0131na giri\u015f yapmak isteyenler i\u00e7in ideal bir tart\u0131\u015fma ortam\u0131 yaratmaktad\u0131r.<\/p>\n","protected":false},"excerpt":{"rendered":"<p>David Bruce Ingram, bu eserinde, Anglo-Amerikan ve K\u0131ta-Avrupas\u0131 felsefelerine dayanarak hukuk felsefesinin kilit d\u00fc\u015f\u00fcn\u00fcrleri Rousseau, Hobbes, Austin, Hegel, Mill, Marx, Dworkin ve Rawls\u2019\u0131n \u00e7al\u0131\u015fmalar\u0131n\u0131 \u00f6zetlemekte; ceza<span class=\"excerpt-hellip\"> [\u2026]<\/span><\/p>\n","protected":false},"featured_media":0,"template":"","meta":{"_monsterinsights_skip_tracking":false,"_monsterinsights_sitenote_active":false,"_monsterinsights_sitenote_note":"","_monsterinsights_sitenote_category":0},"product_brand":[],"product_cat":[12389,12388],"product_tag":[],"class_list":{"0":"post-718755","1":"product","2":"type-product","3":"status-publish","5":"product_cat-diger-felsefe","6":"product_cat-felsefe","7":"pa_cilt-ciltsiz","8":"pa_tur-kitap","9":"pa_yayinevi-fol-kitap","10":"pa_yazar-david-bruce-ingram","12":"first","13":"instock","14":"sale","15":"shipping-taxable","16":"purchasable","17":"product-type-simple"},"_links":{"self":[{"href":"https:\/\/roveyayinevi.com.tr\/index.php\/wp-json\/wp\/v2\/product\/718755","targetHints":{"allow":["GET"]}}],"collection":[{"href":"https:\/\/roveyayinevi.com.tr\/index.php\/wp-json\/wp\/v2\/product"}],"about":[{"href":"https:\/\/roveyayinevi.com.tr\/index.php\/wp-json\/wp\/v2\/types\/product"}],"wp:attachment":[{"href":"https:\/\/roveyayinevi.com.tr\/index.php\/wp-json\/wp\/v2\/media?parent=718755"}],"wp:term":[{"taxonomy":"product_brand","embeddable":true,"href":"https:\/\/roveyayinevi.com.tr\/index.php\/wp-json\/wp\/v2\/product_brand?post=718755"},{"taxonomy":"product_cat","embeddable":true,"href":"https:\/\/roveyayinevi.com.tr\/index.php\/wp-json\/wp\/v2\/product_cat?post=718755"},{"taxonomy":"product_tag","embeddable":true,"href":"https:\/\/roveyayinevi.com.tr\/index.php\/wp-json\/wp\/v2\/product_tag?post=718755"}],"curies":[{"name":"wp","href":"https:\/\/api.w.org\/{rel}","templated":true}]}}