{"id":718752,"date":"2025-08-27T18:13:14","date_gmt":"2025-08-27T15:13:14","guid":{"rendered":"https:\/\/roveyayinevi.com.tr\/index.php\/urun\/cagdas-avrupa-felsefesi\/"},"modified":"2026-04-16T02:26:49","modified_gmt":"2026-04-15T23:26:49","slug":"cagdas-avrupa-felsefesi","status":"publish","type":"product","link":"https:\/\/roveyayinevi.com.tr\/index.php\/urun\/cagdas-avrupa-felsefesi\/","title":{"rendered":"\u00c7a\u011fda\u015f Avrupa Felsefesi"},"content":{"rendered":"<p>\u00c7a\u011fda\u015f Avrupa Felsefesi, 20. y\u00fczy\u0131l\u0131n ba\u015f\u0131ndan itibaren Avrupa\u2019da ortaya \u00e7\u0131kan felsefe ak\u0131mlar\u0131n\u0131n genel bir g\u00f6r\u00fcn\u00fcm\u00fcn\u00fc vermeyi ama\u00e7l\u0131yor. J. M. Bochenski, \u00c7a\u011fda\u015f Avrupa Felsefesi\u2019nde, \u00e7a\u011f\u0131m\u0131z felsefi d\u00fc\u015f\u00fcncesinin kurucu d\u00fc\u015f\u00fcn\u00fcrleri Russell, Husserl, Heidegger, Sartre, Wittgenstein ve Whitehead gibi filozoflar\u0131n varl\u0131k, bilgi ve de\u011fer felsefelerini ele al\u0131yor. Bunun yan\u0131 s\u0131ra yazar, \u00e7a\u011fda\u015f felsefenin k\u00f6kenlerini ve b\u00fcy\u00fck ak\u0131mlar\u0131ndan diyalektik materyalizm, yeni-Kant\u00e7\u0131l\u0131k, Bergsonculuk ve pragmatizmin, tarihsel k\u0131r\u0131lma noktalar\u0131 i\u00e7erisindeki yerlerini ve temel savlar\u0131n\u0131 serimliyor.J. M. Bochenski, yal\u0131n bir \u00fcslupla ve \u00e7al\u0131\u015fmas\u0131n\u0131n s\u0131n\u0131rlar\u0131n\u0131 en ba\u015f\u0131ndan \u00e7izerek, felsefeyle ilgilenen herkese \u00c7a\u011fda\u015f Avrupa Felsefesi\u2019nin bir panoramas\u0131n\u0131 sunuyor. Bir\u00e7ok dile de \u00e7evrilmi\u015f olan bu de\u011ferli \u00e7al\u0131\u015fmay\u0131, Serdar Rifat K\u0131rko\u011flu \u00e7evirisi ile sunuyoruz.<\/p>\n","protected":false},"excerpt":{"rendered":"<p>\u00c7a\u011fda\u015f Avrupa Felsefesi, 20. y\u00fczy\u0131l\u0131n ba\u015f\u0131ndan itibaren Avrupa\u2019da ortaya \u00e7\u0131kan felsefe ak\u0131mlar\u0131n\u0131n genel bir g\u00f6r\u00fcn\u00fcm\u00fcn\u00fc vermeyi ama\u00e7l\u0131yor. J. M. Bochenski, \u00c7a\u011fda\u015f Avrupa Felsefesi\u2019nde, \u00e7a\u011f\u0131m\u0131z felsefi d\u00fc\u015f\u00fcncesinin<span class=\"excerpt-hellip\"> [\u2026]<\/span><\/p>\n","protected":false},"featured_media":0,"template":"","meta":{"_monsterinsights_skip_tracking":false,"_monsterinsights_sitenote_active":false,"_monsterinsights_sitenote_note":"","_monsterinsights_sitenote_category":0},"product_brand":[],"product_cat":[16038,12388],"product_tag":[],"class_list":{"0":"post-718752","1":"product","2":"type-product","3":"status-publish","5":"product_cat-arastirma-inceleme-referans-felsefe","6":"product_cat-felsefe","7":"pa_cilt-ciltsiz","8":"pa_tur-kitap","9":"pa_yayinevi-fol-kitap","10":"pa_yazar-jozef-maria-bochenski","12":"first","13":"instock","14":"sale","15":"shipping-taxable","16":"purchasable","17":"product-type-simple"},"_links":{"self":[{"href":"https:\/\/roveyayinevi.com.tr\/index.php\/wp-json\/wp\/v2\/product\/718752","targetHints":{"allow":["GET"]}}],"collection":[{"href":"https:\/\/roveyayinevi.com.tr\/index.php\/wp-json\/wp\/v2\/product"}],"about":[{"href":"https:\/\/roveyayinevi.com.tr\/index.php\/wp-json\/wp\/v2\/types\/product"}],"wp:attachment":[{"href":"https:\/\/roveyayinevi.com.tr\/index.php\/wp-json\/wp\/v2\/media?parent=718752"}],"wp:term":[{"taxonomy":"product_brand","embeddable":true,"href":"https:\/\/roveyayinevi.com.tr\/index.php\/wp-json\/wp\/v2\/product_brand?post=718752"},{"taxonomy":"product_cat","embeddable":true,"href":"https:\/\/roveyayinevi.com.tr\/index.php\/wp-json\/wp\/v2\/product_cat?post=718752"},{"taxonomy":"product_tag","embeddable":true,"href":"https:\/\/roveyayinevi.com.tr\/index.php\/wp-json\/wp\/v2\/product_tag?post=718752"}],"curies":[{"name":"wp","href":"https:\/\/api.w.org\/{rel}","templated":true}]}}