{"id":718750,"date":"2025-08-27T18:13:12","date_gmt":"2025-08-27T15:13:12","guid":{"rendered":"https:\/\/roveyayinevi.com.tr\/index.php\/urun\/uzay-boyama-kitabi\/"},"modified":"2026-04-16T02:26:49","modified_gmt":"2026-04-15T23:26:49","slug":"uzay-boyama-kitabi","status":"publish","type":"product","link":"https:\/\/roveyayinevi.com.tr\/index.php\/urun\/uzay-boyama-kitabi\/","title":{"rendered":"Uzay Boyama Kitab\u0131"},"content":{"rendered":"<p>G\u00fcne\u015f Sistemi\u2019ne bir yolculuk yapmaya haz\u0131r m\u0131s\u0131n? Ay\u2019a, J\u00fcpiter\u2019e, Sat\u00fcrn\u2019e u\u011fray\u0131p sevimli astronotlarla, uzayl\u0131larla tan\u0131\u015fmaya? Ser\u00fcven ba\u015fl\u0131yor. Yapman gereken, sayfalar\u0131 istedi\u011fin gibi boyamak. \u0130yi yolculuklar\u2026 Nazl\u0131 Tunal\u0131\u2019n\u0131n tasarlay\u0131p \u00e7izdi\u011fi boyama kitab\u0131m\u0131z, \u00e7e\u015fitli uzay sahneleri, de\u011fi\u015fik yarat\u0131klar\u0131 ve \u00e7\u0131k\u0131nt\u0131l\u0131 sayfa kenarlar\u0131yla, \u00e7ocuklara \u00f6zg\u00fcn ve keyifli bir etkinlik olana\u011f\u0131 sunuyor. <\/p>\n","protected":false},"excerpt":{"rendered":"<p>G\u00fcne\u015f Sistemi\u2019ne bir yolculuk yapmaya haz\u0131r m\u0131s\u0131n? Ay\u2019a, J\u00fcpiter\u2019e, Sat\u00fcrn\u2019e u\u011fray\u0131p sevimli astronotlarla, uzayl\u0131larla tan\u0131\u015fmaya? Ser\u00fcven ba\u015fl\u0131yor. Yapman gereken, sayfalar\u0131 istedi\u011fin gibi boyamak. \u0130yi yolculuklar\u2026 Nazl\u0131<span class=\"excerpt-hellip\"> [\u2026]<\/span><\/p>\n","protected":false},"featured_media":0,"template":"","meta":{"_monsterinsights_skip_tracking":false,"_monsterinsights_sitenote_active":false,"_monsterinsights_sitenote_note":"","_monsterinsights_sitenote_category":0},"product_brand":[],"product_cat":[12644,12274],"product_tag":[],"class_list":{"0":"post-718750","1":"product","2":"type-product","3":"status-publish","5":"product_cat-boyama-kitaplari","6":"product_cat-cocuk-ve-genclik-kitaplari","7":"pa_cilt-ciltsiz","8":"pa_tur-kitap","9":"pa_yayinevi-potikare-yayincilik","10":"pa_yazar-nazli-tunali","12":"first","13":"instock","14":"sale","15":"shipping-taxable","16":"purchasable","17":"product-type-simple"},"_links":{"self":[{"href":"https:\/\/roveyayinevi.com.tr\/index.php\/wp-json\/wp\/v2\/product\/718750","targetHints":{"allow":["GET"]}}],"collection":[{"href":"https:\/\/roveyayinevi.com.tr\/index.php\/wp-json\/wp\/v2\/product"}],"about":[{"href":"https:\/\/roveyayinevi.com.tr\/index.php\/wp-json\/wp\/v2\/types\/product"}],"wp:attachment":[{"href":"https:\/\/roveyayinevi.com.tr\/index.php\/wp-json\/wp\/v2\/media?parent=718750"}],"wp:term":[{"taxonomy":"product_brand","embeddable":true,"href":"https:\/\/roveyayinevi.com.tr\/index.php\/wp-json\/wp\/v2\/product_brand?post=718750"},{"taxonomy":"product_cat","embeddable":true,"href":"https:\/\/roveyayinevi.com.tr\/index.php\/wp-json\/wp\/v2\/product_cat?post=718750"},{"taxonomy":"product_tag","embeddable":true,"href":"https:\/\/roveyayinevi.com.tr\/index.php\/wp-json\/wp\/v2\/product_tag?post=718750"}],"curies":[{"name":"wp","href":"https:\/\/api.w.org\/{rel}","templated":true}]}}