{"id":718739,"date":"2025-08-27T18:13:06","date_gmt":"2025-08-27T15:13:06","guid":{"rendered":"https:\/\/roveyayinevi.com.tr\/index.php\/urun\/croce-estetigi\/"},"modified":"2026-04-16T02:26:49","modified_gmt":"2026-04-15T23:26:49","slug":"croce-estetigi","status":"publish","type":"product","link":"https:\/\/roveyayinevi.com.tr\/index.php\/urun\/croce-estetigi\/","title":{"rendered":"Croce Esteti\u011fi"},"content":{"rendered":"<p>\u2018Sezgi bilgisi\u2019 ve \u2018kavram bilgisi\u2019 aras\u0131ndaki fark nedir? Croce\u2019nin dil ve bilgi felsefesinde \u2018ifade\u2019 kavram\u0131n\u0131n yeri nedir? Genel sezgiden farkl\u0131 bir \u2018sanat sezgisi\u2019 var m\u0131d\u0131r? Croce\u2019ye g\u00f6re \u2018duygu fenomeni\u2019 neyi anlat\u0131r? Croce\u2019nin, Schiller esteti\u011fi ve \u2018Oyun Teorisi\u2019 ele\u015ftirisi nedir?   De\u011ferli estetik kuramc\u0131m\u0131z \u0130smail Tunal\u0131\u2019n\u0131n kaleme ald\u0131\u011f\u0131 Croce Esteti\u011fi eserinde, t\u00fcm bu sorular ile birlikte \u0130talyan filozof BenedettoCroce\u2019nin estetik, dil ve bilgi felsefesi de ele al\u0131nacakt\u0131r<\/p>\n","protected":false},"excerpt":{"rendered":"<p>\u2018Sezgi bilgisi\u2019 ve \u2018kavram bilgisi\u2019 aras\u0131ndaki fark nedir? Croce\u2019nin dil ve bilgi felsefesinde \u2018ifade\u2019 kavram\u0131n\u0131n yeri nedir? Genel sezgiden farkl\u0131 bir \u2018sanat sezgisi\u2019 var m\u0131d\u0131r? Croce\u2019ye<span class=\"excerpt-hellip\"> [\u2026]<\/span><\/p>\n","protected":false},"featured_media":0,"template":"","meta":{"_monsterinsights_skip_tracking":false,"_monsterinsights_sitenote_active":false,"_monsterinsights_sitenote_note":"","_monsterinsights_sitenote_category":0},"product_brand":[],"product_cat":[22741,12388],"product_tag":[],"class_list":{"0":"post-718739","1":"product","2":"type-product","3":"status-publish","5":"product_cat-estetik","6":"product_cat-felsefe","7":"pa_cilt-ciltsiz","8":"pa_tur-kitap","9":"pa_yayinevi-fol-kitap","10":"pa_yazar-ismail-tunali","12":"first","13":"instock","14":"sale","15":"shipping-taxable","16":"purchasable","17":"product-type-simple"},"_links":{"self":[{"href":"https:\/\/roveyayinevi.com.tr\/index.php\/wp-json\/wp\/v2\/product\/718739","targetHints":{"allow":["GET"]}}],"collection":[{"href":"https:\/\/roveyayinevi.com.tr\/index.php\/wp-json\/wp\/v2\/product"}],"about":[{"href":"https:\/\/roveyayinevi.com.tr\/index.php\/wp-json\/wp\/v2\/types\/product"}],"wp:attachment":[{"href":"https:\/\/roveyayinevi.com.tr\/index.php\/wp-json\/wp\/v2\/media?parent=718739"}],"wp:term":[{"taxonomy":"product_brand","embeddable":true,"href":"https:\/\/roveyayinevi.com.tr\/index.php\/wp-json\/wp\/v2\/product_brand?post=718739"},{"taxonomy":"product_cat","embeddable":true,"href":"https:\/\/roveyayinevi.com.tr\/index.php\/wp-json\/wp\/v2\/product_cat?post=718739"},{"taxonomy":"product_tag","embeddable":true,"href":"https:\/\/roveyayinevi.com.tr\/index.php\/wp-json\/wp\/v2\/product_tag?post=718739"}],"curies":[{"name":"wp","href":"https:\/\/api.w.org\/{rel}","templated":true}]}}