{"id":718732,"date":"2025-08-27T18:13:01","date_gmt":"2025-08-27T15:13:01","guid":{"rendered":"https:\/\/roveyayinevi.com.tr\/index.php\/urun\/baykuslara-neden-guvenmemeliyiz\/"},"modified":"2026-04-11T02:33:40","modified_gmt":"2026-04-10T23:33:40","slug":"baykuslara-neden-guvenmemeliyiz","status":"publish","type":"product","link":"https:\/\/roveyayinevi.com.tr\/index.php\/urun\/baykuslara-neden-guvenmemeliyiz\/","title":{"rendered":"Bayku\u015flara Neden G\u00fcvenmemeliyiz"},"content":{"rendered":"<p>Siz beni y\u00fcksek sesle \u00e7a\u011f\u0131rmay\u0131n Bug\u00fcn ad\u0131ma ku\u015f kondu <\/p>\n","protected":false},"excerpt":{"rendered":"<p>Siz beni y\u00fcksek sesle \u00e7a\u011f\u0131rmay\u0131n Bug\u00fcn ad\u0131ma ku\u015f kondu<\/p>\n","protected":false},"featured_media":0,"template":"","meta":{"_monsterinsights_skip_tracking":false,"_monsterinsights_sitenote_active":false,"_monsterinsights_sitenote_note":"","_monsterinsights_sitenote_category":0},"product_brand":[],"product_cat":[12291,12509],"product_tag":[],"class_list":{"0":"post-718732","1":"product","2":"type-product","3":"status-publish","5":"product_cat-edebiyat","6":"product_cat-siir","7":"pa_cilt-ciltsiz","8":"pa_tur-kitap","9":"pa_yayinevi-bencekitap","10":"pa_yazar-ozan-ugras","12":"first","13":"instock","14":"sale","15":"shipping-taxable","16":"purchasable","17":"product-type-simple"},"_links":{"self":[{"href":"https:\/\/roveyayinevi.com.tr\/index.php\/wp-json\/wp\/v2\/product\/718732","targetHints":{"allow":["GET"]}}],"collection":[{"href":"https:\/\/roveyayinevi.com.tr\/index.php\/wp-json\/wp\/v2\/product"}],"about":[{"href":"https:\/\/roveyayinevi.com.tr\/index.php\/wp-json\/wp\/v2\/types\/product"}],"wp:attachment":[{"href":"https:\/\/roveyayinevi.com.tr\/index.php\/wp-json\/wp\/v2\/media?parent=718732"}],"wp:term":[{"taxonomy":"product_brand","embeddable":true,"href":"https:\/\/roveyayinevi.com.tr\/index.php\/wp-json\/wp\/v2\/product_brand?post=718732"},{"taxonomy":"product_cat","embeddable":true,"href":"https:\/\/roveyayinevi.com.tr\/index.php\/wp-json\/wp\/v2\/product_cat?post=718732"},{"taxonomy":"product_tag","embeddable":true,"href":"https:\/\/roveyayinevi.com.tr\/index.php\/wp-json\/wp\/v2\/product_tag?post=718732"}],"curies":[{"name":"wp","href":"https:\/\/api.w.org\/{rel}","templated":true}]}}