{"id":718729,"date":"2025-08-27T18:12:59","date_gmt":"2025-08-27T15:12:59","guid":{"rendered":"https:\/\/roveyayinevi.com.tr\/index.php\/urun\/beyaz-taslar-diyarinda-panik\/"},"modified":"2026-04-16T02:26:48","modified_gmt":"2026-04-15T23:26:48","slug":"beyaz-taslar-diyarinda-panik","status":"publish","type":"product","link":"https:\/\/roveyayinevi.com.tr\/index.php\/urun\/beyaz-taslar-diyarinda-panik\/","title":{"rendered":"Beyaz Ta\u015flar Diyar\u0131nda Panik"},"content":{"rendered":"<p>Beyaz ve siyah piyonlar satran\u00e7 tahtas\u0131 \u00fczerinde bir oraya bir buraya gezinip dururlar. Onlar\u0131n en sevdi\u011fi oyundur bu. \u0130leri, geri, \u00e7apraz ve daha bir\u00e7ok hamleyle birbirlerini yenmeye \u00e7al\u0131\u015f\u0131rken \u00e7ok e\u011flenirler. Ama g\u00fcn gelir beyaz piyonlar gidecekleri yollar\u0131 unuturlarsa neler olur dersiniz? Siyah ta\u015flarla o en sevdikleri oyunlar\u0131 oynamak art\u0131k biraz zor olmaz m\u0131? Kurallar, beyaz ta\u015flar\u0131n ak\u0131llar\u0131ndan u\u00e7up gitmi\u015f olabilir ama neyse ki satran\u00e7 tutkunu Ela, b\u00fct\u00fcn beyaz ta\u015flar\u0131 toplay\u0131p hepsinin kurallar\u0131 yeniden hat\u0131rlamalar\u0131 i\u00e7in onlar\u0131 \u00e7al\u0131\u015ft\u0131r\u0131r. Ela beyaz ta\u015flar diyar\u0131nda en sevdi\u011fi oyun olan satran\u00e7 \u00f6\u011fretmenin tad\u0131n\u0131 \u00e7\u0131kar\u0131rken bu ta\u015flar\u0131n nas\u0131l olup da kurallar\u0131 unuttu\u011funu da bulmaya \u00e7al\u0131\u015f\u0131r. Beyaz ve siyah ta\u015flar\u0131n kar\u015f\u0131la\u015fma g\u00fcn\u00fc geldi\u011findeyse baz\u0131 s\u0131rlar ortaya \u00e7\u0131kar ve beyaz ta\u015flar\u0131n kurallar\u0131 neden unuttuklar\u0131n\u0131 \u00f6\u011freniriz.  <\/p>\n","protected":false},"excerpt":{"rendered":"<p>Beyaz ve siyah piyonlar satran\u00e7 tahtas\u0131 \u00fczerinde bir oraya bir buraya gezinip dururlar. Onlar\u0131n en sevdi\u011fi oyundur bu. \u0130leri, geri, \u00e7apraz ve daha bir\u00e7ok hamleyle birbirlerini<span class=\"excerpt-hellip\"> [\u2026]<\/span><\/p>\n","protected":false},"featured_media":0,"template":"","meta":{"_monsterinsights_skip_tracking":false,"_monsterinsights_sitenote_active":false,"_monsterinsights_sitenote_note":"","_monsterinsights_sitenote_category":0},"product_brand":[],"product_cat":[12274,12284],"product_tag":[],"class_list":{"0":"post-718729","1":"product","2":"type-product","3":"status-publish","5":"product_cat-cocuk-ve-genclik-kitaplari","6":"product_cat-hikayeler","7":"pa_cilt-ciltsiz","8":"pa_tur-kitap","9":"pa_yayinevi-dinozor-cocuk","10":"pa_yazar-nil-prottel","12":"first","13":"instock","14":"sale","15":"shipping-taxable","16":"purchasable","17":"product-type-simple"},"_links":{"self":[{"href":"https:\/\/roveyayinevi.com.tr\/index.php\/wp-json\/wp\/v2\/product\/718729","targetHints":{"allow":["GET"]}}],"collection":[{"href":"https:\/\/roveyayinevi.com.tr\/index.php\/wp-json\/wp\/v2\/product"}],"about":[{"href":"https:\/\/roveyayinevi.com.tr\/index.php\/wp-json\/wp\/v2\/types\/product"}],"wp:attachment":[{"href":"https:\/\/roveyayinevi.com.tr\/index.php\/wp-json\/wp\/v2\/media?parent=718729"}],"wp:term":[{"taxonomy":"product_brand","embeddable":true,"href":"https:\/\/roveyayinevi.com.tr\/index.php\/wp-json\/wp\/v2\/product_brand?post=718729"},{"taxonomy":"product_cat","embeddable":true,"href":"https:\/\/roveyayinevi.com.tr\/index.php\/wp-json\/wp\/v2\/product_cat?post=718729"},{"taxonomy":"product_tag","embeddable":true,"href":"https:\/\/roveyayinevi.com.tr\/index.php\/wp-json\/wp\/v2\/product_tag?post=718729"}],"curies":[{"name":"wp","href":"https:\/\/api.w.org\/{rel}","templated":true}]}}