{"id":718723,"date":"2025-08-27T18:12:54","date_gmt":"2025-08-27T15:12:54","guid":{"rendered":"https:\/\/roveyayinevi.com.tr\/index.php\/urun\/lejyon-yitik-suretler\/"},"modified":"2026-04-16T02:26:48","modified_gmt":"2026-04-15T23:26:48","slug":"lejyon-yitik-suretler","status":"publish","type":"product","link":"https:\/\/roveyayinevi.com.tr\/index.php\/urun\/lejyon-yitik-suretler\/","title":{"rendered":"Lejyon, Yitik Suretler"},"content":{"rendered":"<p>S\u0131ra d\u0131\u015f\u0131 zihinsel rahats\u0131zl\u0131\u011f\u0131 nedeniyle farkl\u0131 farkl\u0131 ki\u015filikler geli\u015ftirebilen bir adam: Stephen Leeds ya da herkesin onu tan\u0131d\u0131\u011f\u0131 ismiyle Lejyon. Ortaya \u00e7\u0131kard\u0131\u011f\u0131 ki\u015filikler, daha do\u011frusu hal\u00fcsinasyonlar\u0131 pek \u00e7ok alanda dudak u\u00e7uklatan yeteneklere ve bilgiye sahip olmakla kalm\u0131yor, kar\u015f\u0131 kar\u015f\u0131ya kald\u0131\u011f\u0131 farkl\u0131 gizemleri g\u00fcn y\u00fcz\u00fcne \u00e7\u0131karmas\u0131 i\u00e7in Lejyon\u2019a yard\u0131m ediyorlar. \u00dcstelik birbirlerinden haberdarlar ve baz\u0131lar\u0131 da kendisinin bir hal\u00fcsinasyon oldu\u011funu biliyor. Stephen Leeds ve hal\u00fcsinasyonlar\u0131 i\u00e7in i\u015fler hi\u00e7 olmad\u0131\u011f\u0131 kadar zorla\u015f\u0131yor. \u00d6nce Lejyon\u2019un hal\u00fcsinasyonlar\u0131ndan biri olan Armando ortadan kayboluyor, sonra da Stephen\u2019in \u201cdurumuyla\u201d ba\u015fa \u00e7\u0131kmas\u0131 i\u00e7in uzun y\u0131llar \u00f6nce ona yard\u0131mc\u0131 olan Sandra\u2019dan bir yard\u0131m \u00e7a\u011fr\u0131s\u0131 al\u0131yor Lejyon. B\u00fct\u00fcn bu geli\u015fmeler Stephen ve suretlerinin yolunun insanlar\u0131n hapsedilmesi \u00fczerine \u00e7al\u0131\u015fmalar y\u00fcr\u00fcten me\u015fum bir ileri teknoloji \u015firketine d\u00fc\u015fmesine neden oluyor. Brandon Sanderson orijinal, insan\u0131 d\u00fc\u015f\u00fcnmeye sevk eden ve elinizden kolay kolay b\u0131rakamayaca\u011f\u0131n\u0131z hik\u00e2yeler \u00fcretmeye devam ediyor. <\/p>\n","protected":false},"excerpt":{"rendered":"<p>S\u0131ra d\u0131\u015f\u0131 zihinsel rahats\u0131zl\u0131\u011f\u0131 nedeniyle farkl\u0131 farkl\u0131 ki\u015filikler geli\u015ftirebilen bir adam: Stephen Leeds ya da herkesin onu tan\u0131d\u0131\u011f\u0131 ismiyle Lejyon. Ortaya \u00e7\u0131kard\u0131\u011f\u0131 ki\u015filikler, daha do\u011frusu hal\u00fcsinasyonlar\u0131<span class=\"excerpt-hellip\"> [\u2026]<\/span><\/p>\n","protected":false},"featured_media":0,"template":"","meta":{"_monsterinsights_skip_tracking":false,"_monsterinsights_sitenote_active":false,"_monsterinsights_sitenote_note":"","_monsterinsights_sitenote_category":0},"product_brand":[],"product_cat":[12291,12711],"product_tag":[],"class_list":{"0":"post-718723","1":"product","2":"type-product","3":"status-publish","5":"product_cat-edebiyat","6":"product_cat-roman-oyku","7":"pa_cilt-ciltsiz","8":"pa_tur-kitap","9":"pa_yayinevi-akil-celen-kitaplar","10":"pa_yazar-brandon-sanderson","12":"first","13":"instock","14":"sale","15":"shipping-taxable","16":"purchasable","17":"product-type-simple"},"_links":{"self":[{"href":"https:\/\/roveyayinevi.com.tr\/index.php\/wp-json\/wp\/v2\/product\/718723","targetHints":{"allow":["GET"]}}],"collection":[{"href":"https:\/\/roveyayinevi.com.tr\/index.php\/wp-json\/wp\/v2\/product"}],"about":[{"href":"https:\/\/roveyayinevi.com.tr\/index.php\/wp-json\/wp\/v2\/types\/product"}],"wp:attachment":[{"href":"https:\/\/roveyayinevi.com.tr\/index.php\/wp-json\/wp\/v2\/media?parent=718723"}],"wp:term":[{"taxonomy":"product_brand","embeddable":true,"href":"https:\/\/roveyayinevi.com.tr\/index.php\/wp-json\/wp\/v2\/product_brand?post=718723"},{"taxonomy":"product_cat","embeddable":true,"href":"https:\/\/roveyayinevi.com.tr\/index.php\/wp-json\/wp\/v2\/product_cat?post=718723"},{"taxonomy":"product_tag","embeddable":true,"href":"https:\/\/roveyayinevi.com.tr\/index.php\/wp-json\/wp\/v2\/product_tag?post=718723"}],"curies":[{"name":"wp","href":"https:\/\/api.w.org\/{rel}","templated":true}]}}