{"id":718717,"date":"2025-08-27T18:12:50","date_gmt":"2025-08-27T15:12:50","guid":{"rendered":"https:\/\/roveyayinevi.com.tr\/index.php\/urun\/insansin-ve-aksam\/"},"modified":"2026-04-16T02:26:48","modified_gmt":"2026-04-15T23:26:48","slug":"insansin-ve-aksam","status":"publish","type":"product","link":"https:\/\/roveyayinevi.com.tr\/index.php\/urun\/insansin-ve-aksam\/","title":{"rendered":"\u0130nsans\u0131n ve Ak\u015fam"},"content":{"rendered":"<p>Bunu kimseye a\u00e7\u0131klama: ama ilk hata elbette yetimdir. Giderken helallik almay\u0131 unutmu\u015flar\u0131n y\u00fcz\u00fcd\u00fcr, y\u00fcz\u00fcn M\u00fcjdenin geldi\u011fi yerde durmaz bir daha. Ad\u0131 olmayan ve ad\u0131 bilinmeyen her \u015fey Kay\u0131tlara, sonra diye d\u00fc\u015f\u00fclm\u00fc\u015ft\u00fcr.   <\/p>\n","protected":false},"excerpt":{"rendered":"<p>Bunu kimseye a\u00e7\u0131klama: ama ilk hata elbette yetimdir. Giderken helallik almay\u0131 unutmu\u015flar\u0131n y\u00fcz\u00fcd\u00fcr, y\u00fcz\u00fcn M\u00fcjdenin geldi\u011fi yerde durmaz bir daha. Ad\u0131 olmayan ve ad\u0131 bilinmeyen her<span class=\"excerpt-hellip\"> [\u2026]<\/span><\/p>\n","protected":false},"featured_media":0,"template":"","meta":{"_monsterinsights_skip_tracking":false,"_monsterinsights_sitenote_active":false,"_monsterinsights_sitenote_note":"","_monsterinsights_sitenote_category":0},"product_brand":[],"product_cat":[12291,12509],"product_tag":[],"class_list":{"0":"post-718717","1":"product","2":"type-product","3":"status-publish","5":"product_cat-edebiyat","6":"product_cat-siir","7":"pa_cilt-ciltsiz","8":"pa_tur-kitap","9":"pa_yayinevi-ketebe-yayinlari","10":"pa_yazar-ridvan-tulum","12":"first","13":"instock","14":"sale","15":"shipping-taxable","16":"purchasable","17":"product-type-simple"},"_links":{"self":[{"href":"https:\/\/roveyayinevi.com.tr\/index.php\/wp-json\/wp\/v2\/product\/718717","targetHints":{"allow":["GET"]}}],"collection":[{"href":"https:\/\/roveyayinevi.com.tr\/index.php\/wp-json\/wp\/v2\/product"}],"about":[{"href":"https:\/\/roveyayinevi.com.tr\/index.php\/wp-json\/wp\/v2\/types\/product"}],"wp:attachment":[{"href":"https:\/\/roveyayinevi.com.tr\/index.php\/wp-json\/wp\/v2\/media?parent=718717"}],"wp:term":[{"taxonomy":"product_brand","embeddable":true,"href":"https:\/\/roveyayinevi.com.tr\/index.php\/wp-json\/wp\/v2\/product_brand?post=718717"},{"taxonomy":"product_cat","embeddable":true,"href":"https:\/\/roveyayinevi.com.tr\/index.php\/wp-json\/wp\/v2\/product_cat?post=718717"},{"taxonomy":"product_tag","embeddable":true,"href":"https:\/\/roveyayinevi.com.tr\/index.php\/wp-json\/wp\/v2\/product_tag?post=718717"}],"curies":[{"name":"wp","href":"https:\/\/api.w.org\/{rel}","templated":true}]}}