{"id":718715,"date":"2025-08-27T18:12:48","date_gmt":"2025-08-27T15:12:48","guid":{"rendered":"https:\/\/roveyayinevi.com.tr\/index.php\/urun\/akliselim\/"},"modified":"2026-04-16T02:26:48","modified_gmt":"2026-04-15T23:26:48","slug":"akliselim","status":"publish","type":"product","link":"https:\/\/roveyayinevi.com.tr\/index.php\/urun\/akliselim\/","title":{"rendered":"Akl\u0131selim"},"content":{"rendered":"<p>\u201cG\u00fcnl\u00fck hayatlar\u0131m\u0131z, ba\u015fkalar\u0131n\u0131n ne d\u00fc\u015f\u00fcnd\u00fc\u011f\u00fc, ne hissetti\u011fi, ne istedi\u011fi ve neye inand\u0131klar\u0131 hakk\u0131nda yapt\u0131\u011f\u0131m\u0131z \u00f6ng\u00f6r\u00fcler taraf\u0131ndan y\u00f6nlendirilir. Halis alt\u0131nc\u0131 hissiniz i\u015f ba\u015f\u0131ndad\u0131r. Siz bir zihin okuyucusunuz.\u201d Bazen neden ba\u015fkalar\u0131n\u0131n zihinlerine k\u00f6r kal\u0131r\u0131z ve onlara bir obje ya da hayvanm\u0131\u015f gibi davran\u0131r\u0131z? Neden sanki bir zihni varm\u0131\u015f gibi \u00e7al\u0131\u015fmayan arabam\u0131zla, sevdi\u011fimiz oyunca\u011f\u0131m\u0131zla konu\u015furuz? \u00d6yle olmad\u0131\u011f\u0131 halde neden \u00e7o\u011fu zaman ba\u015fkalar\u0131n\u0131n da bizim gibi d\u00fc\u015f\u00fcnd\u00fc\u011f\u00fcn\u00fc, hissetti\u011fini ya da ayn\u0131 \u015feyleri istedi\u011fini d\u00fc\u015f\u00fcn\u00fcr\u00fcz? Ve daha \u00f6nemlisi neden e\u015flerimizi, ailemizi, arkada\u015flar\u0131m\u0131z\u0131 ger\u00e7ekte oldu\u011fundan \u00e7ok daha iyi anlad\u0131\u011f\u0131m\u0131z\u0131 d\u00fc\u015f\u00fcn\u00fcr\u00fcz? \u00d6nde gelen sosyal psikologlardan Nicholas Epley, d\u00fcnyadaki en b\u00fcy\u00fck bulmaca olan insan zihnini anlama becerimiz ve s\u0131k\u00e7a yapt\u0131\u011f\u0131m\u0131z hatalar konusunda bilimin neler s\u00f6yledi\u011fini aktar\u0131yor. Akl\u0131selim ba\u015fkalar\u0131 ve kendiniz hakk\u0131ndaki d\u00fc\u015f\u00fcncelerinizi k\u00f6kten de\u011fi\u015ftirecek.   \u201cY\u0131llard\u0131r okudu\u011fum en zekice ve en e\u011flendirici kitap. Epley\u2019in \u015faheseri en iyinin en iyisi\u2019\u2019. \u2014Steven D. Levitt, G\u00f6r\u00fcnmeyen Ekonomi yazarlar\u0131ndan.   \u201c\u0130\u00e7g\u00f6r\u00fcl\u00fc ve \u00f6nemli. Akl\u0131selim son on y\u0131l\u0131n ve di\u011fer on y\u0131llar\u0131n en iyi kitab\u0131\u2019\u2019. \u2014Daniel Gilbert, <\/p>\n","protected":false},"excerpt":{"rendered":"<p>\u201cG\u00fcnl\u00fck hayatlar\u0131m\u0131z, ba\u015fkalar\u0131n\u0131n ne d\u00fc\u015f\u00fcnd\u00fc\u011f\u00fc, ne hissetti\u011fi, ne istedi\u011fi ve neye inand\u0131klar\u0131 hakk\u0131nda yapt\u0131\u011f\u0131m\u0131z \u00f6ng\u00f6r\u00fcler taraf\u0131ndan y\u00f6nlendirilir. Halis alt\u0131nc\u0131 hissiniz i\u015f ba\u015f\u0131ndad\u0131r. Siz bir zihin okuyucusunuz.\u201d<span class=\"excerpt-hellip\"> [\u2026]<\/span><\/p>\n","protected":false},"featured_media":0,"template":"","meta":{"_monsterinsights_skip_tracking":false,"_monsterinsights_sitenote_active":false,"_monsterinsights_sitenote_note":"","_monsterinsights_sitenote_category":0},"product_brand":[],"product_cat":[12755,12357],"product_tag":[],"class_list":{"0":"post-718715","1":"product","2":"type-product","3":"status-publish","5":"product_cat-gelisim-psikolojisi","6":"product_cat-psikoloji","7":"pa_cilt-ciltsiz","8":"pa_tur-kitap","9":"pa_yayinevi-ketebe-yayinlari","10":"pa_yazar-nicholas-epley","12":"first","13":"instock","14":"sale","15":"shipping-taxable","16":"purchasable","17":"product-type-simple"},"_links":{"self":[{"href":"https:\/\/roveyayinevi.com.tr\/index.php\/wp-json\/wp\/v2\/product\/718715","targetHints":{"allow":["GET"]}}],"collection":[{"href":"https:\/\/roveyayinevi.com.tr\/index.php\/wp-json\/wp\/v2\/product"}],"about":[{"href":"https:\/\/roveyayinevi.com.tr\/index.php\/wp-json\/wp\/v2\/types\/product"}],"wp:attachment":[{"href":"https:\/\/roveyayinevi.com.tr\/index.php\/wp-json\/wp\/v2\/media?parent=718715"}],"wp:term":[{"taxonomy":"product_brand","embeddable":true,"href":"https:\/\/roveyayinevi.com.tr\/index.php\/wp-json\/wp\/v2\/product_brand?post=718715"},{"taxonomy":"product_cat","embeddable":true,"href":"https:\/\/roveyayinevi.com.tr\/index.php\/wp-json\/wp\/v2\/product_cat?post=718715"},{"taxonomy":"product_tag","embeddable":true,"href":"https:\/\/roveyayinevi.com.tr\/index.php\/wp-json\/wp\/v2\/product_tag?post=718715"}],"curies":[{"name":"wp","href":"https:\/\/api.w.org\/{rel}","templated":true}]}}