{"id":718713,"date":"2025-08-27T18:12:47","date_gmt":"2025-08-27T15:12:47","guid":{"rendered":"https:\/\/roveyayinevi.com.tr\/index.php\/urun\/likya-yolu-rehberi\/"},"modified":"2026-01-21T02:44:56","modified_gmt":"2026-01-20T23:44:56","slug":"likya-yolu-rehberi","status":"publish","type":"product","link":"https:\/\/roveyayinevi.com.tr\/index.php\/urun\/likya-yolu-rehberi\/","title":{"rendered":"Likya Yolu Rehberi"},"content":{"rendered":"<p>Likya yolu y\u00fcr\u00fcy\u00fc\u015f rehberi olarak haz\u0131rlanan bu kitapta; parkur bilgileri, harita bilgileri, Trekking bilgileri, Likya uygarl\u0131\u011f\u0131na ait bilgiler ve foto\u011fraflar\u0131n yan\u0131 s\u0131ra yol boyunca Likya Yolu\u2019na dair ihtiyac\u0131n\u0131z olacak her bilgiyi do\u011fa severler i\u00e7in bir araya getirdik.Fethiye&#8217;den Antalya\u2019ya kadar devam eden Iikya yolu, d\u00fcnyan\u0131n en kaliteli y\u00fcr\u00fcy\u00fc\u015f rotalar\u0131 listesinde ilk s\u0131ralarda yer almaktad\u0131r. Likya Yolu b\u00fcy\u00fck k\u0131z\u0131l\u00e7am ormanlar\u0131, m\u00fcze ve \u00f6ren yerleri, e\u015fsiz koylar\u0131 ve \u00dclkemizin en iyi manzaras\u0131 se\u00e7ilen \u201dGelidonya Feneri&#8221; manzaras\u0131yla ziyaret\u00e7ilerine e\u015fsiz bir do\u011fa deneyimi sunmakta.<\/p>\n","protected":false},"excerpt":{"rendered":"<p>Likya yolu y\u00fcr\u00fcy\u00fc\u015f rehberi olarak haz\u0131rlanan bu kitapta; parkur bilgileri, harita bilgileri, Trekking bilgileri, Likya uygarl\u0131\u011f\u0131na ait bilgiler ve foto\u011fraflar\u0131n yan\u0131 s\u0131ra yol boyunca Likya Yolu\u2019na<span class=\"excerpt-hellip\"> [\u2026]<\/span><\/p>\n","protected":false},"featured_media":0,"template":"","meta":{"_monsterinsights_skip_tracking":false,"_monsterinsights_sitenote_active":false,"_monsterinsights_sitenote_note":"","_monsterinsights_sitenote_category":0},"product_brand":[],"product_cat":[13055,13054],"product_tag":[],"class_list":{"0":"post-718713","1":"product","2":"type-product","3":"status-publish","5":"product_cat-gezi-rehberi","6":"product_cat-gezi-ve-rehber-kitaplari","7":"pa_cilt-ciltsiz","8":"pa_tur-kitap","9":"pa_yayinevi-egiten-kitap","10":"pa_yazar-metin-tuzun","12":"first","13":"instock","14":"sale","15":"shipping-taxable","16":"purchasable","17":"product-type-simple"},"_links":{"self":[{"href":"https:\/\/roveyayinevi.com.tr\/index.php\/wp-json\/wp\/v2\/product\/718713","targetHints":{"allow":["GET"]}}],"collection":[{"href":"https:\/\/roveyayinevi.com.tr\/index.php\/wp-json\/wp\/v2\/product"}],"about":[{"href":"https:\/\/roveyayinevi.com.tr\/index.php\/wp-json\/wp\/v2\/types\/product"}],"wp:attachment":[{"href":"https:\/\/roveyayinevi.com.tr\/index.php\/wp-json\/wp\/v2\/media?parent=718713"}],"wp:term":[{"taxonomy":"product_brand","embeddable":true,"href":"https:\/\/roveyayinevi.com.tr\/index.php\/wp-json\/wp\/v2\/product_brand?post=718713"},{"taxonomy":"product_cat","embeddable":true,"href":"https:\/\/roveyayinevi.com.tr\/index.php\/wp-json\/wp\/v2\/product_cat?post=718713"},{"taxonomy":"product_tag","embeddable":true,"href":"https:\/\/roveyayinevi.com.tr\/index.php\/wp-json\/wp\/v2\/product_tag?post=718713"}],"curies":[{"name":"wp","href":"https:\/\/api.w.org\/{rel}","templated":true}]}}