{"id":718709,"date":"2025-08-27T18:12:45","date_gmt":"2025-08-27T15:12:45","guid":{"rendered":"https:\/\/roveyayinevi.com.tr\/index.php\/urun\/cevre-muhasebesi\/"},"modified":"2026-04-16T02:26:48","modified_gmt":"2026-04-15T23:26:48","slug":"cevre-muhasebesi","status":"publish","type":"product","link":"https:\/\/roveyayinevi.com.tr\/index.php\/urun\/cevre-muhasebesi\/","title":{"rendered":"\u00c7evre Muhasebesi"},"content":{"rendered":"<p>1-\u00c7evresel Yasal D\u00fczenlemeler 2-\u00c7evre Muhasebesi Alan\u0131nda T\u00fcrkiye Uygulamalar\u0131 3-Uluslararas\u0131 Finansal Raporlama Kapsam\u0131nda \u00c7evre Muhasebesi ve \u00c7evresel Kamuyu Ayd\u0131nlatma 4-Literat\u00fcr Taramas\u0131 5-Ara\u015ft\u0131rma Tasar\u0131m\u0131 6-Ampirik Sonu\u00e7lar <\/p>\n","protected":false},"excerpt":{"rendered":"<p>1-\u00c7evresel Yasal D\u00fczenlemeler 2-\u00c7evre Muhasebesi Alan\u0131nda T\u00fcrkiye Uygulamalar\u0131 3-Uluslararas\u0131 Finansal Raporlama Kapsam\u0131nda \u00c7evre Muhasebesi ve \u00c7evresel Kamuyu Ayd\u0131nlatma 4-Literat\u00fcr Taramas\u0131 5-Ara\u015ft\u0131rma Tasar\u0131m\u0131 6-Ampirik Sonu\u00e7lar<\/p>\n","protected":false},"featured_media":0,"template":"","meta":{"_monsterinsights_skip_tracking":false,"_monsterinsights_sitenote_active":false,"_monsterinsights_sitenote_note":"","_monsterinsights_sitenote_category":0},"product_brand":[],"product_cat":[13043,14381],"product_tag":[],"class_list":{"0":"post-718709","1":"product","2":"type-product","3":"status-publish","5":"product_cat-ekonomi","6":"product_cat-isletme-muhasebe-maliye","7":"pa_cilt-ciltsiz","8":"pa_tur-kitap","9":"pa_yayinevi-gazi-kitabevi","10":"pa_yazar-merve-acar","12":"first","13":"instock","14":"sale","15":"shipping-taxable","16":"purchasable","17":"product-type-simple"},"_links":{"self":[{"href":"https:\/\/roveyayinevi.com.tr\/index.php\/wp-json\/wp\/v2\/product\/718709","targetHints":{"allow":["GET"]}}],"collection":[{"href":"https:\/\/roveyayinevi.com.tr\/index.php\/wp-json\/wp\/v2\/product"}],"about":[{"href":"https:\/\/roveyayinevi.com.tr\/index.php\/wp-json\/wp\/v2\/types\/product"}],"wp:attachment":[{"href":"https:\/\/roveyayinevi.com.tr\/index.php\/wp-json\/wp\/v2\/media?parent=718709"}],"wp:term":[{"taxonomy":"product_brand","embeddable":true,"href":"https:\/\/roveyayinevi.com.tr\/index.php\/wp-json\/wp\/v2\/product_brand?post=718709"},{"taxonomy":"product_cat","embeddable":true,"href":"https:\/\/roveyayinevi.com.tr\/index.php\/wp-json\/wp\/v2\/product_cat?post=718709"},{"taxonomy":"product_tag","embeddable":true,"href":"https:\/\/roveyayinevi.com.tr\/index.php\/wp-json\/wp\/v2\/product_tag?post=718709"}],"curies":[{"name":"wp","href":"https:\/\/api.w.org\/{rel}","templated":true}]}}