{"id":718700,"date":"2025-08-27T18:12:39","date_gmt":"2025-08-27T15:12:39","guid":{"rendered":"https:\/\/roveyayinevi.com.tr\/index.php\/urun\/yagcilikta-52-yil\/"},"modified":"2026-04-16T02:26:48","modified_gmt":"2026-04-15T23:26:48","slug":"yagcilikta-52-yil","status":"publish","type":"product","link":"https:\/\/roveyayinevi.com.tr\/index.php\/urun\/yagcilikta-52-yil\/","title":{"rendered":"Ya\u011fc\u0131l\u0131kta 52 Y\u0131l"},"content":{"rendered":"<p>Sekt\u00f6rdeki tecr\u00fcbesiyle Henkel ve \u00dclker\u2019deki uzun soluklu g\u00f6revleri sayesinde g\u0131da sekt\u00f6r\u00fcn\u00fcn yak\u0131ndan tan\u0131d\u0131\u011f\u0131 bir isim Metin Yurdag\u00fcl&#8230;Mutfak \u00dcr\u00fcnleri ve Margarin Sanayicileri Derne\u011fi (M\u00dcMSAD) ba\u015fkanl\u0131\u011f\u0131n\u0131 y\u00fcr\u00fct\u00fcyor. Metin Yurdag\u00fcl\u2019\u00fcn her biri asl\u0131nda ayr\u0131 uzmanl\u0131k isteyen alanlarda ba\u015far\u0131 sa\u011flamas\u0131n\u0131n nedeni, bence kendisini s\u00fcrekli geli\u015fmeye, de\u011fi\u015fmeye, \u00f6\u011frenmeye ve \u00e7al\u0131\u015fmaya adamas\u0131d\u0131r.Murat \u00dclker \/ Y\u0131ld\u0131z Holding Y\u00f6netim Kurulu Ba\u015fkan\u0131Metin Yurdag\u00fcl, Henkel Turya\u011f\u2019da yirmi be\u015f y\u0131l\u0131 a\u015fk\u0131n s\u00fcreyle \u00e7e\u015fitli g\u00f6revlerde bulunduktan sonra, 1992\u2019de \u00dclker Grubu\u2019na kat\u0131larak Besler Ya\u011f ve Margarin Fabrikas\u0131n\u0131 kurdu. Besler Genel M\u00fcd\u00fcrl\u00fc\u011f\u00fcn\u00fc takiben \u00dclker Grubu\u2019nun \u00e7e\u015fitli \u015firketlerinde genel m\u00fcd\u00fcrl\u00fck, icra kurulu \u00fcyeli\u011fi, g\u0131da grubu ba\u015fkanl\u0131\u011f\u0131 ve yedi y\u0131l s\u00fcreyle de Grup s\u00f6zc\u00fcl\u00fc\u011f\u00fc g\u00f6revlerinde bulundu.Halen, g\u0131da sekt\u00f6r\u00fcn\u00fcn g\u00fc\u00e7l\u00fc derneklerinden Mutfak \u00dcr\u00fcnleri ve Margarin Sanayicileri Derne\u011fi&#8217;nin Ba\u015fkan\u0131 olarak g\u0131da end\u00fcstrisinde bilgi kirlili\u011fi ile m\u00fccadelede aktif rol alan Metin Yurdag\u00fcl, Ya\u011fc\u0131l\u0131kta 52 Y\u0131l kitab\u0131nda y\u00f6neticili\u011fin, pazarlaman\u0131n, ileti\u015fimin, mutlu bir aileye sahip olman\u0131n ve insan ili\u015fkilerinin inceliklerini anlat\u0131yor. Metin Yurdag\u00fcl\u2019\u00fcn her biri asl\u0131nda ayr\u0131 uzmanl\u0131k isteyen alanlarda ba\u015far\u0131 sa\u011flamas\u0131n\u0131n nedeni, bence kendisini s\u00fcrekli geli\u015fmeye, de\u011fi\u015fmeye, \u00f6\u011frenmeye ve \u00e7al\u0131\u015fmaya adamas\u0131d\u0131r ki bu az bulunan bir niteliktir.Bu nedenle ifade etmek isterim ki, kendisi y\u00f6neticilik hayat\u0131mda \u00e7al\u0131\u015ft\u0131\u011f\u0131m en iyi profesyonellerden biri oldu.Murat \u00dclker \/ Y\u0131ld\u0131z Holding Y\u00f6netim Kurulu Ba\u015fkan\u0131Metin Yurdag\u00fcl, \u00dclker Grubu s\u00f6zc\u00fcs\u00fc oldu\u011fu d\u00f6nemde PR (halkla ili\u015fkiler) sekt\u00f6r\u00fcne \u00f6rnek olacak rol oynad\u0131&#8230;Vahap Munyar \/ Gazeteci, YazarMetin Yurdag\u00fcl ismi benim i\u00e7in \u00e7ok \u00f6zeldir, g\u00fcvendir, sayg\u0131d\u0131r, beyefendiliktir, m\u00fctevaz\u0131l\u0131kt\u0131r&#8230; G\u0131da perakendecili\u011finde, ya\u011f sekt\u00f6r\u00fcnde margarin denildi\u011finde akla gelen ilk isimlerdendir Metin Yurdag\u00fcl&#8230;Y\u0131llarca sekt\u00f6re y\u00f6n vermi\u015f bir isimdir.Melda Y\u00fccel \/ Gazeteci, SunucuMetin Yurdag\u00fcl\u2019\u00fc 2003 y\u0131l\u0131n\u0131n bir \u015eubat sabah\u0131nda, Atat\u00fcrk Havaliman\u0131 D\u0131\u015f Hatlar Terminali\u2019nde s\u0131cac\u0131k bir selamla tan\u0131d\u0131m. Yan\u0131nda e\u015fi Bet\u00fcl Han\u0131m; janti spor k\u0131yafetleri ile kalabal\u0131k bir gazeteci toplulu\u011fu kar\u015f\u0131s\u0131nda T\u00fcrkiye\u2019nin en k\u00f6kl\u00fc markalar\u0131ndan birini, \u00dclker\u2019i temsil ediyordu&#8230; Aktif gazetecili\u011fi b\u0131rakana kadar pek \u00e7ok vesileyle Metin Yurdag\u00fcl ile bir arada olduk. Her \u015feyden evvel g\u0131da sekt\u00f6r\u00fcne dair hangi bilgiye ihtiya\u00e7 duysak muhakkak dan\u0131\u015ft\u0131k, \u00e7ok yak\u0131n ilgisiyle kar\u015f\u0131la\u015ft\u0131k. M\u00fcthi\u015f zek\u00e2s\u0131, ironi g\u00fcc\u00fc ve insan\u0131 hayrete d\u00fc\u015f\u00fcren haf\u0131zas\u0131 ile hep ya\u015ftan ba\u011f\u0131ms\u0131z bir dostluk, kar\u015f\u0131l\u0131ks\u0131z sevgi, c\u00f6mert\u00e7e payla\u015f\u0131lan b\u00fcy\u00fck bir ya\u015fam tecr\u00fcbesi sundu bana&#8230;Nurten Yal\u00e7\u0131n Er\u00fcs \/ \u0130leti\u015fim Stratejisti, Yaz\u0131l\u0131 \u0130\u015fler-Kurucu<\/p>\n","protected":false},"excerpt":{"rendered":"<p>Sekt\u00f6rdeki tecr\u00fcbesiyle Henkel ve \u00dclker\u2019deki uzun soluklu g\u00f6revleri sayesinde g\u0131da sekt\u00f6r\u00fcn\u00fcn yak\u0131ndan tan\u0131d\u0131\u011f\u0131 bir isim Metin Yurdag\u00fcl&#8230;Mutfak \u00dcr\u00fcnleri ve Margarin Sanayicileri Derne\u011fi (M\u00dcMSAD) ba\u015fkanl\u0131\u011f\u0131n\u0131 y\u00fcr\u00fct\u00fcyor. Metin<span class=\"excerpt-hellip\"> [\u2026]<\/span><\/p>\n","protected":false},"featured_media":0,"template":"","meta":{"_monsterinsights_skip_tracking":false,"_monsterinsights_sitenote_active":false,"_monsterinsights_sitenote_note":"","_monsterinsights_sitenote_category":0},"product_brand":[],"product_cat":[14009,12291],"product_tag":[],"class_list":{"0":"post-718700","1":"product","2":"type-product","3":"status-publish","5":"product_cat-biyografi-otobiyografi-edebiyat","6":"product_cat-edebiyat","7":"pa_cilt-ciltsiz","8":"pa_tur-kitap","9":"pa_yayinevi-the-kitap","10":"pa_yazar-metin-yurdagul","12":"first","13":"instock","14":"sale","15":"shipping-taxable","16":"purchasable","17":"product-type-simple"},"_links":{"self":[{"href":"https:\/\/roveyayinevi.com.tr\/index.php\/wp-json\/wp\/v2\/product\/718700","targetHints":{"allow":["GET"]}}],"collection":[{"href":"https:\/\/roveyayinevi.com.tr\/index.php\/wp-json\/wp\/v2\/product"}],"about":[{"href":"https:\/\/roveyayinevi.com.tr\/index.php\/wp-json\/wp\/v2\/types\/product"}],"wp:attachment":[{"href":"https:\/\/roveyayinevi.com.tr\/index.php\/wp-json\/wp\/v2\/media?parent=718700"}],"wp:term":[{"taxonomy":"product_brand","embeddable":true,"href":"https:\/\/roveyayinevi.com.tr\/index.php\/wp-json\/wp\/v2\/product_brand?post=718700"},{"taxonomy":"product_cat","embeddable":true,"href":"https:\/\/roveyayinevi.com.tr\/index.php\/wp-json\/wp\/v2\/product_cat?post=718700"},{"taxonomy":"product_tag","embeddable":true,"href":"https:\/\/roveyayinevi.com.tr\/index.php\/wp-json\/wp\/v2\/product_tag?post=718700"}],"curies":[{"name":"wp","href":"https:\/\/api.w.org\/{rel}","templated":true}]}}