{"id":718689,"date":"2025-08-27T18:12:32","date_gmt":"2025-08-27T15:12:32","guid":{"rendered":"https:\/\/roveyayinevi.com.tr\/index.php\/urun\/akdenizde-savas\/"},"modified":"2025-10-13T05:11:40","modified_gmt":"2025-10-13T02:11:40","slug":"akdenizde-savas","status":"publish","type":"product","link":"https:\/\/roveyayinevi.com.tr\/index.php\/urun\/akdenizde-savas\/","title":{"rendered":"Akdeniz\u2019de Sava\u015f"},"content":{"rendered":"<p>16. y\u00fczy\u0131lda denizlerdeki rekabet ne durumdayd\u0131? Osmanl\u0131 ve \u0130spanyol donanmalar\u0131 nas\u0131l seferber ediliyordu? Gemilerin in\u015fas\u0131ndan silahland\u0131r\u0131lmas\u0131na, tersane faaliyetlerinden donanma g\u00f6revlilerine nas\u0131l bir s\u00fcre\u00e7 i\u015fliyordu? Akdeniz\u2019deki Osmanl\u0131 ve \u0130spanyol filolar\u0131 kuvvet olarak ne durumdayd\u0131? Sava\u015flara y\u00f6n veren kad\u0131rgalar\u0131n en \u00f6nemli \u00f6zellikleri nelerdi? Akdeniz\u2019e dair stratejiler hangi y\u00f6nde geli\u015ftirilmi\u015fti? \u0130nebaht\u0131 Deniz Sava\u015f\u0131\u2019n\u0131n \u00f6ncesinde ve sonras\u0131nda Akdeniz\u2019deki m\u00fccadeleler ve sava\u015flar nas\u0131l ilerlemi\u015fti?Akdeniz d\u00fcnyas\u0131, \u00f6zellikle 16. y\u00fczy\u0131lda Osmanl\u0131 ve \u0130spanyol imparatorluklar\u0131n\u0131n h\u00e2kimiyet m\u00fccadelesine sahne olmu\u015ftur. Bu amans\u0131z kar\u015f\u0131la\u015fma a\u011f\u0131rl\u0131kl\u0131 olarak donanma seferleri ve deniz sava\u015flar\u0131 ekseninde s\u00fcrm\u00fc\u015ft\u00fcr. Her iki imparatorluk da Akdeniz\u2019deki h\u00e2kimiyet sahalar\u0131n\u0131 geni\u015fletmek ve g\u00fc\u00e7lerini ispat etmek i\u00e7in denizg\u00fcc\u00fcne \u00f6nem vermi\u015f, donanmalar\u0131n\u0131n hem daha etkin hem de daima sava\u015fa haz\u0131r olmas\u0131 i\u00e7in \u00e7al\u0131\u015fm\u0131\u015flard\u0131r. Denizg\u00fcc\u00fcn\u00fcn en kritik hedefi; \u00fclkenin deniz yollar\u0131n\u0131, asker\u00ee ve ticar\u00ee deniz trafi\u011fini korumak ve d\u00fc\u015fman denizcili\u011fine zarar vermektir. Bu ama\u00e7lara ula\u015fabilmek i\u00e7in de denizlere h\u00e2kim olmak \u015fartt\u0131r.\u0130spanya\u2019da Simancas Ar\u015fivi ve Madrid Deniz M\u00fczesi Ar\u015fivi gibi Akdeniz\u2019deki Osmanl\u0131- \u0130spanyol m\u00fccadelesine dair en kritik bilgileri bar\u0131nd\u0131ran yerlerde yapt\u0131\u011f\u0131 ara\u015ft\u0131rmalarla eserini olu\u015fturan H\u00fcseyin Serdar Tabako\u011flu; denizlerde k\u0131ran k\u0131rana ge\u00e7en bir y\u00fczy\u0131l\u0131n k\u00f6klerine iniyor. Osmanl\u0131 ve \u0130spanyol denizg\u00fcc\u00fcn\u00fc ilk defa kar\u015f\u0131la\u015ft\u0131rmal\u0131 olarak inceleyen Tabako\u011flu, donanma haz\u0131rl\u0131\u011f\u0131ndan sava\u015fa, teknik detaylardan stratejik hamlelere dek meselenin t\u00fcm boyutlar\u0131n\u0131 derinlemesine irdeliyor.\u201cAKDEN\u0130Z\u2019DE SAVA\u015e: Osmanl\u0131-\u0130spanya M\u00fccadelesi\u201d, okuyucuyu denizlerin iki b\u00fcy\u00fck imparatorlu\u011funun donanmalar\u0131 aras\u0131nda seyre \u00e7\u0131kartan bir k\u0131lavuz gibi\u2026 <\/p>\n","protected":false},"excerpt":{"rendered":"<p>16. y\u00fczy\u0131lda denizlerdeki rekabet ne durumdayd\u0131? Osmanl\u0131 ve \u0130spanyol donanmalar\u0131 nas\u0131l seferber ediliyordu? Gemilerin in\u015fas\u0131ndan silahland\u0131r\u0131lmas\u0131na, tersane faaliyetlerinden donanma g\u00f6revlilerine nas\u0131l bir s\u00fcre\u00e7 i\u015fliyordu? Akdeniz\u2019deki Osmanl\u0131<span class=\"excerpt-hellip\"> [\u2026]<\/span><\/p>\n","protected":false},"featured_media":0,"template":"","meta":{"_monsterinsights_skip_tracking":false,"_monsterinsights_sitenote_active":false,"_monsterinsights_sitenote_note":"","_monsterinsights_sitenote_category":0},"product_brand":[],"product_cat":[13517,12304],"product_tag":[],"class_list":{"0":"post-718689","1":"product","2":"type-product","3":"status-publish","5":"product_cat-osmanli-tarihi","6":"product_cat-tarih","7":"pa_cilt-ciltsiz","8":"pa_tur-kitap","9":"pa_yayinevi-kronik-kitap","10":"pa_yazar-huseyin-serdar-tabakoglu","12":"first","13":"instock","14":"sale","15":"shipping-taxable","16":"purchasable","17":"product-type-simple"},"_links":{"self":[{"href":"https:\/\/roveyayinevi.com.tr\/index.php\/wp-json\/wp\/v2\/product\/718689","targetHints":{"allow":["GET"]}}],"collection":[{"href":"https:\/\/roveyayinevi.com.tr\/index.php\/wp-json\/wp\/v2\/product"}],"about":[{"href":"https:\/\/roveyayinevi.com.tr\/index.php\/wp-json\/wp\/v2\/types\/product"}],"wp:attachment":[{"href":"https:\/\/roveyayinevi.com.tr\/index.php\/wp-json\/wp\/v2\/media?parent=718689"}],"wp:term":[{"taxonomy":"product_brand","embeddable":true,"href":"https:\/\/roveyayinevi.com.tr\/index.php\/wp-json\/wp\/v2\/product_brand?post=718689"},{"taxonomy":"product_cat","embeddable":true,"href":"https:\/\/roveyayinevi.com.tr\/index.php\/wp-json\/wp\/v2\/product_cat?post=718689"},{"taxonomy":"product_tag","embeddable":true,"href":"https:\/\/roveyayinevi.com.tr\/index.php\/wp-json\/wp\/v2\/product_tag?post=718689"}],"curies":[{"name":"wp","href":"https:\/\/api.w.org\/{rel}","templated":true}]}}

Akdeniz’de Savaş

<p>16. yüzyılda denizlerdeki rekabet ne durumdaydı? Osmanlı ve İspanyol donanmaları nasıl seferber ediliyordu? Gemilerin inşasından silahlandırılmasına, tersane faaliyetlerinden donanma görevlilerine nasıl bir süreç işliyordu? Akdeniz’deki Osmanlı ve İspanyol filoları kuvvet olarak ne durumdaydı? Savaşlara yön veren kadırgaların en önemli özellikleri nelerdi? Akdeniz’e dair stratejiler hangi yönde geliştirilmişti? İnebahtı Deniz Savaşı’nın öncesinde ve sonrasında Akdeniz’deki mücadeleler ve savaşlar nasıl ilerlemişti?Akdeniz dünyası, özellikle 16. yüzyılda Osmanlı ve İspanyol imparatorluklarının hâkimiyet mücadelesine sahne olmuştur. Bu amansız karşılaşma ağırlıklı olarak donanma seferleri ve deniz savaşları ekseninde sürmüştür. Her iki imparatorluk da Akdeniz’deki hâkimiyet sahalarını genişletmek ve güçlerini ispat etmek için denizgücüne önem vermiş, donanmalarının hem daha etkin hem de daima savaşa hazır olması için çalışmışlardır. Denizgücünün en kritik hedefi; ülkenin deniz yollarını, askerî ve ticarî deniz trafiğini korumak ve düşman denizciliğine zarar vermektir. Bu amaçlara ulaşabilmek için de denizlere hâkim olmak şarttır.İspanya’da Simancas Arşivi ve Madrid Deniz Müzesi Arşivi gibi Akdeniz’deki Osmanlı- İspanyol mücadelesine dair en kritik bilgileri barındıran yerlerde yaptığı araştırmalarla eserini oluşturan Hüseyin Serdar Tabakoğlu; denizlerde kıran kırana geçen bir yüzyılın köklerine iniyor. Osmanlı ve İspanyol denizgücünü ilk defa karşılaştırmalı olarak inceleyen Tabakoğlu, donanma hazırlığından savaşa, teknik detaylardan stratejik hamlelere dek meselenin tüm boyutlarını derinlemesine irdeliyor.“AKDENİZ’DE SAVAŞ: Osmanlı-İspanya Mücadelesi”, okuyucuyu denizlerin iki büyük imparatorluğunun donanmaları arasında seyre çıkartan bir kılavuz gibi… </p>

<p>16. yüzyılda denizlerdeki rekabet ne durumdaydı? Osmanlı ve İspanyol donanmaları nasıl seferber ediliyordu? Gemilerin inşasından silahlandırılmasına, tersane faaliyetlerinden donanma görevlilerine nasıl bir süreç işliyordu? Akdeniz’deki Osmanlı<span class="excerpt-hellip"> […]</span></p>
