{"id":718684,"date":"2025-08-27T18:12:29","date_gmt":"2025-08-27T15:12:29","guid":{"rendered":"https:\/\/roveyayinevi.com.tr\/index.php\/urun\/halk-kulturu\/"},"modified":"2026-04-16T02:26:47","modified_gmt":"2026-04-15T23:26:47","slug":"halk-kulturu","status":"publish","type":"product","link":"https:\/\/roveyayinevi.com.tr\/index.php\/urun\/halk-kulturu\/","title":{"rendered":"Halk K\u00fclt\u00fcr\u00fc"},"content":{"rendered":"<p>Ardahan \u00dcniversitesinin de\u011ferli \u00f6\u011fretim \u00fcyesi Prof. Dr. Erdo\u011fan Alt\u0131nkaynak\u2019\u0131n \u201cAnlat\u0131mlara-Derlemelere Dayal\u0131 Halk K\u00fclt\u00fcr\u00fcmAKALELER\u201d adl\u0131 bu kitab\u0131, amaca uygun olarak haz\u0131rlanarak okuyucuya sunulan bir eserdir. Folklor (halk bilimi) bir bilim dal\u0131d\u0131r. Her bilimde  oldu\u011fu gibi folklorun da metodlar\u0131, kanunlar\u0131 ve kuramlar\u0131 (nazariyeleri) vard\u0131r. Bak\u0131\u015f a\u00e7\u0131lar\u0131na g\u00f6re birtak\u0131m bilimsel ekollerin, ak\u0131mlar ve yakla\u015f\u0131mlar\u0131n ortaya \u00e7\u0131kt\u0131\u011f\u0131 da bir ger\u00e7ektir. Bu kitap, onun makalelerinden ve bilimsel ara\u015ft\u0131rma yaz\u0131lar\u0131ndan olu\u015fuyor. Bu kitaptan halk edebiyat\u0131, sosyal adet ve gelenekler ile mitolojik anlatmalar a\u00e7\u0131s\u0131ndan \u00e7ok yararlanaca\u011f\u0131z\u2026   <\/p>\n","protected":false},"excerpt":{"rendered":"<p>Ardahan \u00dcniversitesinin de\u011ferli \u00f6\u011fretim \u00fcyesi Prof. Dr. Erdo\u011fan Alt\u0131nkaynak\u2019\u0131n \u201cAnlat\u0131mlara-Derlemelere Dayal\u0131 Halk K\u00fclt\u00fcr\u00fcmAKALELER\u201d adl\u0131 bu kitab\u0131, amaca uygun olarak haz\u0131rlanarak okuyucuya sunulan bir eserdir. Folklor (halk<span class=\"excerpt-hellip\"> [\u2026]<\/span><\/p>\n","protected":false},"featured_media":0,"template":"","meta":{"_monsterinsights_skip_tracking":false,"_monsterinsights_sitenote_active":false,"_monsterinsights_sitenote_note":"","_monsterinsights_sitenote_category":0},"product_brand":[],"product_cat":[27157,12291],"product_tag":[],"class_list":{"0":"post-718684","1":"product","2":"type-product","3":"status-publish","5":"product_cat-derleme","6":"product_cat-edebiyat","7":"pa_cilt-ciltsiz","8":"pa_tur-kitap","9":"pa_yayinevi-kultur-ajans-yayinlari","10":"pa_yazar-erdogan-altinkaynak","12":"first","13":"instock","14":"sale","15":"shipping-taxable","16":"purchasable","17":"product-type-simple"},"_links":{"self":[{"href":"https:\/\/roveyayinevi.com.tr\/index.php\/wp-json\/wp\/v2\/product\/718684","targetHints":{"allow":["GET"]}}],"collection":[{"href":"https:\/\/roveyayinevi.com.tr\/index.php\/wp-json\/wp\/v2\/product"}],"about":[{"href":"https:\/\/roveyayinevi.com.tr\/index.php\/wp-json\/wp\/v2\/types\/product"}],"wp:attachment":[{"href":"https:\/\/roveyayinevi.com.tr\/index.php\/wp-json\/wp\/v2\/media?parent=718684"}],"wp:term":[{"taxonomy":"product_brand","embeddable":true,"href":"https:\/\/roveyayinevi.com.tr\/index.php\/wp-json\/wp\/v2\/product_brand?post=718684"},{"taxonomy":"product_cat","embeddable":true,"href":"https:\/\/roveyayinevi.com.tr\/index.php\/wp-json\/wp\/v2\/product_cat?post=718684"},{"taxonomy":"product_tag","embeddable":true,"href":"https:\/\/roveyayinevi.com.tr\/index.php\/wp-json\/wp\/v2\/product_tag?post=718684"}],"curies":[{"name":"wp","href":"https:\/\/api.w.org\/{rel}","templated":true}]}}