{"id":718679,"date":"2025-08-27T18:12:25","date_gmt":"2025-08-27T15:12:25","guid":{"rendered":"https:\/\/roveyayinevi.com.tr\/index.php\/urun\/hisli-seyler-ciltli\/"},"modified":"2026-04-16T02:26:47","modified_gmt":"2026-04-15T23:26:47","slug":"hisli-seyler-ciltli","status":"publish","type":"product","link":"https:\/\/roveyayinevi.com.tr\/index.php\/urun\/hisli-seyler-ciltli\/","title":{"rendered":"Hisli \u015eeyler (Ciltli)"},"content":{"rendered":"<p>Kap\u0131 \u00f6n\u00fcne b\u0131rak\u0131lm\u0131\u015f bir sandalyenin h\u00fczn\u00fcn\u00fc hissetti\u011finiz oldu mu? Veya bir masa lambas\u0131n\u0131n derdine ortak oldunuz mu hi\u00e7? G\u00f6ky\u00fcz\u00fcnde s\u00fcz\u00fclen bir u\u00e7urtman\u0131n ya da su birikintisinde y\u00fczen bir ka\u011f\u0131t geminin heyecan\u0131yla g\u00fcl\u00fcmsediniz mi? E\u011fer \u015feylerin de hisleri olabilece\u011fini bir kez olsun d\u00fc\u015f\u00fcnmediyseniz, bu kitap size hi\u00e7bir anlam ifade etmeyecektir. <\/p>\n","protected":false},"excerpt":{"rendered":"<p>Kap\u0131 \u00f6n\u00fcne b\u0131rak\u0131lm\u0131\u015f bir sandalyenin h\u00fczn\u00fcn\u00fc hissetti\u011finiz oldu mu? Veya bir masa lambas\u0131n\u0131n derdine ortak oldunuz mu hi\u00e7? G\u00f6ky\u00fcz\u00fcnde s\u00fcz\u00fclen bir u\u00e7urtman\u0131n ya da su birikintisinde<span class=\"excerpt-hellip\"> [\u2026]<\/span><\/p>\n","protected":false},"featured_media":0,"template":"","meta":{"_monsterinsights_skip_tracking":false,"_monsterinsights_sitenote_active":false,"_monsterinsights_sitenote_note":"","_monsterinsights_sitenote_category":0},"product_brand":[],"product_cat":[12291,14825],"product_tag":[],"class_list":{"0":"post-718679","1":"product","2":"type-product","3":"status-publish","5":"product_cat-edebiyat","6":"product_cat-mizah","7":"pa_cilt-ciltli","8":"pa_tur-kitap","9":"pa_yayinevi-mundi","10":"pa_yazar-banu-ertugrul-onur-ertugrul","12":"first","13":"instock","14":"sale","15":"shipping-taxable","16":"purchasable","17":"product-type-simple"},"_links":{"self":[{"href":"https:\/\/roveyayinevi.com.tr\/index.php\/wp-json\/wp\/v2\/product\/718679","targetHints":{"allow":["GET"]}}],"collection":[{"href":"https:\/\/roveyayinevi.com.tr\/index.php\/wp-json\/wp\/v2\/product"}],"about":[{"href":"https:\/\/roveyayinevi.com.tr\/index.php\/wp-json\/wp\/v2\/types\/product"}],"wp:attachment":[{"href":"https:\/\/roveyayinevi.com.tr\/index.php\/wp-json\/wp\/v2\/media?parent=718679"}],"wp:term":[{"taxonomy":"product_brand","embeddable":true,"href":"https:\/\/roveyayinevi.com.tr\/index.php\/wp-json\/wp\/v2\/product_brand?post=718679"},{"taxonomy":"product_cat","embeddable":true,"href":"https:\/\/roveyayinevi.com.tr\/index.php\/wp-json\/wp\/v2\/product_cat?post=718679"},{"taxonomy":"product_tag","embeddable":true,"href":"https:\/\/roveyayinevi.com.tr\/index.php\/wp-json\/wp\/v2\/product_tag?post=718679"}],"curies":[{"name":"wp","href":"https:\/\/api.w.org\/{rel}","templated":true}]}}