{"id":718670,"date":"2025-08-27T18:12:19","date_gmt":"2025-08-27T15:12:19","guid":{"rendered":"https:\/\/roveyayinevi.com.tr\/index.php\/urun\/otostopcunun-galaksi-rehberi-radyo-tiyatrosu\/"},"modified":"2025-09-29T01:03:37","modified_gmt":"2025-09-28T22:03:37","slug":"otostopcunun-galaksi-rehberi-radyo-tiyatrosu","status":"publish","type":"product","link":"https:\/\/roveyayinevi.com.tr\/index.php\/urun\/otostopcunun-galaksi-rehberi-radyo-tiyatrosu\/","title":{"rendered":"Otostop\u00e7unun Galaksi Rehberi; Radyo Tiyatrosu"},"content":{"rendered":"<p>Her \u015fey bir radyo program\u0131yla ba\u015flad\u0131. Otostop\u00e7unun Galaksi Rehberi, bu kez 1979\u2019da Radio 4\u2019te yay\u0131nlanan program\u0131n diyaloglar\u0131n\u0131 i\u00e7eren orijinal senaryolar\u0131yla kar\u015f\u0131n\u0131zda. Bu kitapta Otostop\u00e7unun Galaksi Rehberi\u2019yle ya\u015fad\u0131\u011f\u0131n\u0131z deneyimi tamamlayacak harika ayr\u0131nt\u0131lar bulacaks\u0131n\u0131z. \u00d6rne\u011fin kay\u0131tlar aras\u0131nda yap\u0131lan d\u00fczeltileri ve eklemeleri, ses efektlerinin nas\u0131l elde edildi\u011fine dair pek \u00e7ok ayr\u0131nt\u0131y\u0131 ve de Douglas Adams ile Geoffrey Perkins\u2019in yaz\u0131p yap\u0131mc\u0131l\u0131\u011f\u0131n\u0131 yapt\u0131\u011f\u0131 radyo dizisiyle ilgili bir y\u0131\u011f\u0131n notu okuyabilir, yeni olaylar, yeni karakterler ve hatta yeni Rehber kay\u0131tlar\u0131yla kar\u015f\u0131la\u015fabilirsiniz. Ya\u015fad\u0131\u011f\u0131m\u0131z \u015fu tuhaf galakside kim kiminle neden, nas\u0131l, nerede, ne yapm\u0131\u015f sorular\u0131n\u0131n cevaplar\u0131n\u0131 merak eden Otostop\u00e7ulara.<\/p>\n","protected":false},"excerpt":{"rendered":"<p>Her \u015fey bir radyo program\u0131yla ba\u015flad\u0131. Otostop\u00e7unun Galaksi Rehberi, bu kez 1979\u2019da Radio 4\u2019te yay\u0131nlanan program\u0131n diyaloglar\u0131n\u0131 i\u00e7eren orijinal senaryolar\u0131yla kar\u015f\u0131n\u0131zda. Bu kitapta Otostop\u00e7unun Galaksi Rehberi\u2019yle<span class=\"excerpt-hellip\"> [\u2026]<\/span><\/p>\n","protected":false},"featured_media":0,"template":"","meta":{"_monsterinsights_skip_tracking":false,"_monsterinsights_sitenote_active":false,"_monsterinsights_sitenote_note":"","_monsterinsights_sitenote_category":0},"product_brand":[],"product_cat":[12540,12291],"product_tag":[],"class_list":{"0":"post-718670","1":"product","2":"type-product","3":"status-publish","5":"product_cat-bilim-kurgu","6":"product_cat-edebiyat","7":"pa_cilt-ciltsiz","8":"pa_tur-kitap","9":"pa_yayinevi-alfa-yayinlari","10":"pa_yazar-douglas-adams","12":"first","13":"instock","14":"sale","15":"shipping-taxable","16":"purchasable","17":"product-type-simple"},"_links":{"self":[{"href":"https:\/\/roveyayinevi.com.tr\/index.php\/wp-json\/wp\/v2\/product\/718670","targetHints":{"allow":["GET"]}}],"collection":[{"href":"https:\/\/roveyayinevi.com.tr\/index.php\/wp-json\/wp\/v2\/product"}],"about":[{"href":"https:\/\/roveyayinevi.com.tr\/index.php\/wp-json\/wp\/v2\/types\/product"}],"wp:attachment":[{"href":"https:\/\/roveyayinevi.com.tr\/index.php\/wp-json\/wp\/v2\/media?parent=718670"}],"wp:term":[{"taxonomy":"product_brand","embeddable":true,"href":"https:\/\/roveyayinevi.com.tr\/index.php\/wp-json\/wp\/v2\/product_brand?post=718670"},{"taxonomy":"product_cat","embeddable":true,"href":"https:\/\/roveyayinevi.com.tr\/index.php\/wp-json\/wp\/v2\/product_cat?post=718670"},{"taxonomy":"product_tag","embeddable":true,"href":"https:\/\/roveyayinevi.com.tr\/index.php\/wp-json\/wp\/v2\/product_tag?post=718670"}],"curies":[{"name":"wp","href":"https:\/\/api.w.org\/{rel}","templated":true}]}}