{"id":718656,"date":"2025-08-27T18:12:09","date_gmt":"2025-08-27T15:12:09","guid":{"rendered":"https:\/\/roveyayinevi.com.tr\/index.php\/urun\/tembellik-hakki-5\/"},"modified":"2026-04-16T02:26:47","modified_gmt":"2026-04-15T23:26:47","slug":"tembellik-hakki-5","status":"publish","type":"product","link":"https:\/\/roveyayinevi.com.tr\/index.php\/urun\/tembellik-hakki-5\/","title":{"rendered":"Tembellik Hakk\u0131"},"content":{"rendered":"<p>\u00c7al\u0131\u015fman\u0131n, bize dayat\u0131ld\u0131\u011f\u0131 kadar do\u011fal ve ezeli bir yeti olmad\u0131\u011f\u0131n\u0131 anlatan, y\u00fczy\u0131llar a\u015farak g\u00fcn\u00fcm\u00fcze ula\u015fabilmi\u015f bu k\u00fc\u00e7\u00fck kitap\u00e7\u0131k i\u00e7in Paul Lafargue\u2019a te\u015fekk\u00fcr bor\u00e7luyuz. Tembellik Hakk\u0131, bir aylakl\u0131k \u00e7a\u011fr\u0131s\u0131 de\u011fil, vah\u015fi kapitalizmin kad\u0131n, erkek, \u00e7ocuk demeden herkesi mecbur k\u0131ld\u0131\u011f\u0131 \u00e7al\u0131\u015fma mevhumuna, yarat\u0131c\u0131l\u0131k yitimine bir itirazd\u0131r. \u00dccretli k\u00f6lelik d\u00fczenini t\u00fcm\u00fcyle reddetmek yerine insanca \u201c\u00e7al\u0131\u015fma\u201d talebini en ba\u015fa yazarak bo\u015f vakit hakk\u0131ndan vazge\u00e7en i\u015f\u00e7ilere, bu d\u00fczeni de\u011fi\u015ftirilemez sayarak i\u00e7inde debelenen hepimize, yakla\u015f\u0131k y\u00fcz elli y\u0131ll\u0131k g\u00fc\u00e7l\u00fc bir s\u00f6vg\u00fc ve yergidir.\u00d6zg\u00fcn bir Marksist olan Lafargue, kendi tarihsel d\u00fc\u015f\u00fcncesini Proudhoncu g\u00f6r\u00fc\u015fler ve Paris Kom\u00fcn\u00fc\u2019n\u00fcn etkileriyle harmanlayarak \u201c\u00e7al\u0131\u015fma-t\u00fcketme-uyuma\u201d cehennemi d\u00f6ng\u00fcs\u00fcn\u00fc par\u00e7alamaya vurgu yapar. 19. y\u00fczy\u0131l\u0131n kolektif zihniyet yap\u0131lar\u0131n\u0131n analizini ve entelekt\u00fcel monografisini sunarken, hedefinde bu \u00e7al\u0131\u015fma a\u015fk\u0131n\u0131n esas kayna\u011f\u0131; din adamlar\u0131, ekonomist ve ahlak\u00e7\u0131lar vard\u0131r. Ger\u00e7ek ya\u015fam\u0131n, bir az\u0131nl\u0131\u011f\u0131 zenginle\u015ftirmeye devam etmek i\u00e7in \u00e7al\u0131\u015fmak ve t\u00fcketmek aras\u0131nda yitip gitti\u011fi ger\u00e7e\u011fini g\u00f6rmek isteyenlere&#8230;<\/p>\n","protected":false},"excerpt":{"rendered":"<p>\u00c7al\u0131\u015fman\u0131n, bize dayat\u0131ld\u0131\u011f\u0131 kadar do\u011fal ve ezeli bir yeti olmad\u0131\u011f\u0131n\u0131 anlatan, y\u00fczy\u0131llar a\u015farak g\u00fcn\u00fcm\u00fcze ula\u015fabilmi\u015f bu k\u00fc\u00e7\u00fck kitap\u00e7\u0131k i\u00e7in Paul Lafargue\u2019a te\u015fekk\u00fcr bor\u00e7luyuz. Tembellik Hakk\u0131, bir<span class=\"excerpt-hellip\"> [\u2026]<\/span><\/p>\n","protected":false},"featured_media":0,"template":"","meta":{"_monsterinsights_skip_tracking":false,"_monsterinsights_sitenote_active":false,"_monsterinsights_sitenote_note":"","_monsterinsights_sitenote_category":0},"product_brand":[],"product_cat":[12325,12324],"product_tag":[],"class_list":{"0":"post-718656","1":"product","2":"type-product","3":"status-publish","5":"product_cat-diger-sosyoloji","6":"product_cat-sosyoloji","7":"pa_cilt-ciltsiz","8":"pa_tur-kitap","9":"pa_yayinevi-sel-yayincilik","10":"pa_yazar-paul-lafargue","12":"first","13":"instock","14":"sale","15":"shipping-taxable","16":"purchasable","17":"product-type-simple"},"_links":{"self":[{"href":"https:\/\/roveyayinevi.com.tr\/index.php\/wp-json\/wp\/v2\/product\/718656","targetHints":{"allow":["GET"]}}],"collection":[{"href":"https:\/\/roveyayinevi.com.tr\/index.php\/wp-json\/wp\/v2\/product"}],"about":[{"href":"https:\/\/roveyayinevi.com.tr\/index.php\/wp-json\/wp\/v2\/types\/product"}],"wp:attachment":[{"href":"https:\/\/roveyayinevi.com.tr\/index.php\/wp-json\/wp\/v2\/media?parent=718656"}],"wp:term":[{"taxonomy":"product_brand","embeddable":true,"href":"https:\/\/roveyayinevi.com.tr\/index.php\/wp-json\/wp\/v2\/product_brand?post=718656"},{"taxonomy":"product_cat","embeddable":true,"href":"https:\/\/roveyayinevi.com.tr\/index.php\/wp-json\/wp\/v2\/product_cat?post=718656"},{"taxonomy":"product_tag","embeddable":true,"href":"https:\/\/roveyayinevi.com.tr\/index.php\/wp-json\/wp\/v2\/product_tag?post=718656"}],"curies":[{"name":"wp","href":"https:\/\/api.w.org\/{rel}","templated":true}]}}