{"id":718654,"date":"2025-08-27T18:12:08","date_gmt":"2025-08-27T15:12:08","guid":{"rendered":"https:\/\/roveyayinevi.com.tr\/index.php\/urun\/bagdat-pakti\/"},"modified":"2026-04-16T02:26:46","modified_gmt":"2026-04-15T23:26:46","slug":"bagdat-pakti","status":"publish","type":"product","link":"https:\/\/roveyayinevi.com.tr\/index.php\/urun\/bagdat-pakti\/","title":{"rendered":"Ba\u011fdat Pakt\u0131"},"content":{"rendered":"<p>Prof. Dr. Beh\u00e7et Kemal Ye\u015filbursa bu kitapta 1950\u2019li y\u0131llar\u0131n Ortado\u011fu co\u011frafyas\u0131na odaklanarak Ba\u011fdat Pakt\u0131n\u0131n ve Ortado\u011fu\u2019daki \u0130ngiliz-Amerikan savunma politikalar\u0131n\u0131n olu\u015fum ve geli\u015fim seyrini ara\u015ft\u0131r\u0131yor. So\u011fuk Sava\u015f\u0131n t\u0131rmand\u0131\u011f\u0131 1950\u2019lerin ba\u015flar\u0131nda, Kuzey Atlantik Pakt\u0131 (NATO) ile benzer ama\u00e7lar \u00e7er\u00e7evesinde kurulan Ba\u011fdat Pakt\u0131n\u0131n temelleri, ya\u015fanan ba\u015far\u0131 ve ba\u015far\u0131s\u0131zl\u0131klar, muhalif \u00fclkelerin pakta kar\u015f\u0131 y\u00fcr\u00fctt\u00fc\u011f\u00fc m\u00fccadele ve daha pek \u00e7ok unsur, kitapta b\u00fct\u00fcnc\u00fcl bir bak\u0131\u015f a\u00e7\u0131s\u0131yla ele al\u0131n\u0131yor. \u00c7al\u0131\u015fma, her ne kadar So\u011fuk Sava\u015fta \u0130ngiliz-Amerikan d\u0131\u015f politikas\u0131n\u0131n Ortado\u011fu\u2019da Sovyetler Birli\u011fi\u2019ne kar\u015f\u0131 geli\u015ftirmeyi ama\u00e7lad\u0131\u011f\u0131 stratejiye odaklan\u0131yor olsa da, pakt\u0131n b\u00f6lgesel \u00fcyelerinin \u0130ngiliz-Amerikan ittifak\u0131na d\u00f6n\u00fck politikalar\u0131na ve pakt\u0131n i\u00e7 yap\u0131s\u0131na dair de olduk\u00e7a zengin bir i\u00e7eri\u011fe sahip. <\/p>\n","protected":false},"excerpt":{"rendered":"<p>Prof. Dr. Beh\u00e7et Kemal Ye\u015filbursa bu kitapta 1950\u2019li y\u0131llar\u0131n Ortado\u011fu co\u011frafyas\u0131na odaklanarak Ba\u011fdat Pakt\u0131n\u0131n ve Ortado\u011fu\u2019daki \u0130ngiliz-Amerikan savunma politikalar\u0131n\u0131n olu\u015fum ve geli\u015fim seyrini ara\u015ft\u0131r\u0131yor. So\u011fuk Sava\u015f\u0131n<span class=\"excerpt-hellip\"> [\u2026]<\/span><\/p>\n","protected":false},"featured_media":0,"template":"","meta":{"_monsterinsights_skip_tracking":false,"_monsterinsights_sitenote_active":false,"_monsterinsights_sitenote_note":"","_monsterinsights_sitenote_category":0},"product_brand":[],"product_cat":[12370,12304],"product_tag":[],"class_list":{"0":"post-718654","1":"product","2":"type-product","3":"status-publish","5":"product_cat-arastirma-inceleme","6":"product_cat-tarih","7":"pa_cilt-ciltsiz","8":"pa_tur-kitap","9":"pa_yayinevi-vakifbank-kultur-yayinlari","10":"pa_yazar-behcet-kemal-yesilbursa","12":"first","13":"instock","14":"sale","15":"shipping-taxable","16":"purchasable","17":"product-type-simple"},"_links":{"self":[{"href":"https:\/\/roveyayinevi.com.tr\/index.php\/wp-json\/wp\/v2\/product\/718654","targetHints":{"allow":["GET"]}}],"collection":[{"href":"https:\/\/roveyayinevi.com.tr\/index.php\/wp-json\/wp\/v2\/product"}],"about":[{"href":"https:\/\/roveyayinevi.com.tr\/index.php\/wp-json\/wp\/v2\/types\/product"}],"wp:attachment":[{"href":"https:\/\/roveyayinevi.com.tr\/index.php\/wp-json\/wp\/v2\/media?parent=718654"}],"wp:term":[{"taxonomy":"product_brand","embeddable":true,"href":"https:\/\/roveyayinevi.com.tr\/index.php\/wp-json\/wp\/v2\/product_brand?post=718654"},{"taxonomy":"product_cat","embeddable":true,"href":"https:\/\/roveyayinevi.com.tr\/index.php\/wp-json\/wp\/v2\/product_cat?post=718654"},{"taxonomy":"product_tag","embeddable":true,"href":"https:\/\/roveyayinevi.com.tr\/index.php\/wp-json\/wp\/v2\/product_tag?post=718654"}],"curies":[{"name":"wp","href":"https:\/\/api.w.org\/{rel}","templated":true}]}}