{"id":718642,"date":"2025-08-27T18:12:00","date_gmt":"2025-08-27T15:12:00","guid":{"rendered":"https:\/\/roveyayinevi.com.tr\/index.php\/urun\/cay\/"},"modified":"2026-04-16T02:26:46","modified_gmt":"2026-04-15T23:26:46","slug":"cay","status":"publish","type":"product","link":"https:\/\/roveyayinevi.com.tr\/index.php\/urun\/cay\/","title":{"rendered":"\u00c7ay"},"content":{"rendered":"<p>\u00c7ay\u0131n k\u00f6keni, \u00fcretimi, demleni\u015fi ve d\u00fcnyada \u00e7ay k\u00fclt\u00fcr\u00fc&#8230; \u00c7in, Hindistan, Japonya, Mo\u011folistan, Tibet\u2026 \u00c7ay pek \u00e7ok \u00fclkede co\u011frafya, al\u0131\u015fkanl\u0131klar ve geleneklerle \u015fekillenerek o \u00fclke k\u00fclt\u00fcr\u00fcne derin izler b\u0131rak\u0131p vazge\u00e7ilmez bir yer edinmi\u015ftir. T\u00fcrkiye\u2019de \u00e7ay\u0131n ge\u00e7mi\u015fi y\u00fczy\u0131llar \u00f6tesine dayanmasa da Cumhuriyet\u2019in ard\u0131ndan iyiden iyiye hayat\u0131m\u0131za girmi\u015f, \u00e7ok k\u0131sa s\u00fcre i\u00e7inde de k\u00fclt\u00fcr\u00fcm\u00fcz\u00fcn vazge\u00e7ilmez bir par\u00e7as\u0131 olmu\u015ftur. \u00dcretim \u015fekli, tarladan fincana kadar ge\u00e7en s\u00fcre\u00e7, d\u00fcnyadaki farkl\u0131 \u00e7ay al\u0131\u015fkanl\u0131klar\u0131 ve k\u00fclt\u00fcrleri, en nadide \u00e7aylar, iyi \u00e7ay demlemenin incelikleri, bir uzman gibi \u00e7ay tad\u0131m\u0131 yapman\u0131n s\u0131rlar\u0131 ve \u00e7aya dair merak edilen her \u015feyi bu kitapta bulacaks\u0131n\u0131z.<\/p>\n","protected":false},"excerpt":{"rendered":"<p>\u00c7ay\u0131n k\u00f6keni, \u00fcretimi, demleni\u015fi ve d\u00fcnyada \u00e7ay k\u00fclt\u00fcr\u00fc&#8230; \u00c7in, Hindistan, Japonya, Mo\u011folistan, Tibet\u2026 \u00c7ay pek \u00e7ok \u00fclkede co\u011frafya, al\u0131\u015fkanl\u0131klar ve geleneklerle \u015fekillenerek o \u00fclke k\u00fclt\u00fcr\u00fcne derin<span class=\"excerpt-hellip\"> [\u2026]<\/span><\/p>\n","protected":false},"featured_media":0,"template":"","meta":{"_monsterinsights_skip_tracking":false,"_monsterinsights_sitenote_active":false,"_monsterinsights_sitenote_note":"","_monsterinsights_sitenote_category":0},"product_brand":[],"product_cat":[12457],"product_tag":[],"class_list":{"0":"post-718642","1":"product","2":"type-product","3":"status-publish","5":"product_cat-yemek-kitaplari","6":"pa_cilt-ciltsiz","7":"pa_tur-kitap","8":"pa_yayinevi-remzi-kitabevi","9":"pa_yazar-ebru-erke","11":"first","12":"instock","13":"sale","14":"shipping-taxable","15":"purchasable","16":"product-type-simple"},"_links":{"self":[{"href":"https:\/\/roveyayinevi.com.tr\/index.php\/wp-json\/wp\/v2\/product\/718642","targetHints":{"allow":["GET"]}}],"collection":[{"href":"https:\/\/roveyayinevi.com.tr\/index.php\/wp-json\/wp\/v2\/product"}],"about":[{"href":"https:\/\/roveyayinevi.com.tr\/index.php\/wp-json\/wp\/v2\/types\/product"}],"wp:attachment":[{"href":"https:\/\/roveyayinevi.com.tr\/index.php\/wp-json\/wp\/v2\/media?parent=718642"}],"wp:term":[{"taxonomy":"product_brand","embeddable":true,"href":"https:\/\/roveyayinevi.com.tr\/index.php\/wp-json\/wp\/v2\/product_brand?post=718642"},{"taxonomy":"product_cat","embeddable":true,"href":"https:\/\/roveyayinevi.com.tr\/index.php\/wp-json\/wp\/v2\/product_cat?post=718642"},{"taxonomy":"product_tag","embeddable":true,"href":"https:\/\/roveyayinevi.com.tr\/index.php\/wp-json\/wp\/v2\/product_tag?post=718642"}],"curies":[{"name":"wp","href":"https:\/\/api.w.org\/{rel}","templated":true}]}}