{"id":718638,"date":"2025-08-27T18:11:57","date_gmt":"2025-08-27T15:11:57","guid":{"rendered":"https:\/\/roveyayinevi.com.tr\/index.php\/urun\/buyuk-anavatan-savasinda-stalin-ve-generalleri\/"},"modified":"2026-04-16T02:26:46","modified_gmt":"2026-04-15T23:26:46","slug":"buyuk-anavatan-savasinda-stalin-ve-generalleri","status":"publish","type":"product","link":"https:\/\/roveyayinevi.com.tr\/index.php\/urun\/buyuk-anavatan-savasinda-stalin-ve-generalleri\/","title":{"rendered":"B\u00fcy\u00fck Anavatan Sava\u015f\u0131nda Stalin ve Generalleri"},"content":{"rendered":"<p>Kar\u015f\u0131devrimle m\u00fccadele edebilmenin en \u00f6nemli arac\u0131,devrimci m\u00fccadeleyi ya\u015fam\u0131n her alan\u0131nda s\u00fcrd\u00fcrmek ve bu m\u00fccadeleyi s\u00fcrd\u00fcrm\u00fc\u015f olan partilerin tecr\u00fcbelerinden bug\u00fcn yolumuzu ayd\u0131nlatabilecek dersler \u00e7\u0131kartmakt\u0131r.Bu derslerden birisi de \u015f\u00fcphesiz ki \u00f6nderlik sanat\u0131d\u0131r.Stalin o B\u00fcy\u00fck Anavatan Sava\u015f\u0131&#8217;nda sadece K\u0131z\u0131l Ordu&#8217;ya de\u011fil;ayn\u0131 zamanda Sovyet devletine ,Bol\u015fevik Parti&#8217;ye ve b\u00fct\u00fcn Sovyet insan\u0131na da \u00f6nderlik etmi\u015ftir.O&#8217;nun bunu nas\u0131l ger\u00e7ekle\u015ftirdi\u011fi \u00fczerine \u00e7ok \u015fey s\u00f6ylenebilir.Ancak,sorunlar\u0131 ele al\u0131\u015f\u0131,daha da \u00f6\u011freticidir.Sorunlar\u0131 nas\u0131l ele ald\u0131\u011f\u0131n\u0131,ikna g\u00fcc\u00fcn\u00fc,\u00f6nderlik sanat\u0131n\u0131,O&#8217;nun B\u00fcy\u00fck Anavatan Sava\u015f\u0131 d\u00f6neminde verdi\u011fi emirlerde ve her g\u00fcn ili\u015fkide bulundu\u011fu\/tart\u0131\u015ft\u0131\u011f\u0131 20-30 ki\u015filik \u00f6nder kadro grubuyla ;\u00f6zellikle de generalleriyle ili\u015fkisinde g\u00f6rmekteyiz&#8230;Stalin&#8217;in o B\u00fcy\u00fck Anavatan Sava\u015f\u0131 d\u00f6neminde Ba\u015fkomutan olarak verdi\u011fi emirlere,direktiflere;\u00f6nderlik,e\u011fiticilik,ikna etme,askeri strateji,ayn\u0131 zamanda \u00fclkenin di\u011fer b\u00fct\u00fcn sorunlar\u0131n\u0131 ele alma,tart\u0131\u015fma sanat\u0131 a\u00e7\u0131s\u0131ndan bakmak gerekir.Elinizdeki kitap,bu a\u00e7\u0131dan bakmay\u0131 kola\u015fla\u015ft\u0131rmak i\u00e7in derlendi.<\/p>\n","protected":false},"excerpt":{"rendered":"<p>Kar\u015f\u0131devrimle m\u00fccadele edebilmenin en \u00f6nemli arac\u0131,devrimci m\u00fccadeleyi ya\u015fam\u0131n her alan\u0131nda s\u00fcrd\u00fcrmek ve bu m\u00fccadeleyi s\u00fcrd\u00fcrm\u00fc\u015f olan partilerin tecr\u00fcbelerinden bug\u00fcn yolumuzu ayd\u0131nlatabilecek dersler \u00e7\u0131kartmakt\u0131r.Bu derslerden birisi de<span class=\"excerpt-hellip\"> [\u2026]<\/span><\/p>\n","protected":false},"featured_media":0,"template":"","meta":{"_monsterinsights_skip_tracking":false,"_monsterinsights_sitenote_active":false,"_monsterinsights_sitenote_note":"","_monsterinsights_sitenote_category":0},"product_brand":[],"product_cat":[12312,12304],"product_tag":[],"class_list":{"0":"post-718638","1":"product","2":"type-product","3":"status-publish","5":"product_cat-diger","6":"product_cat-tarih","7":"pa_cilt-ciltsiz","8":"pa_tur-kitap","9":"pa_yayinevi-toz-yayinlari","10":"pa_yazar-kolektif","12":"first","13":"instock","14":"sale","15":"shipping-taxable","16":"purchasable","17":"product-type-simple"},"_links":{"self":[{"href":"https:\/\/roveyayinevi.com.tr\/index.php\/wp-json\/wp\/v2\/product\/718638","targetHints":{"allow":["GET"]}}],"collection":[{"href":"https:\/\/roveyayinevi.com.tr\/index.php\/wp-json\/wp\/v2\/product"}],"about":[{"href":"https:\/\/roveyayinevi.com.tr\/index.php\/wp-json\/wp\/v2\/types\/product"}],"wp:attachment":[{"href":"https:\/\/roveyayinevi.com.tr\/index.php\/wp-json\/wp\/v2\/media?parent=718638"}],"wp:term":[{"taxonomy":"product_brand","embeddable":true,"href":"https:\/\/roveyayinevi.com.tr\/index.php\/wp-json\/wp\/v2\/product_brand?post=718638"},{"taxonomy":"product_cat","embeddable":true,"href":"https:\/\/roveyayinevi.com.tr\/index.php\/wp-json\/wp\/v2\/product_cat?post=718638"},{"taxonomy":"product_tag","embeddable":true,"href":"https:\/\/roveyayinevi.com.tr\/index.php\/wp-json\/wp\/v2\/product_tag?post=718638"}],"curies":[{"name":"wp","href":"https:\/\/api.w.org\/{rel}","templated":true}]}}