{"id":718605,"date":"2025-08-27T18:10:50","date_gmt":"2025-08-27T15:10:50","guid":{"rendered":"https:\/\/roveyayinevi.com.tr\/index.php\/urun\/kutuphanedeki-beden\/"},"modified":"2026-04-16T02:26:45","modified_gmt":"2026-04-15T23:26:45","slug":"kutuphanedeki-beden","status":"publish","type":"product","link":"https:\/\/roveyayinevi.com.tr\/index.php\/urun\/kutuphanedeki-beden\/","title":{"rendered":"K\u00fct\u00fcphanedeki Beden"},"content":{"rendered":"<p>T\u0131p ger\u00e7ekten bir k\u00fct\u00fcphanedir, ama do\u011fru bi\u00e7imde okunmas\u0131 gerekir.T\u0131p tarihi, insan zek\u00e2s\u0131n\u0131n hastal\u0131\u011fa kar\u015f\u0131 verdi\u011fi k\u0131yas\u0131ya m\u00fccadelenin tarihidir. Edebiyat tarihi de bu m\u00fccadelenin kayd\u0131n\u0131 bazen roman ya da \u00f6yk\u00fc, bazen de g\u00fcnl\u00fck, mektup ve denemelerle tutarak insan\u0131n hastal\u0131k ve \u00f6l\u00fcmle nas\u0131l bir ili\u015fki kurdu\u011funu yorumlamaya \u00e7al\u0131\u015f\u0131r.Iain Bamforth taraf\u0131ndan derlenen, Charles Dickens\u2019tan Franz Kafka\u2019ya, Virginia Woolf\u2019tan Susan Sontag\u2019a, John Berger\u2019dan Oliver Sacks\u2019e uzanan bir yelpazeyle zenginle\u015fen bu antoloji, t\u0131bb\u0131n toplumsal tarihini edebiyat arac\u0131l\u0131\u011f\u0131yla ayd\u0131nlat\u0131yor. Usta yazarlar\u0131n eserlerinden se\u00e7ilmi\u015f b\u00f6l\u00fcmler, varolu\u015fumuza dair sorular\u0131 sormak i\u00e7in neden edebiyata ba\u015fvurdu\u011fumuzu bize yeniden hat\u0131rlat\u0131yor.<\/p>\n","protected":false},"excerpt":{"rendered":"<p>T\u0131p ger\u00e7ekten bir k\u00fct\u00fcphanedir, ama do\u011fru bi\u00e7imde okunmas\u0131 gerekir.T\u0131p tarihi, insan zek\u00e2s\u0131n\u0131n hastal\u0131\u011fa kar\u015f\u0131 verdi\u011fi k\u0131yas\u0131ya m\u00fccadelenin tarihidir. Edebiyat tarihi de bu m\u00fccadelenin kayd\u0131n\u0131 bazen roman<span class=\"excerpt-hellip\"> [\u2026]<\/span><\/p>\n","protected":false},"featured_media":0,"template":"","meta":{"_monsterinsights_skip_tracking":false,"_monsterinsights_sitenote_active":false,"_monsterinsights_sitenote_note":"","_monsterinsights_sitenote_category":0},"product_brand":[],"product_cat":[14060,12291],"product_tag":[],"class_list":{"0":"post-718605","1":"product","2":"type-product","3":"status-publish","5":"product_cat-antoloji","6":"product_cat-edebiyat","7":"pa_cilt-ciltsiz","8":"pa_tur-kitap","9":"pa_yayinevi-cinar-yayinlari","10":"pa_yazar-iain-bamforth","12":"first","13":"instock","14":"sale","15":"shipping-taxable","16":"purchasable","17":"product-type-simple"},"_links":{"self":[{"href":"https:\/\/roveyayinevi.com.tr\/index.php\/wp-json\/wp\/v2\/product\/718605","targetHints":{"allow":["GET"]}}],"collection":[{"href":"https:\/\/roveyayinevi.com.tr\/index.php\/wp-json\/wp\/v2\/product"}],"about":[{"href":"https:\/\/roveyayinevi.com.tr\/index.php\/wp-json\/wp\/v2\/types\/product"}],"wp:attachment":[{"href":"https:\/\/roveyayinevi.com.tr\/index.php\/wp-json\/wp\/v2\/media?parent=718605"}],"wp:term":[{"taxonomy":"product_brand","embeddable":true,"href":"https:\/\/roveyayinevi.com.tr\/index.php\/wp-json\/wp\/v2\/product_brand?post=718605"},{"taxonomy":"product_cat","embeddable":true,"href":"https:\/\/roveyayinevi.com.tr\/index.php\/wp-json\/wp\/v2\/product_cat?post=718605"},{"taxonomy":"product_tag","embeddable":true,"href":"https:\/\/roveyayinevi.com.tr\/index.php\/wp-json\/wp\/v2\/product_tag?post=718605"}],"curies":[{"name":"wp","href":"https:\/\/api.w.org\/{rel}","templated":true}]}}