{"id":718599,"date":"2025-08-27T18:10:46","date_gmt":"2025-08-27T15:10:46","guid":{"rendered":"https:\/\/roveyayinevi.com.tr\/index.php\/urun\/turk-memluklerin-faziletleri\/"},"modified":"2025-12-30T10:23:14","modified_gmt":"2025-12-30T07:23:14","slug":"turk-memluklerin-faziletleri","status":"publish","type":"product","link":"https:\/\/roveyayinevi.com.tr\/index.php\/urun\/turk-memluklerin-faziletleri\/","title":{"rendered":"T\u00fcrk Meml\u00fcklerin Faziletleri"},"content":{"rendered":"<p>T\u00fcrklerin meziyetleri hakk\u0131ndaki eserlerden biri olan bu kitap M\u0131s\u0131r meml\u00fckleri zaman\u0131nda, Fatih devrinde ya\u015fayan Muhibbeddin Ebu Hamid el-Makdisi (el-Kudsi) taraf\u0131ndan Hicri 881 Miladi 1476 y\u0131l\u0131nda yaz\u0131lm\u0131\u015ft\u0131r.Yazar bu kitab\u0131nda M\u0131s\u0131r&#8217;da kurulan \u0130slam devleti tarihinden k\u0131saca bahsettikten sonra, ikinci k\u0131sm\u0131nda M\u0131s\u0131r&#8217;a getirilip meml\u00fck askeri yeti\u015ftirilen T\u00fcrklerin meziyetlerinden bahseder. Onlar\u0131n Kahramanl\u0131klar\u0131n\u0131, M\u0131s\u0131r toplumu i\u00e7inde \u00fclke m\u00fcdafaas\u0131ndaki yerlerinden bahseder.\u00d6yle anla\u015f\u0131l\u0131yor ki, bu devirde M\u0131s\u0131r&#8217;da h\u00fck\u00fcm s\u00fcren K\u0131p\u00e7ak, \u00c7erkes meml\u00fckleri M\u0131s\u0131r&#8217;\u0131n ger\u00e7ek sahipleriydi. M\u0131s\u0131r halk\u0131 sadece kendi i\u015fleriyle ilgilenip, bar\u0131\u015f ve s\u00fckunet i\u00e7inde ya\u015f\u0131yordu. Yazar bu arada Memluk T\u00fcrklerin ahlaklar\u0131n\u0131n, karakterlerinin y\u00fcksekli\u011finden, halk aras\u0131nda s\u00f6zlerinin ge\u00e7erlili\u011finden, ya\u015fad\u0131klar\u0131 l\u00fcks hayattan, T\u00fcrklerin g\u00fczelliklerinden, bilhassa kad\u0131nlar\u0131n g\u00fczelli\u011finden, meml\u00fck d\u00fczeninin son zamanlarda bozuldu\u011fundan meml\u00fcklerin \u015f\u0131mard\u0131\u011f\u0131ndan bahseder. T\u00fcrklerle ilgili \u00e7al\u0131\u015fmalar\u0131n\u0131n son halkas\u0131 olan bu kitab\u0131n okuyucular taraf\u0131ndan ilgiyle kar\u015f\u0131lanaca\u011f\u0131n\u0131 umar\u0131z<\/p>\n","protected":false},"excerpt":{"rendered":"<p>T\u00fcrklerin meziyetleri hakk\u0131ndaki eserlerden biri olan bu kitap M\u0131s\u0131r meml\u00fckleri zaman\u0131nda, Fatih devrinde ya\u015fayan Muhibbeddin Ebu Hamid el-Makdisi (el-Kudsi) taraf\u0131ndan Hicri 881 Miladi 1476 y\u0131l\u0131nda yaz\u0131lm\u0131\u015ft\u0131r.Yazar<span class=\"excerpt-hellip\"> [\u2026]<\/span><\/p>\n","protected":false},"featured_media":0,"template":"","meta":{"_monsterinsights_skip_tracking":false,"_monsterinsights_sitenote_active":false,"_monsterinsights_sitenote_note":"","_monsterinsights_sitenote_category":0},"product_brand":[],"product_cat":[12312,12304],"product_tag":[],"class_list":{"0":"post-718599","1":"product","2":"type-product","3":"status-publish","5":"product_cat-diger","6":"product_cat-tarih","7":"pa_cilt-ciltsiz","8":"pa_tur-kitap","9":"pa_yayinevi-yeditepe-yayinevi","10":"pa_yazar-muhibbeddin-ebu-hamid-makdisi","12":"first","13":"instock","14":"sale","15":"shipping-taxable","16":"purchasable","17":"product-type-simple"},"_links":{"self":[{"href":"https:\/\/roveyayinevi.com.tr\/index.php\/wp-json\/wp\/v2\/product\/718599","targetHints":{"allow":["GET"]}}],"collection":[{"href":"https:\/\/roveyayinevi.com.tr\/index.php\/wp-json\/wp\/v2\/product"}],"about":[{"href":"https:\/\/roveyayinevi.com.tr\/index.php\/wp-json\/wp\/v2\/types\/product"}],"wp:attachment":[{"href":"https:\/\/roveyayinevi.com.tr\/index.php\/wp-json\/wp\/v2\/media?parent=718599"}],"wp:term":[{"taxonomy":"product_brand","embeddable":true,"href":"https:\/\/roveyayinevi.com.tr\/index.php\/wp-json\/wp\/v2\/product_brand?post=718599"},{"taxonomy":"product_cat","embeddable":true,"href":"https:\/\/roveyayinevi.com.tr\/index.php\/wp-json\/wp\/v2\/product_cat?post=718599"},{"taxonomy":"product_tag","embeddable":true,"href":"https:\/\/roveyayinevi.com.tr\/index.php\/wp-json\/wp\/v2\/product_tag?post=718599"}],"curies":[{"name":"wp","href":"https:\/\/api.w.org\/{rel}","templated":true}]}}