{"id":718586,"date":"2025-08-27T18:10:38","date_gmt":"2025-08-27T15:10:38","guid":{"rendered":"https:\/\/roveyayinevi.com.tr\/index.php\/urun\/roket-milyarderleri\/"},"modified":"2026-04-16T02:26:45","modified_gmt":"2026-04-15T23:26:45","slug":"roket-milyarderleri","status":"publish","type":"product","link":"https:\/\/roveyayinevi.com.tr\/index.php\/urun\/roket-milyarderleri\/","title":{"rendered":"Roket Milyarderleri"},"content":{"rendered":"<p>Elon Musk ve Jeff Bezos. Onlar, umutlar\u0131n\u0131 uzay gemilerine ba\u011flayan, insanl\u0131\u011f\u0131n hayat\u0131n\u0131 ba\u015fka gezegenlerde devam ettirmesinin yollar\u0131n\u0131 arayan, s\u0131n\u0131rlar\u0131 zorlayan iki uzay giri\u015fimcisi. Onlar bir yandan uzay ekonomisini alt\u00fcst edecek k\u0131yas\u0131ya bir m\u00fccadele verirken bir yandan da egolar\u0131n\u0131 ok\u015famaktan geri durmayan hayalperestler. Onlar\u0131n mottosu belli: Risk yoksa \u00f6d\u00fcl k\u00fc\u00e7\u00fckt\u00fcr! Gelecekte s\u00fcper g\u00fc\u00e7 olabilmenin yolu uzaydan m\u0131 ge\u00e7iyor? Uzayda \u00e7ok gezegenli bir uygarl\u0131k kurmak m\u00fcmk\u00fcn m\u00fc? Roketler nas\u0131l tasarlan\u0131r? Roket sekt\u00f6r\u00fc hangi riskleri bar\u0131nd\u0131r\u0131r? Mars\u2019ta koloni kurmak m\u00fcmk\u00fcn olacak m\u0131? Uzay milyarderleri nas\u0131l motive oluyorlar? Nas\u0131l \u00e7al\u0131\u015f\u0131yorlar? Tim Fernholz, ba\u015far\u0131l\u0131 habercili\u011fiyle, bizlere karma\u015fa i\u00e7indeki bir end\u00fcstriyi biyografik detaylarla aktar\u0131yor. NASA, iddial\u0131 uzay program\u0131n\u0131 muhafaza etmeye \u00e7al\u0131\u015f\u0131yor; Boeing ve Lockheed Martin gibi geleneksel uzay \u015firketleri, yeni rakiplere uyum sa\u011flamak i\u00e7in m\u00fccadele veriyor; lobiciler devlet bor\u00e7lar\u0131yla cebelle\u015fiyor ve kanun koyucular bu yeni uzay yar\u0131\u015f\u0131n\u0131n k\u00fcresel anla\u015fmazl\u0131\u011fa d\u00f6n\u00fc\u015fmesini engellemeye \u00e7al\u0131\u015f\u0131yor. Fernholz, uzay\u0131n fethine uzanan yeni yar\u0131\u015f\u0131n i\u00e7y\u00fcz\u00fcn\u00fc rekabet ve ayakta kalabilmeye dair s\u00fcr\u00fckleyici bir hik\u00e2yeye d\u00f6n\u00fc\u015ft\u00fcr\u00fcyor.  \u201cFernholz, odak noktas\u0131nda \u00f6zel sekt\u00f6r\u00fcn tekrar kullan\u0131labilir roket \u00fcretimi teknolojisi aray\u0131\u015f\u0131n\u0131n bulundu\u011fu, iyi haz\u0131rlanm\u0131\u015f bir anlat\u0131 sunuyor.\u201d The Wall Street Journal  <\/p>\n","protected":false},"excerpt":{"rendered":"<p>Elon Musk ve Jeff Bezos. Onlar, umutlar\u0131n\u0131 uzay gemilerine ba\u011flayan, insanl\u0131\u011f\u0131n hayat\u0131n\u0131 ba\u015fka gezegenlerde devam ettirmesinin yollar\u0131n\u0131 arayan, s\u0131n\u0131rlar\u0131 zorlayan iki uzay giri\u015fimcisi. Onlar bir yandan<span class=\"excerpt-hellip\"> [\u2026]<\/span><\/p>\n","protected":false},"featured_media":0,"template":"","meta":{"_monsterinsights_skip_tracking":false,"_monsterinsights_sitenote_active":false,"_monsterinsights_sitenote_note":"","_monsterinsights_sitenote_category":0},"product_brand":[],"product_cat":[52477],"product_tag":[],"class_list":{"0":"post-718586","1":"product","2":"type-product","3":"status-publish","5":"product_cat-arastirma","6":"pa_cilt-ciltsiz","7":"pa_tur-kitap","8":"pa_yayinevi-destek-yayinlari","9":"pa_yazar-tim-fernholz","11":"first","12":"instock","13":"sale","14":"shipping-taxable","15":"purchasable","16":"product-type-simple"},"_links":{"self":[{"href":"https:\/\/roveyayinevi.com.tr\/index.php\/wp-json\/wp\/v2\/product\/718586","targetHints":{"allow":["GET"]}}],"collection":[{"href":"https:\/\/roveyayinevi.com.tr\/index.php\/wp-json\/wp\/v2\/product"}],"about":[{"href":"https:\/\/roveyayinevi.com.tr\/index.php\/wp-json\/wp\/v2\/types\/product"}],"wp:attachment":[{"href":"https:\/\/roveyayinevi.com.tr\/index.php\/wp-json\/wp\/v2\/media?parent=718586"}],"wp:term":[{"taxonomy":"product_brand","embeddable":true,"href":"https:\/\/roveyayinevi.com.tr\/index.php\/wp-json\/wp\/v2\/product_brand?post=718586"},{"taxonomy":"product_cat","embeddable":true,"href":"https:\/\/roveyayinevi.com.tr\/index.php\/wp-json\/wp\/v2\/product_cat?post=718586"},{"taxonomy":"product_tag","embeddable":true,"href":"https:\/\/roveyayinevi.com.tr\/index.php\/wp-json\/wp\/v2\/product_tag?post=718586"}],"curies":[{"name":"wp","href":"https:\/\/api.w.org\/{rel}","templated":true}]}}