{"id":718580,"date":"2025-08-27T18:10:33","date_gmt":"2025-08-27T15:10:33","guid":{"rendered":"https:\/\/roveyayinevi.com.tr\/index.php\/urun\/icimizdeki-seytan-11\/"},"modified":"2026-04-16T02:26:45","modified_gmt":"2026-04-15T23:26:45","slug":"icimizdeki-seytan-11","status":"publish","type":"product","link":"https:\/\/roveyayinevi.com.tr\/index.php\/urun\/icimizdeki-seytan-11\/","title":{"rendered":"\u0130\u00e7imizdeki \u015eeytan"},"content":{"rendered":"<p>Halbuki ne \u015feytan\u0131 azizim, ne \u015feytan\u0131? Bu bizim gururumuzun, salakl\u0131\u011f\u0131m\u0131z\u0131n uydurmas\u0131&#8230; \u0130\u00e7imizdeki \u015feytan pek de kurnazca olmayan bir ka\u00e7amak yolu&#8230; \u0130\u00e7imizde \u015feytan yok, i\u00e7imizde acz var&#8230; Tembellik var&#8230; \u0130radesizlik, bilgisizlik ve bunlar\u0131n hepsinden daha korkun\u00e7 bir \u015fey: Hakikatleri g\u00f6rmekten ka\u00e7mak itiyad\u0131 var&#8230; \u0130\u00e7imizdeki \u015eeytan\u2019da Sabahattin Ali, gen\u00e7 bir \u00fclkenin ayd\u0131n s\u0131n\u0131f\u0131n\u0131n b\u00fcy\u00fcme sanc\u0131lar\u0131n\u0131, de\u011fi\u015fen yarg\u0131lar\u0131n\u0131 ve ya\u015fad\u0131\u011f\u0131 \u00e7at\u0131\u015fmalar\u0131 g\u00f6zler \u00f6n\u00fcne seriyor. <\/p>\n","protected":false},"excerpt":{"rendered":"<p>Halbuki ne \u015feytan\u0131 azizim, ne \u015feytan\u0131? Bu bizim gururumuzun, salakl\u0131\u011f\u0131m\u0131z\u0131n uydurmas\u0131&#8230; \u0130\u00e7imizdeki \u015feytan pek de kurnazca olmayan bir ka\u00e7amak yolu&#8230; \u0130\u00e7imizde \u015feytan yok, i\u00e7imizde acz var&#8230;<span class=\"excerpt-hellip\"> [\u2026]<\/span><\/p>\n","protected":false},"featured_media":0,"template":"","meta":{"_monsterinsights_skip_tracking":false,"_monsterinsights_sitenote_active":false,"_monsterinsights_sitenote_note":"","_monsterinsights_sitenote_category":0},"product_brand":[],"product_cat":[12291,12711],"product_tag":[],"class_list":{"0":"post-718580","1":"product","2":"type-product","3":"status-publish","5":"product_cat-edebiyat","6":"product_cat-roman-oyku","7":"pa_cilt-ciltsiz","8":"pa_tur-kitap","9":"pa_yayinevi-can-yayinlari","10":"pa_yazar-sabahattin-ali","12":"first","13":"instock","14":"sale","15":"shipping-taxable","16":"purchasable","17":"product-type-simple"},"_links":{"self":[{"href":"https:\/\/roveyayinevi.com.tr\/index.php\/wp-json\/wp\/v2\/product\/718580","targetHints":{"allow":["GET"]}}],"collection":[{"href":"https:\/\/roveyayinevi.com.tr\/index.php\/wp-json\/wp\/v2\/product"}],"about":[{"href":"https:\/\/roveyayinevi.com.tr\/index.php\/wp-json\/wp\/v2\/types\/product"}],"wp:attachment":[{"href":"https:\/\/roveyayinevi.com.tr\/index.php\/wp-json\/wp\/v2\/media?parent=718580"}],"wp:term":[{"taxonomy":"product_brand","embeddable":true,"href":"https:\/\/roveyayinevi.com.tr\/index.php\/wp-json\/wp\/v2\/product_brand?post=718580"},{"taxonomy":"product_cat","embeddable":true,"href":"https:\/\/roveyayinevi.com.tr\/index.php\/wp-json\/wp\/v2\/product_cat?post=718580"},{"taxonomy":"product_tag","embeddable":true,"href":"https:\/\/roveyayinevi.com.tr\/index.php\/wp-json\/wp\/v2\/product_tag?post=718580"}],"curies":[{"name":"wp","href":"https:\/\/api.w.org\/{rel}","templated":true}]}}