{"id":718574,"date":"2025-08-27T18:10:29","date_gmt":"2025-08-27T15:10:29","guid":{"rendered":"https:\/\/roveyayinevi.com.tr\/index.php\/urun\/bilinc\/"},"modified":"2026-04-16T02:26:45","modified_gmt":"2026-04-15T23:26:45","slug":"bilinc","status":"publish","type":"product","link":"https:\/\/roveyayinevi.com.tr\/index.php\/urun\/bilinc\/","title":{"rendered":"Bilin\u00e7"},"content":{"rendered":"<p>Bilin\u00e7 nas\u0131l bir \u015fey? Bilin\u00e7 ile zihin aras\u0131nda nas\u0131l bir ili\u015fki var? Hayvanlar\u0131n da bilinci oldu\u011funu s\u00f6yleyebilir miyiz? Modern bilim atomu par\u00e7alam\u0131\u015f ve ya\u015fam\u0131n gizemini \u00e7\u00f6zmu\u0308\u015f olabilir, ama bilinci henu\u0308z a\u00e7\u0131klayabilmi\u015f de\u011fil. Bilimciler bu konuyu enine boyuna tart\u0131\u015f\u0131yor, \u00f6nemli fikir ayr\u0131l\u0131klar\u0131na du\u0308\u015fu\u0308yorlar. Ku\u015fkucularsa geleneksel bilimsel yakla\u015f\u0131mlar\u0131n bilinci a\u00e7\u0131klayabilece\u011fini kabul etmeye yana\u015fm\u0131yor. \u00c7izgibilim dizisinin bu kitab\u0131nda, \u00e7o\u011fu ki\u015finin genellikle bilimin dayand\u0131\u011f\u0131 s\u0131n\u0131r olarak g\u00f6rdu\u0308\u011fu\u0308 bilin\u00e7 konusuna pek \u00e7ok a\u00e7\u0131dan bak\u0131l\u0131yor. Zihin ile madde aras\u0131ndaki ili\u015fki felsefi planda ele al\u0131n\u0131yor; sinir mekanizmalar\u0131, korteks etkinli\u011fi ve kuantum mekani\u011fi yoluyla bilinci a\u00e7\u0131klamaya y\u00f6nelik bilimsel kalk\u0131\u015fmalar de\u011ferlendiriliyor. Bilin\u00e7, konuyla ilgili ara\u015ft\u0131rmalar\u0131n bugu\u0308nku\u0308 durumuna \u0131\u015f\u0131k tutacak kapsaml\u0131 bir k\u0131lavuz, konuya giri\u015f niteli\u011finde bir kitap. <\/p>\n","protected":false},"excerpt":{"rendered":"<p>Bilin\u00e7 nas\u0131l bir \u015fey? Bilin\u00e7 ile zihin aras\u0131nda nas\u0131l bir ili\u015fki var? Hayvanlar\u0131n da bilinci oldu\u011funu s\u00f6yleyebilir miyiz? Modern bilim atomu par\u00e7alam\u0131\u015f ve ya\u015fam\u0131n gizemini \u00e7\u00f6zmu\u0308\u015f<span class=\"excerpt-hellip\"> [\u2026]<\/span><\/p>\n","protected":false},"featured_media":0,"template":"","meta":{"_monsterinsights_skip_tracking":false,"_monsterinsights_sitenote_active":false,"_monsterinsights_sitenote_note":"","_monsterinsights_sitenote_category":0},"product_brand":[],"product_cat":[13005,13006],"product_tag":[],"class_list":{"0":"post-718574","1":"product","2":"type-product","3":"status-publish","5":"product_cat-bilim-muhendislik","6":"product_cat-populer-bilim","7":"pa_cilt-ciltsiz","8":"pa_tur-kitap","9":"pa_yayinevi-say-yayinlari","10":"pa_yazar-david-papineau-howard-selina","12":"first","13":"instock","14":"sale","15":"shipping-taxable","16":"purchasable","17":"product-type-simple"},"_links":{"self":[{"href":"https:\/\/roveyayinevi.com.tr\/index.php\/wp-json\/wp\/v2\/product\/718574","targetHints":{"allow":["GET"]}}],"collection":[{"href":"https:\/\/roveyayinevi.com.tr\/index.php\/wp-json\/wp\/v2\/product"}],"about":[{"href":"https:\/\/roveyayinevi.com.tr\/index.php\/wp-json\/wp\/v2\/types\/product"}],"wp:attachment":[{"href":"https:\/\/roveyayinevi.com.tr\/index.php\/wp-json\/wp\/v2\/media?parent=718574"}],"wp:term":[{"taxonomy":"product_brand","embeddable":true,"href":"https:\/\/roveyayinevi.com.tr\/index.php\/wp-json\/wp\/v2\/product_brand?post=718574"},{"taxonomy":"product_cat","embeddable":true,"href":"https:\/\/roveyayinevi.com.tr\/index.php\/wp-json\/wp\/v2\/product_cat?post=718574"},{"taxonomy":"product_tag","embeddable":true,"href":"https:\/\/roveyayinevi.com.tr\/index.php\/wp-json\/wp\/v2\/product_tag?post=718574"}],"curies":[{"name":"wp","href":"https:\/\/api.w.org\/{rel}","templated":true}]}}