{"id":718567,"date":"2025-08-27T18:10:24","date_gmt":"2025-08-27T15:10:24","guid":{"rendered":"https:\/\/roveyayinevi.com.tr\/index.php\/urun\/rahmani-dualar\/"},"modified":"2026-04-16T02:26:44","modified_gmt":"2026-04-15T23:26:44","slug":"rahmani-dualar","status":"publish","type":"product","link":"https:\/\/roveyayinevi.com.tr\/index.php\/urun\/rahmani-dualar\/","title":{"rendered":"Rahmani Dualar"},"content":{"rendered":"<p>Duaya varl\u0131klar\u0131n de\u011fil Allah\u2019\u0131n ne anlam y\u00fckledi\u011fi \u00f6nemlidir. Dua bir g\u00fc\u00e7t\u00fcr ama do\u011fru dua bilinci kazan\u0131lmazsa, dua rahmet yerine k\u00fclfet olur.Zira her t\u00fcrl\u00fc arac\u0131y\u0131 reddetmek, hatalardan d\u00f6n\u00fcp af dileme (tevbe ve isti\u011ffar), istek ve niyaz makam\u0131n\u0131n sadece Y\u00fcce Allah oldu\u011funu bilmek ve zikri daima O\u2019na has k\u0131lmakt\u0131r dua.Dua; Allah\u2019\u0131 her an anmad\u0131r, O\u2019nu hi\u00e7 unutmamad\u0131r, verdi\u011fi her nimete hamd ve \u015f\u00fck\u00fcrd\u00fcr, her t\u00fcrl\u00fc tehlikeye kar\u015f\u0131 ger\u00e7ek s\u0131\u011f\u0131na\u011fa ba\u015fvurudur ve en g\u00fc\u00e7l\u00fc yard\u0131m makam\u0131na halini arz etmektir. Dua ibadettir, ibadetler de dua.Allah\u2019\u0131n, kullar\u0131na, kendisiyle ileti\u015fimde bulunmas\u0131 i\u00e7in ikram olarak verdi\u011fi sonsuz bir \u00f6zg\u00fcrl\u00fckt\u00fcr dua.Fiili duadan\/eylemden s\u00f6ze ge\u00e7i\u015ftir, fiilini s\u00f6z\u00fcne \u015fahit tutmakt\u0131r dua.Her m\u00fcminin, y\u00fcce Allah\u2019\u0131n ilahi vahyi olan Kur\u2019an\u2019\u0131, mehcur\/ terkedilmi\u015f b\u0131rakmay\u0131p muska ve cev\u015fen t\u00fcr\u00fc sahtelikleri ta\u015f\u0131mak yerine, Kur\u2019an\u2019\u0131 anlay\u0131p hayata ta\u015f\u0131mas\u0131d\u0131r dua.En g\u00fczelin ad\u0131yla, O\u2019na hitapla ba\u015flar, s\u00f6ze giri\u015ftir, esma-i h\u00fcsnad\u0131r dua. Hamd ve \u015f\u00fck\u00fcrle ba\u015flayan, hamd ve \u015f\u00fck\u00fcrle biten, her \u015feyi vereni g\u00f6rmezden gelmeyip, O\u2019na te\u015fekk\u00fcrd\u00fcr dua.\u201cDua ve y\u00f6neli\u015finiz O&#8217;na olan inanc\u0131n\u0131z i\u00e7in de\u011filse, Rabbim size ni\u00e7in de\u011fer versin?&#8221; \u0130lahi hitab\u0131na bir y\u00f6neli\u015f ve \u201cDuaday\u0131m Rabbim!\u201d diyerek Y\u00fcce Allah\u2019a bir cevapt\u0131r dua.<\/p>\n","protected":false},"excerpt":{"rendered":"<p>Duaya varl\u0131klar\u0131n de\u011fil Allah\u2019\u0131n ne anlam y\u00fckledi\u011fi \u00f6nemlidir. Dua bir g\u00fc\u00e7t\u00fcr ama do\u011fru dua bilinci kazan\u0131lmazsa, dua rahmet yerine k\u00fclfet olur.Zira her t\u00fcrl\u00fc arac\u0131y\u0131 reddetmek, hatalardan<span class=\"excerpt-hellip\"> [\u2026]<\/span><\/p>\n","protected":false},"featured_media":0,"template":"","meta":{"_monsterinsights_skip_tracking":false,"_monsterinsights_sitenote_active":false,"_monsterinsights_sitenote_note":"","_monsterinsights_sitenote_category":0},"product_brand":[],"product_cat":[12718,12719,17284],"product_tag":[],"class_list":{"0":"post-718567","1":"product","2":"type-product","3":"status-publish","5":"product_cat-din","6":"product_cat-islam","7":"product_cat-kuran-ve-kuran-uzerine","8":"pa_cilt-ciltsiz","9":"pa_tur-kitap","10":"pa_yayinevi-karakum-yayinevi","11":"pa_yazar-ahmet-arin","13":"first","14":"instock","15":"sale","16":"shipping-taxable","17":"purchasable","18":"product-type-simple"},"_links":{"self":[{"href":"https:\/\/roveyayinevi.com.tr\/index.php\/wp-json\/wp\/v2\/product\/718567","targetHints":{"allow":["GET"]}}],"collection":[{"href":"https:\/\/roveyayinevi.com.tr\/index.php\/wp-json\/wp\/v2\/product"}],"about":[{"href":"https:\/\/roveyayinevi.com.tr\/index.php\/wp-json\/wp\/v2\/types\/product"}],"wp:attachment":[{"href":"https:\/\/roveyayinevi.com.tr\/index.php\/wp-json\/wp\/v2\/media?parent=718567"}],"wp:term":[{"taxonomy":"product_brand","embeddable":true,"href":"https:\/\/roveyayinevi.com.tr\/index.php\/wp-json\/wp\/v2\/product_brand?post=718567"},{"taxonomy":"product_cat","embeddable":true,"href":"https:\/\/roveyayinevi.com.tr\/index.php\/wp-json\/wp\/v2\/product_cat?post=718567"},{"taxonomy":"product_tag","embeddable":true,"href":"https:\/\/roveyayinevi.com.tr\/index.php\/wp-json\/wp\/v2\/product_tag?post=718567"}],"curies":[{"name":"wp","href":"https:\/\/api.w.org\/{rel}","templated":true}]}}