{"id":718556,"date":"2025-08-27T18:10:17","date_gmt":"2025-08-27T15:10:17","guid":{"rendered":"https:\/\/roveyayinevi.com.tr\/index.php\/urun\/gobeklitepe-oyun-parki\/"},"modified":"2026-04-16T02:26:44","modified_gmt":"2026-04-15T23:26:44","slug":"gobeklitepe-oyun-parki","status":"publish","type":"product","link":"https:\/\/roveyayinevi.com.tr\/index.php\/urun\/gobeklitepe-oyun-parki\/","title":{"rendered":"G\u00f6beklitepe Oyun Park\u0131"},"content":{"rendered":"<p>Annesiyle birlikte \u015eanl\u0131urfa\u2019ya, d\u00fcnyan\u0131n bilinen en eski yap\u0131lar\u0131ndan birini, G\u00f6beklitepe\u2019yi g\u00f6rmeye giden Dize, muhte\u015fem bir oyun park\u0131 hayal ediyor. Acaba \u00e7ocuklar eskiden burada nas\u0131l oyunlar oynuyorlard\u0131?G\u00fcn\u00fcm\u00fczden 1200 y\u0131l \u00f6nce in\u015fa edilen, \u00fczerinde hayvan fig\u00fcrleri bulunan ta\u015flar\u0131yla ve T bi\u00e7imindeki s\u00fctunlar\u0131yla g\u00fcn\u00fcm\u00fcze kadar varl\u0131\u011f\u0131n\u0131 koruyan G\u00f6beklitepe\u2019nin k\u00fclt\u00fcrel dokusu, Dize\u2019nin hayal g\u00fcc\u00fcyle birle\u015fiyor ve ortaya birbirinden e\u011flenceli bir s\u00fcr\u00fc oyun \u00e7\u0131k\u0131yor.<\/p>\n","protected":false},"excerpt":{"rendered":"<p>Annesiyle birlikte \u015eanl\u0131urfa\u2019ya, d\u00fcnyan\u0131n bilinen en eski yap\u0131lar\u0131ndan birini, G\u00f6beklitepe\u2019yi g\u00f6rmeye giden Dize, muhte\u015fem bir oyun park\u0131 hayal ediyor. Acaba \u00e7ocuklar eskiden burada nas\u0131l oyunlar oynuyorlard\u0131?G\u00fcn\u00fcm\u00fczden<span class=\"excerpt-hellip\"> [\u2026]<\/span><\/p>\n","protected":false},"featured_media":0,"template":"","meta":{"_monsterinsights_skip_tracking":false,"_monsterinsights_sitenote_active":false,"_monsterinsights_sitenote_note":"","_monsterinsights_sitenote_category":0},"product_brand":[],"product_cat":[12913,12274],"product_tag":[],"class_list":{"0":"post-718556","1":"product","2":"type-product","3":"status-publish","5":"product_cat-3-6-yas-kitaplari","6":"product_cat-cocuk-ve-genclik-kitaplari","7":"pa_cilt-ciltsiz","8":"pa_tur-kitap","9":"pa_yayinevi-abm-yayinevi","10":"pa_yazar-lider-hepgenc","12":"first","13":"instock","14":"sale","15":"shipping-taxable","16":"purchasable","17":"product-type-simple"},"_links":{"self":[{"href":"https:\/\/roveyayinevi.com.tr\/index.php\/wp-json\/wp\/v2\/product\/718556","targetHints":{"allow":["GET"]}}],"collection":[{"href":"https:\/\/roveyayinevi.com.tr\/index.php\/wp-json\/wp\/v2\/product"}],"about":[{"href":"https:\/\/roveyayinevi.com.tr\/index.php\/wp-json\/wp\/v2\/types\/product"}],"wp:attachment":[{"href":"https:\/\/roveyayinevi.com.tr\/index.php\/wp-json\/wp\/v2\/media?parent=718556"}],"wp:term":[{"taxonomy":"product_brand","embeddable":true,"href":"https:\/\/roveyayinevi.com.tr\/index.php\/wp-json\/wp\/v2\/product_brand?post=718556"},{"taxonomy":"product_cat","embeddable":true,"href":"https:\/\/roveyayinevi.com.tr\/index.php\/wp-json\/wp\/v2\/product_cat?post=718556"},{"taxonomy":"product_tag","embeddable":true,"href":"https:\/\/roveyayinevi.com.tr\/index.php\/wp-json\/wp\/v2\/product_tag?post=718556"}],"curies":[{"name":"wp","href":"https:\/\/api.w.org\/{rel}","templated":true}]}}