{"id":718546,"date":"2025-08-27T18:10:10","date_gmt":"2025-08-27T15:10:10","guid":{"rendered":"https:\/\/roveyayinevi.com.tr\/index.php\/urun\/cumhuriyetle-yasadigimiz-yillar\/"},"modified":"2026-04-16T02:26:44","modified_gmt":"2026-04-15T23:26:44","slug":"cumhuriyetle-yasadigimiz-yillar","status":"publish","type":"product","link":"https:\/\/roveyayinevi.com.tr\/index.php\/urun\/cumhuriyetle-yasadigimiz-yillar\/","title":{"rendered":"Cumhuriyetle Ya\u015fad\u0131\u011f\u0131m\u0131z Y\u0131llar"},"content":{"rendered":"<p>Oktay Ek\u015fi ve Taner Baytok Cumhuriyetle Ya\u015fad\u0131\u011f\u0131m\u0131z Y\u0131llar&#8217;da \u015fu sorular\u0131n yan\u0131tlar\u0131n\u0131 bulmaya \u00e7al\u0131\u015f\u0131yorlar: Bize bu g\u00fczel \u00fclkeyi &#8221;ba\u011f\u0131ms\u0131z, laik, onurlu ve modern bir Cumhuriyet&#8221; olarak emanet eden Atat\u00fcrk ve Kurtulu\u015f Sava\u015f\u0131 ku\u015fa\u011f\u0131na olan minnet ve \u015f\u00fckran borcumuzu \u00f6deyebildik mi?\u00d6deyemediysek, neden ve kimlerin hangi hatalar\u0131 y\u00fcz\u00fcnden bor\u00e7lu kald\u0131k?Bu duruma gelmemizde yabanc\u0131 \u00fclkelerin T\u00fcrkiye&#8217;yle ilgili politikalar\u0131n\u0131n rol\u00fc var m\u0131?\u0130smet \u0130n\u00f6n\u00fc Atat\u00fcrk&#8217;\u00fcn yolunda y\u00fcr\u00fcm\u00fc\u015f m\u00fcd\u00fcr?Darbelerin Cumhuriyet&#8217;e verdi\u011fi en b\u00fcy\u00fck zarar ne dir?Varsa, bunda bizim kusurumuz yok mu?Bunu yaparken diplomasiye 40 y\u0131l\u0131n\u0131 vermi\u015f olan Taner Boytok ile gazetecili\u011fe 58,5 y\u0131l\u0131n\u0131 vermi\u015f olan Oktay Ek\u015fi, t\u00fcm birikimlerini ortaya koyup g\u00f6r\u00fc\u015flerini t\u00fcm a\u00e7\u0131kl\u0131\u011f\u0131yla savunuyorlar.Bakal\u0131m onlar\u0131n de\u011ferlendirmeleri sizinkine uyuyor mu?<\/p>\n","protected":false},"excerpt":{"rendered":"<p>Oktay Ek\u015fi ve Taner Baytok Cumhuriyetle Ya\u015fad\u0131\u011f\u0131m\u0131z Y\u0131llar&#8217;da \u015fu sorular\u0131n yan\u0131tlar\u0131n\u0131 bulmaya \u00e7al\u0131\u015f\u0131yorlar: Bize bu g\u00fczel \u00fclkeyi &#8221;ba\u011f\u0131ms\u0131z, laik, onurlu ve modern bir Cumhuriyet&#8221; olarak emanet<span class=\"excerpt-hellip\"> [\u2026]<\/span><\/p>\n","protected":false},"featured_media":0,"template":"","meta":{"_monsterinsights_skip_tracking":false,"_monsterinsights_sitenote_active":false,"_monsterinsights_sitenote_note":"","_monsterinsights_sitenote_category":0},"product_brand":[],"product_cat":[12291,30969],"product_tag":[],"class_list":{"0":"post-718546","1":"product","2":"type-product","3":"status-publish","5":"product_cat-edebiyat","6":"product_cat-soylesi-edebiyat","7":"pa_cilt-ciltsiz","8":"pa_tur-kitap","9":"pa_yayinevi-kaynak-yayinlari","10":"pa_yazar-oktay-eksi-taner-baytok","12":"first","13":"instock","14":"sale","15":"shipping-taxable","16":"purchasable","17":"product-type-simple"},"_links":{"self":[{"href":"https:\/\/roveyayinevi.com.tr\/index.php\/wp-json\/wp\/v2\/product\/718546","targetHints":{"allow":["GET"]}}],"collection":[{"href":"https:\/\/roveyayinevi.com.tr\/index.php\/wp-json\/wp\/v2\/product"}],"about":[{"href":"https:\/\/roveyayinevi.com.tr\/index.php\/wp-json\/wp\/v2\/types\/product"}],"wp:attachment":[{"href":"https:\/\/roveyayinevi.com.tr\/index.php\/wp-json\/wp\/v2\/media?parent=718546"}],"wp:term":[{"taxonomy":"product_brand","embeddable":true,"href":"https:\/\/roveyayinevi.com.tr\/index.php\/wp-json\/wp\/v2\/product_brand?post=718546"},{"taxonomy":"product_cat","embeddable":true,"href":"https:\/\/roveyayinevi.com.tr\/index.php\/wp-json\/wp\/v2\/product_cat?post=718546"},{"taxonomy":"product_tag","embeddable":true,"href":"https:\/\/roveyayinevi.com.tr\/index.php\/wp-json\/wp\/v2\/product_tag?post=718546"}],"curies":[{"name":"wp","href":"https:\/\/api.w.org\/{rel}","templated":true}]}}