{"id":718538,"date":"2025-08-27T18:10:05","date_gmt":"2025-08-27T15:10:05","guid":{"rendered":"https:\/\/roveyayinevi.com.tr\/index.php\/urun\/kadro-secimi-tesviki-ve-dagilimi\/"},"modified":"2026-04-16T02:26:44","modified_gmt":"2026-04-15T23:26:44","slug":"kadro-secimi-tesviki-ve-dagilimi","status":"publish","type":"product","link":"https:\/\/roveyayinevi.com.tr\/index.php\/urun\/kadro-secimi-tesviki-ve-dagilimi\/","title":{"rendered":"Kadro Se\u00e7imi , Te\u015fviki ve Da\u011f\u0131l\u0131m\u0131"},"content":{"rendered":"<p>Slepov, bu \u00e7al\u0131\u015fmas\u0131nda in\u015fa edilen sosyalizmde kadro sorununu ele almaktad\u0131r. Fakat, burada dile getirilen b\u00fct\u00fcn sorunlar, iktidar i\u00e7in m\u00fccadele eden her bir kom\u00fcnist partisinin sorunlar\u0131 olarak kar\u015f\u0131m\u0131za \u00e7\u0131kmaktad\u0131r. M\u00fccadele ya\u015fam\u0131m\u0131zda kadro, y\u00f6netme, \u00f6nderlik etme vb. konularda kar\u015f\u0131la\u015ft\u0131\u011f\u0131m\u0131z hemen her sorunu bu kitap\u00e7\u0131kta bulabiliriz. Slepov, ayn\u0131 zamanda Bol\u015fevik kadrolar\u0131n niteliklerini anlatman\u0131n \u00f6tesinde kadrolar\u0131n e\u011fitiminin, yeti\u015ftirilmelerinin ne denli \u00f6nemli oldu\u011funu; Bol\u015fevik Parti, Lenin ve Stalin&#8217;in genel olarak kadro sorununda, \u00f6zelde de kadro e\u011fitine verdikleri \u00f6nemi vurgulamaktad\u0131r. <\/p>\n","protected":false},"excerpt":{"rendered":"<p>Slepov, bu \u00e7al\u0131\u015fmas\u0131nda in\u015fa edilen sosyalizmde kadro sorununu ele almaktad\u0131r. Fakat, burada dile getirilen b\u00fct\u00fcn sorunlar, iktidar i\u00e7in m\u00fccadele eden her bir kom\u00fcnist partisinin sorunlar\u0131 olarak<span class=\"excerpt-hellip\"> [\u2026]<\/span><\/p>\n","protected":false},"featured_media":0,"template":"","meta":{"_monsterinsights_skip_tracking":false,"_monsterinsights_sitenote_active":false,"_monsterinsights_sitenote_note":"","_monsterinsights_sitenote_category":0},"product_brand":[],"product_cat":[12389,12388],"product_tag":[],"class_list":{"0":"post-718538","1":"product","2":"type-product","3":"status-publish","5":"product_cat-diger-felsefe","6":"product_cat-felsefe","7":"pa_cilt-ciltsiz","8":"pa_tur-kitap","9":"pa_yayinevi-toz-yayinlari","10":"pa_yazar-l-slepov","12":"first","13":"instock","14":"sale","15":"shipping-taxable","16":"purchasable","17":"product-type-simple"},"_links":{"self":[{"href":"https:\/\/roveyayinevi.com.tr\/index.php\/wp-json\/wp\/v2\/product\/718538","targetHints":{"allow":["GET"]}}],"collection":[{"href":"https:\/\/roveyayinevi.com.tr\/index.php\/wp-json\/wp\/v2\/product"}],"about":[{"href":"https:\/\/roveyayinevi.com.tr\/index.php\/wp-json\/wp\/v2\/types\/product"}],"wp:attachment":[{"href":"https:\/\/roveyayinevi.com.tr\/index.php\/wp-json\/wp\/v2\/media?parent=718538"}],"wp:term":[{"taxonomy":"product_brand","embeddable":true,"href":"https:\/\/roveyayinevi.com.tr\/index.php\/wp-json\/wp\/v2\/product_brand?post=718538"},{"taxonomy":"product_cat","embeddable":true,"href":"https:\/\/roveyayinevi.com.tr\/index.php\/wp-json\/wp\/v2\/product_cat?post=718538"},{"taxonomy":"product_tag","embeddable":true,"href":"https:\/\/roveyayinevi.com.tr\/index.php\/wp-json\/wp\/v2\/product_tag?post=718538"}],"curies":[{"name":"wp","href":"https:\/\/api.w.org\/{rel}","templated":true}]}}