{"id":718530,"date":"2025-08-27T18:10:00","date_gmt":"2025-08-27T15:10:00","guid":{"rendered":"https:\/\/roveyayinevi.com.tr\/index.php\/urun\/allaha-ibadet-etmenin-guzelligi\/"},"modified":"2026-04-16T02:26:44","modified_gmt":"2026-04-15T23:26:44","slug":"allaha-ibadet-etmenin-guzelligi","status":"publish","type":"product","link":"https:\/\/roveyayinevi.com.tr\/index.php\/urun\/allaha-ibadet-etmenin-guzelligi\/","title":{"rendered":"Allah&#8217;a \u0130badet Etmenin G\u00fczelli\u011fi"},"content":{"rendered":"<p>Tarihimizde \u0130sl\u00e2m\u00ee ilimler alan\u0131nda ismini alt\u0131n harflerle yazd\u0131ran y\u0131ld\u0131z simalardan biri de \u015f\u00fcphesiz \u0130mam Leknev\u00ee\u2019dir. Otuz dokuz y\u0131ll\u0131k \u00f6mr\u00fcne y\u00fczlerce eser s\u0131\u011fd\u0131ran \u0130mam Leknev\u00ee, tahkik ve tetkikleriyle ve ortaya koymu\u015f oldu\u011fu ara\u015ft\u0131rmalar\u0131 ve eserleriyle b\u00fct\u00fcn \u0130sl\u00e2m d\u00fcnyas\u0131nda herkes taraf\u0131ndan h\u00fcsn-i kabul g\u00f6rm\u00fc\u015f b\u00fcy\u00fck \u00e2limlerimizdendir. Onun en \u00f6nemli eserlerinden biri de, kendisinin \u201cbu ara\u015ft\u0131rma, daha \u00f6nce hi\u00e7 kimseden duymad\u0131\u011f\u0131n\/g\u00f6rmedi\u011fin bir ara\u015ft\u0131rmad\u0131r\u201d s\u00f6zleriyle ifade etti\u011fi elinizdeki eseridir. \u0130mam Leknev\u00ee, bu eserinde, her g\u00fcn oru\u00e7 tutmak, Kur\u2019\u00e2n\u2019\u0131 bir g\u00fcnde hatmetmek, b\u00fct\u00fcn geceleri k\u0131yamla ge\u00e7irmek, bir gecede bin rek\u00e2t namaz k\u0131lmak gibi, \u00e7ok ibadet etmenin, riyazat ve m\u00fccahedede bulunman\u0131n h\u00fckm\u00fcn\u00fc ve bu gibi ibadet \u015fekillerinin, hadislerde varid olan kolayl\u0131k ve orta yolu g\u00f6steren, a\u015f\u0131r\u0131l\u0131\u011f\u0131 men eden rivayetlerle nas\u0131l telif edilece\u011fini ele almaktad\u0131r.Tarihimizde \u0130sl\u00e2m\u00ee ilimler alan\u0131nda ismini alt\u0131n harflerle yazd\u0131ran y\u0131ld\u0131z simalardan biri de \u015f\u00fcphesiz \u0130mam Leknev\u00ee\u2019dir. Otuz dokuz y\u0131ll\u0131k \u00f6mr\u00fcne y\u00fczlerce eser s\u0131\u011fd\u0131ran \u0130mam Leknev\u00ee, tahkik ve tetkikleriyle ve ortaya koymu\u015f oldu\u011fu ara\u015ft\u0131rmalar\u0131 ve eserleriyle b\u00fct\u00fcn \u0130sl\u00e2m d\u00fcnyas\u0131nda herkes taraf\u0131ndan h\u00fcsn-i kabul g\u00f6rm\u00fc\u015f b\u00fcy\u00fck \u00e2limlerimizdendir.\u0130mam Leknev\u00ee, \u201cdaha \u00f6nce hi\u00e7 kimseden duymad\u0131\u011f\u0131n\/g\u00f6rmedi\u011fin bir ara\u015ft\u0131rma\u201d diye bahsetti\u011fi bu eserinde, her g\u00fcn oru\u00e7 tutmak, Kur\u2019\u00e2n\u2019\u0131 bir g\u00fcnde hatmetmek, b\u00fct\u00fcn geceleri k\u0131yamla ge\u00e7irmek, bir gecede bin rek\u00e2t namaz k\u0131lmak gibi, \u00e7ok ibadet etmek gibi ibadet \u015fekillerinin, hadislerde varid olan kolayl\u0131k ve orta yolu g\u00f6steren, a\u015f\u0131r\u0131l\u0131\u011f\u0131 men eden rivayetlerle nas\u0131l telif edilece\u011fini ele almaktad\u0131r.<\/p>\n","protected":false},"excerpt":{"rendered":"<p>Tarihimizde \u0130sl\u00e2m\u00ee ilimler alan\u0131nda ismini alt\u0131n harflerle yazd\u0131ran y\u0131ld\u0131z simalardan biri de \u015f\u00fcphesiz \u0130mam Leknev\u00ee\u2019dir. Otuz dokuz y\u0131ll\u0131k \u00f6mr\u00fcne y\u00fczlerce eser s\u0131\u011fd\u0131ran \u0130mam Leknev\u00ee, tahkik ve<span class=\"excerpt-hellip\"> [\u2026]<\/span><\/p>\n","protected":false},"featured_media":0,"template":"","meta":{"_monsterinsights_skip_tracking":false,"_monsterinsights_sitenote_active":false,"_monsterinsights_sitenote_note":"","_monsterinsights_sitenote_category":0},"product_brand":[],"product_cat":[16789,12718,12719],"product_tag":[],"class_list":{"0":"post-718530","1":"product","2":"type-product","3":"status-publish","5":"product_cat-diger-islam","6":"product_cat-din","7":"product_cat-islam","8":"pa_cilt-ciltsiz","9":"pa_tur-kitap","10":"pa_yayinevi-takdim-kitap","11":"pa_yazar-abdulhay-el-leknevi","13":"first","14":"instock","15":"sale","16":"shipping-taxable","17":"purchasable","18":"product-type-simple"},"_links":{"self":[{"href":"https:\/\/roveyayinevi.com.tr\/index.php\/wp-json\/wp\/v2\/product\/718530","targetHints":{"allow":["GET"]}}],"collection":[{"href":"https:\/\/roveyayinevi.com.tr\/index.php\/wp-json\/wp\/v2\/product"}],"about":[{"href":"https:\/\/roveyayinevi.com.tr\/index.php\/wp-json\/wp\/v2\/types\/product"}],"wp:attachment":[{"href":"https:\/\/roveyayinevi.com.tr\/index.php\/wp-json\/wp\/v2\/media?parent=718530"}],"wp:term":[{"taxonomy":"product_brand","embeddable":true,"href":"https:\/\/roveyayinevi.com.tr\/index.php\/wp-json\/wp\/v2\/product_brand?post=718530"},{"taxonomy":"product_cat","embeddable":true,"href":"https:\/\/roveyayinevi.com.tr\/index.php\/wp-json\/wp\/v2\/product_cat?post=718530"},{"taxonomy":"product_tag","embeddable":true,"href":"https:\/\/roveyayinevi.com.tr\/index.php\/wp-json\/wp\/v2\/product_tag?post=718530"}],"curies":[{"name":"wp","href":"https:\/\/api.w.org\/{rel}","templated":true}]}}