{"id":718498,"date":"2025-08-27T18:09:39","date_gmt":"2025-08-27T15:09:39","guid":{"rendered":"https:\/\/roveyayinevi.com.tr\/index.php\/urun\/olmamis-kahraman-emeklisi\/"},"modified":"2026-04-16T02:26:43","modified_gmt":"2026-04-15T23:26:43","slug":"olmamis-kahraman-emeklisi","status":"publish","type":"product","link":"https:\/\/roveyayinevi.com.tr\/index.php\/urun\/olmamis-kahraman-emeklisi\/","title":{"rendered":"Olmam\u0131\u015f Kahraman Emeklisi"},"content":{"rendered":"<p>\u201ckadere kar\u015f\u0131 plan yapard\u0131 eskiden \u0130smailHepsi elinde patlad\u0131Bir dal bir yaprak gibi zay\u0131f ve iradesizdiBir zaman geldi anlad\u0131Anlad\u0131ktan sonraArt\u0131k gelen de birdi \u0130smail i\u00e7in giden de birVarl\u0131k da bir \u0130smail i\u00e7in yokluk da birGitmek de bir \u0130smail i\u00e7in kalmak da birUykular\u0131 hari\u00e7 her \u015fey birAz tasavvuftan anlasayd\u0131 \u0130smailHallac\u2019\u0131n bin y\u0131l \u00f6nce dedi\u011fini tasdiklerdiAma \u0130smail tasavvuf bilmezFakir ve \u00f6nemsiz oldu\u011fundanTasarruf bilir\u201dAli Lidar, d\u00f6rd\u00fcnc\u00fc \u015fiir kitab\u0131yla bize dair olan her \u015feye dokunmaya devam ediyor.\u015eehirlerden, sokaklardan, kalabal\u0131ktan, a\u015fktan, yaln\u0131zl\u0131ktan, dualardan, \u015fark\u0131lardan, masallardan, kaybedenlerden, m\u00fcptezellerden, m\u00fcezzinlerden k\u0131sacas\u0131 hayattan ve bizden bahsediyor Olmam\u0131\u015f Kahraman Emeklisi.<\/p>\n","protected":false},"excerpt":{"rendered":"<p>\u201ckadere kar\u015f\u0131 plan yapard\u0131 eskiden \u0130smailHepsi elinde patlad\u0131Bir dal bir yaprak gibi zay\u0131f ve iradesizdiBir zaman geldi anlad\u0131Anlad\u0131ktan sonraArt\u0131k gelen de birdi \u0130smail i\u00e7in giden de<span class=\"excerpt-hellip\"> [\u2026]<\/span><\/p>\n","protected":false},"featured_media":0,"template":"","meta":{"_monsterinsights_skip_tracking":false,"_monsterinsights_sitenote_active":false,"_monsterinsights_sitenote_note":"","_monsterinsights_sitenote_category":0},"product_brand":[],"product_cat":[12291,12509],"product_tag":[],"class_list":{"0":"post-718498","1":"product","2":"type-product","3":"status-publish","5":"product_cat-edebiyat","6":"product_cat-siir","7":"pa_cilt-ciltsiz","8":"pa_tur-kitap","9":"pa_yayinevi-ithaki-yayinlari","10":"pa_yazar-ali-lidar","12":"first","13":"instock","14":"sale","15":"shipping-taxable","16":"purchasable","17":"product-type-simple"},"_links":{"self":[{"href":"https:\/\/roveyayinevi.com.tr\/index.php\/wp-json\/wp\/v2\/product\/718498","targetHints":{"allow":["GET"]}}],"collection":[{"href":"https:\/\/roveyayinevi.com.tr\/index.php\/wp-json\/wp\/v2\/product"}],"about":[{"href":"https:\/\/roveyayinevi.com.tr\/index.php\/wp-json\/wp\/v2\/types\/product"}],"wp:attachment":[{"href":"https:\/\/roveyayinevi.com.tr\/index.php\/wp-json\/wp\/v2\/media?parent=718498"}],"wp:term":[{"taxonomy":"product_brand","embeddable":true,"href":"https:\/\/roveyayinevi.com.tr\/index.php\/wp-json\/wp\/v2\/product_brand?post=718498"},{"taxonomy":"product_cat","embeddable":true,"href":"https:\/\/roveyayinevi.com.tr\/index.php\/wp-json\/wp\/v2\/product_cat?post=718498"},{"taxonomy":"product_tag","embeddable":true,"href":"https:\/\/roveyayinevi.com.tr\/index.php\/wp-json\/wp\/v2\/product_tag?post=718498"}],"curies":[{"name":"wp","href":"https:\/\/api.w.org\/{rel}","templated":true}]}}