{"id":718493,"date":"2025-08-27T18:09:35","date_gmt":"2025-08-27T15:09:35","guid":{"rendered":"https:\/\/roveyayinevi.com.tr\/index.php\/urun\/oecd-ulkelerinde-refah-devletinin-yeniden-dagitici-rolu-teori-ve-uygulama\/"},"modified":"2026-04-16T02:26:43","modified_gmt":"2026-04-15T23:26:43","slug":"oecd-ulkelerinde-refah-devletinin-yeniden-dagitici-rolu-teori-ve-uygulama","status":"publish","type":"product","link":"https:\/\/roveyayinevi.com.tr\/index.php\/urun\/oecd-ulkelerinde-refah-devletinin-yeniden-dagitici-rolu-teori-ve-uygulama\/","title":{"rendered":"Oecd \u00dclkelerinde Refah Devletinin Yeniden Da\u011f\u0131t\u0131c\u0131 Rol\u00fc Teori ve Uygulama"},"content":{"rendered":"<p>B\u00f6l\u00fcm I Devletin Yeniden Da\u011f\u0131t\u0131c\u0131 Rol\u00fc: Kavramsal ve Teorik \u00c7er\u00e7eve B\u00f6l\u00fcm II Refah Devleti B\u00f6l\u00fcm III Oecd \u00dclkelerinde 1980&#8217;lerden G\u00fcn\u00fcm\u00fcze Gelir E\u015fitsizli\u011finin Geli\u015fimi B\u00f6l\u00fcm IV Oecd Refah Devletlerinde 1980&#8217;lerden G\u00fcn\u00fcm\u00fcze Yeniden Da\u011f\u0131t\u0131m\u0131n Geli\u015fimi   <\/p>\n","protected":false},"excerpt":{"rendered":"<p>B\u00f6l\u00fcm I Devletin Yeniden Da\u011f\u0131t\u0131c\u0131 Rol\u00fc: Kavramsal ve Teorik \u00c7er\u00e7eve B\u00f6l\u00fcm II Refah Devleti B\u00f6l\u00fcm III Oecd \u00dclkelerinde 1980&#8217;lerden G\u00fcn\u00fcm\u00fcze Gelir E\u015fitsizli\u011finin Geli\u015fimi B\u00f6l\u00fcm IV Oecd<span class=\"excerpt-hellip\"> [\u2026]<\/span><\/p>\n","protected":false},"featured_media":0,"template":"","meta":{"_monsterinsights_skip_tracking":false,"_monsterinsights_sitenote_active":false,"_monsterinsights_sitenote_note":"","_monsterinsights_sitenote_category":0},"product_brand":[],"product_cat":[13043,14381],"product_tag":[],"class_list":{"0":"post-718493","1":"product","2":"type-product","3":"status-publish","5":"product_cat-ekonomi","6":"product_cat-isletme-muhasebe-maliye","7":"pa_cilt-ciltsiz","8":"pa_tur-kitap","9":"pa_yayinevi-gazi-kitabevi","10":"pa_yazar-ozlem-ozkivrak","12":"first","13":"instock","14":"sale","15":"shipping-taxable","16":"purchasable","17":"product-type-simple"},"_links":{"self":[{"href":"https:\/\/roveyayinevi.com.tr\/index.php\/wp-json\/wp\/v2\/product\/718493","targetHints":{"allow":["GET"]}}],"collection":[{"href":"https:\/\/roveyayinevi.com.tr\/index.php\/wp-json\/wp\/v2\/product"}],"about":[{"href":"https:\/\/roveyayinevi.com.tr\/index.php\/wp-json\/wp\/v2\/types\/product"}],"wp:attachment":[{"href":"https:\/\/roveyayinevi.com.tr\/index.php\/wp-json\/wp\/v2\/media?parent=718493"}],"wp:term":[{"taxonomy":"product_brand","embeddable":true,"href":"https:\/\/roveyayinevi.com.tr\/index.php\/wp-json\/wp\/v2\/product_brand?post=718493"},{"taxonomy":"product_cat","embeddable":true,"href":"https:\/\/roveyayinevi.com.tr\/index.php\/wp-json\/wp\/v2\/product_cat?post=718493"},{"taxonomy":"product_tag","embeddable":true,"href":"https:\/\/roveyayinevi.com.tr\/index.php\/wp-json\/wp\/v2\/product_tag?post=718493"}],"curies":[{"name":"wp","href":"https:\/\/api.w.org\/{rel}","templated":true}]}}