{"id":718478,"date":"2025-08-27T18:09:25","date_gmt":"2025-08-27T15:09:25","guid":{"rendered":"https:\/\/roveyayinevi.com.tr\/index.php\/urun\/kreutzer-sonat-3\/"},"modified":"2026-04-16T02:26:43","modified_gmt":"2026-04-15T23:26:43","slug":"kreutzer-sonat-3","status":"publish","type":"product","link":"https:\/\/roveyayinevi.com.tr\/index.php\/urun\/kreutzer-sonat-3\/","title":{"rendered":"Kreutzer Sonat"},"content":{"rendered":"<p>Kreutzer Sonat, bir tren yolculu\u011fu \u00f6yk\u00fcs\u00fcyle ba\u015flar; insano\u011flunun ruhunun derinliklerinde uyuyan \u015fiddete, k\u0131skan\u00e7l\u0131\u011fa, zavall\u0131l\u0131\u011fa uzan\u0131r. Pozdni\u015fev\u2019in \u00f6yk\u00fcs\u00fc, Lev Tolstoy\u2019un ya\u015fad\u0131\u011f\u0131 d\u00f6nemin ahlak anlay\u0131\u015f\u0131n\u0131n ve kad\u0131n erkek ili\u015fkilerindeki de\u011ferlerin de\u011fi\u015fmesiyle ya\u015fanan sanc\u0131lar\u0131n bir panoramas\u0131 niteli\u011findedir.Kad\u0131n erkek ili\u015fkilerinde ki\u015finin kendine sayg\u0131s\u0131 ve erdemin \u00f6nemine inanan Tolstoy, Beethoven\u2019in m\u00fczi\u011fini eksene alarak yazd\u0131\u011f\u0131 bu eserinde erdemsizli\u011fin insano\u011flunu ne gibi \u00e7\u0131kmazlara s\u00fcr\u00fckledi\u011fine i\u015faret etmeye \u00e7al\u0131\u015f\u0131r. Kitap yay\u0131mland\u0131\u011f\u0131 d\u00f6nemde b\u00fcy\u00fck skandala yol a\u00e7m\u0131\u015f; Rusya\u2019da yasaklanm\u0131\u015f ve Amerika\u2019da da\u011f\u0131t\u0131m\u0131 engellenmi\u015ftir. Yine de roman say\u0131s\u0131z sanat eserine esin kayna\u011f\u0131 olmu\u015ftur.<\/p>\n","protected":false},"excerpt":{"rendered":"<p>Kreutzer Sonat, bir tren yolculu\u011fu \u00f6yk\u00fcs\u00fcyle ba\u015flar; insano\u011flunun ruhunun derinliklerinde uyuyan \u015fiddete, k\u0131skan\u00e7l\u0131\u011fa, zavall\u0131l\u0131\u011fa uzan\u0131r. Pozdni\u015fev\u2019in \u00f6yk\u00fcs\u00fc, Lev Tolstoy\u2019un ya\u015fad\u0131\u011f\u0131 d\u00f6nemin ahlak anlay\u0131\u015f\u0131n\u0131n ve kad\u0131n erkek<span class=\"excerpt-hellip\"> [\u2026]<\/span><\/p>\n","protected":false},"featured_media":0,"template":"","meta":{"_monsterinsights_skip_tracking":false,"_monsterinsights_sitenote_active":false,"_monsterinsights_sitenote_note":"","_monsterinsights_sitenote_category":0},"product_brand":[],"product_cat":[12291,12711],"product_tag":[],"class_list":{"0":"post-718478","1":"product","2":"type-product","3":"status-publish","5":"product_cat-edebiyat","6":"product_cat-roman-oyku","7":"pa_cilt-ciltsiz","8":"pa_tur-kitap","9":"pa_yayinevi-can-yayinlari","10":"pa_yazar-lev-nikolayevic-tolstoy","12":"first","13":"instock","14":"sale","15":"shipping-taxable","16":"purchasable","17":"product-type-simple"},"_links":{"self":[{"href":"https:\/\/roveyayinevi.com.tr\/index.php\/wp-json\/wp\/v2\/product\/718478","targetHints":{"allow":["GET"]}}],"collection":[{"href":"https:\/\/roveyayinevi.com.tr\/index.php\/wp-json\/wp\/v2\/product"}],"about":[{"href":"https:\/\/roveyayinevi.com.tr\/index.php\/wp-json\/wp\/v2\/types\/product"}],"wp:attachment":[{"href":"https:\/\/roveyayinevi.com.tr\/index.php\/wp-json\/wp\/v2\/media?parent=718478"}],"wp:term":[{"taxonomy":"product_brand","embeddable":true,"href":"https:\/\/roveyayinevi.com.tr\/index.php\/wp-json\/wp\/v2\/product_brand?post=718478"},{"taxonomy":"product_cat","embeddable":true,"href":"https:\/\/roveyayinevi.com.tr\/index.php\/wp-json\/wp\/v2\/product_cat?post=718478"},{"taxonomy":"product_tag","embeddable":true,"href":"https:\/\/roveyayinevi.com.tr\/index.php\/wp-json\/wp\/v2\/product_tag?post=718478"}],"curies":[{"name":"wp","href":"https:\/\/api.w.org\/{rel}","templated":true}]}}