{"id":718470,"date":"2025-08-27T18:09:19","date_gmt":"2025-08-27T15:09:19","guid":{"rendered":"https:\/\/roveyayinevi.com.tr\/index.php\/urun\/tuhafiye\/"},"modified":"2026-04-16T02:26:42","modified_gmt":"2026-04-15T23:26:42","slug":"tuhafiye","status":"publish","type":"product","link":"https:\/\/roveyayinevi.com.tr\/index.php\/urun\/tuhafiye\/","title":{"rendered":"Tuhafiye"},"content":{"rendered":"<p>\u00d6l\u00fcmlerin a\u011f\u0131rl\u0131\u011f\u0131, do\u011fumlar\u0131n \u015fenli\u011fi, \u00e7ocuklu\u011fun \u015fairli\u011fi, \u015fiirin \u00e7ocuklu\u011fu&#8230; \u015eair Haydar Erg\u00fclen, ge\u00e7mi\u015fin g\u00fcl bah\u00e7elerinden gelece\u011fin narbah\u00e7elerine do\u011fru y\u00fcr\u00fcrken, g\u00fcnlerin getirdi\u011fi ve g\u00f6t\u00fcrd\u00fc\u011f\u00fc duygular aras\u0131nda d\u00fc\u015flediklerini bir araya getiriyor. <\/p>\n","protected":false},"excerpt":{"rendered":"<p>\u00d6l\u00fcmlerin a\u011f\u0131rl\u0131\u011f\u0131, do\u011fumlar\u0131n \u015fenli\u011fi, \u00e7ocuklu\u011fun \u015fairli\u011fi, \u015fiirin \u00e7ocuklu\u011fu&#8230; \u015eair Haydar Erg\u00fclen, ge\u00e7mi\u015fin g\u00fcl bah\u00e7elerinden gelece\u011fin narbah\u00e7elerine do\u011fru y\u00fcr\u00fcrken, g\u00fcnlerin getirdi\u011fi ve g\u00f6t\u00fcrd\u00fc\u011f\u00fc duygular aras\u0131nda d\u00fc\u015flediklerini bir<span class=\"excerpt-hellip\"> [\u2026]<\/span><\/p>\n","protected":false},"featured_media":0,"template":"","meta":{"_monsterinsights_skip_tracking":false,"_monsterinsights_sitenote_active":false,"_monsterinsights_sitenote_note":"","_monsterinsights_sitenote_category":0},"product_brand":[],"product_cat":[12777,12291],"product_tag":[],"class_list":{"0":"post-718470","1":"product","2":"type-product","3":"status-publish","5":"product_cat-deneme","6":"product_cat-edebiyat","7":"pa_cilt-ciltsiz","8":"pa_tur-kitap","9":"pa_yayinevi-kara-karga-yayinlari","10":"pa_yazar-haydar-ergulen","12":"first","13":"instock","14":"sale","15":"shipping-taxable","16":"purchasable","17":"product-type-simple"},"_links":{"self":[{"href":"https:\/\/roveyayinevi.com.tr\/index.php\/wp-json\/wp\/v2\/product\/718470","targetHints":{"allow":["GET"]}}],"collection":[{"href":"https:\/\/roveyayinevi.com.tr\/index.php\/wp-json\/wp\/v2\/product"}],"about":[{"href":"https:\/\/roveyayinevi.com.tr\/index.php\/wp-json\/wp\/v2\/types\/product"}],"wp:attachment":[{"href":"https:\/\/roveyayinevi.com.tr\/index.php\/wp-json\/wp\/v2\/media?parent=718470"}],"wp:term":[{"taxonomy":"product_brand","embeddable":true,"href":"https:\/\/roveyayinevi.com.tr\/index.php\/wp-json\/wp\/v2\/product_brand?post=718470"},{"taxonomy":"product_cat","embeddable":true,"href":"https:\/\/roveyayinevi.com.tr\/index.php\/wp-json\/wp\/v2\/product_cat?post=718470"},{"taxonomy":"product_tag","embeddable":true,"href":"https:\/\/roveyayinevi.com.tr\/index.php\/wp-json\/wp\/v2\/product_tag?post=718470"}],"curies":[{"name":"wp","href":"https:\/\/api.w.org\/{rel}","templated":true}]}}