{"id":718467,"date":"2025-08-27T18:09:17","date_gmt":"2025-08-27T15:09:17","guid":{"rendered":"https:\/\/roveyayinevi.com.tr\/index.php\/urun\/highlights-hello-ilk-egitici-kitaplarim-serisi\/"},"modified":"2026-04-16T02:26:42","modified_gmt":"2026-04-15T23:26:42","slug":"highlights-hello-ilk-egitici-kitaplarim-serisi","status":"publish","type":"product","link":"https:\/\/roveyayinevi.com.tr\/index.php\/urun\/highlights-hello-ilk-egitici-kitaplarim-serisi\/","title":{"rendered":"Highlights Hello \u0130lk E\u011fitici Kitaplar\u0131m Serisi"},"content":{"rendered":"<p>Hello &#8220;\u0130lk E\u011fitici Kitab\u0131m\u201d serisi, \u00e7ocu\u011funuzun g\u00fcnl\u00fck ya\u015famda kar\u015f\u0131la\u015faca\u011f\u0131 ve \u00f6\u011frenmesine katk\u0131 sa\u011flayaca\u011f\u0131 birbirinden farkl\u0131 g\u00f6rsellerle desteklenmi\u015ftir. Uzmanlar taraf\u0131ndan haz\u0131rlanan bu seri, \u00e7ocu\u011funuzu e\u011fitmenin yan\u0131nda aile i\u00e7i etkile\u015fime de katk\u0131 sa\u011flayacakt\u0131r. Her bir aktivite \u00f6\u011frenmeye merakl\u0131, kendine g\u00fcvenen, ak\u0131l y\u00fcr\u00fctme becerisi kazanm\u0131\u015f bireyler olarak yeti\u015fmesi i\u00e7in bir yol g\u00f6sterici niteli\u011fi ta\u015f\u0131r. \u0130lk E\u011fitici Kitab\u0131m serisi, erken \u00f6\u011frenmeyi te\u015fvik ederek \u00e7ocuklar\u0131n\u0131za destek olma konusunda sizlere \u00f6nemli ipu\u00e7lar\u0131 sunmaktad\u0131r. Bu ipu\u00e7lar\u0131 \u00e7ocuklar\u0131n geli\u015fiminde anne ve baban\u0131n rol\u00fcn\u00fc art\u0131racakt\u0131r. Highlights Hello serisi National Parenting Publications (Ulusal Ebeveynlik Yay\u0131nlar\u0131), Family Choice (Ailelerin Se\u00e7imi), Mom\u2019s Choice (Annemin Se\u00e7imi) ve Parents\u2019 Choice (Ebeveynlerin Se\u00e7imi) \u00f6d\u00fcllerini kazanm\u0131\u015ft\u0131r.<\/p>\n","protected":false},"excerpt":{"rendered":"<p>Hello &#8220;\u0130lk E\u011fitici Kitab\u0131m\u201d serisi, \u00e7ocu\u011funuzun g\u00fcnl\u00fck ya\u015famda kar\u015f\u0131la\u015faca\u011f\u0131 ve \u00f6\u011frenmesine katk\u0131 sa\u011flayaca\u011f\u0131 birbirinden farkl\u0131 g\u00f6rsellerle desteklenmi\u015ftir. Uzmanlar taraf\u0131ndan haz\u0131rlanan bu seri, \u00e7ocu\u011funuzu e\u011fitmenin yan\u0131nda aile<span class=\"excerpt-hellip\"> [\u2026]<\/span><\/p>\n","protected":false},"featured_media":0,"template":"","meta":{"_monsterinsights_skip_tracking":false,"_monsterinsights_sitenote_active":false,"_monsterinsights_sitenote_note":"","_monsterinsights_sitenote_category":0},"product_brand":[],"product_cat":[15192,12274],"product_tag":[],"class_list":{"0":"post-718467","1":"product","2":"type-product","3":"status-publish","5":"product_cat-1-3-yas-kitaplari","6":"product_cat-cocuk-ve-genclik-kitaplari","7":"pa_cilt-ciltsiz","8":"pa_tur-kitap","9":"pa_yayinevi-dikkat-atolyesi-yayinlari","10":"pa_yazar-kolektif","12":"first","13":"instock","14":"sale","15":"shipping-taxable","16":"purchasable","17":"product-type-simple"},"_links":{"self":[{"href":"https:\/\/roveyayinevi.com.tr\/index.php\/wp-json\/wp\/v2\/product\/718467","targetHints":{"allow":["GET"]}}],"collection":[{"href":"https:\/\/roveyayinevi.com.tr\/index.php\/wp-json\/wp\/v2\/product"}],"about":[{"href":"https:\/\/roveyayinevi.com.tr\/index.php\/wp-json\/wp\/v2\/types\/product"}],"wp:attachment":[{"href":"https:\/\/roveyayinevi.com.tr\/index.php\/wp-json\/wp\/v2\/media?parent=718467"}],"wp:term":[{"taxonomy":"product_brand","embeddable":true,"href":"https:\/\/roveyayinevi.com.tr\/index.php\/wp-json\/wp\/v2\/product_brand?post=718467"},{"taxonomy":"product_cat","embeddable":true,"href":"https:\/\/roveyayinevi.com.tr\/index.php\/wp-json\/wp\/v2\/product_cat?post=718467"},{"taxonomy":"product_tag","embeddable":true,"href":"https:\/\/roveyayinevi.com.tr\/index.php\/wp-json\/wp\/v2\/product_tag?post=718467"}],"curies":[{"name":"wp","href":"https:\/\/api.w.org\/{rel}","templated":true}]}}