{"id":718464,"date":"2025-08-27T18:09:15","date_gmt":"2025-08-27T15:09:15","guid":{"rendered":"https:\/\/roveyayinevi.com.tr\/index.php\/urun\/eftalya\/"},"modified":"2026-03-12T02:35:26","modified_gmt":"2026-03-11T23:35:26","slug":"eftalya","status":"publish","type":"product","link":"https:\/\/roveyayinevi.com.tr\/index.php\/urun\/eftalya\/","title":{"rendered":"Eftalya"},"content":{"rendered":"<p>G\u00fcn\u00fcn gecede olmas\u0131 kimin umrunda olur gecenin haberi yoksa?Peki ya siyah\u0131n beyazda ki fark\u0131n\u0131 ya da k\u0131rm\u0131z\u0131n\u0131n siyahtaki ayr\u0131cal\u0131\u011f\u0131n\u0131 kim g\u00f6rebilir onlar habersizken.\u0130\u015fte Eftalya ve Esin de renklerin habersizli\u011finde ,hayat\u0131n ete\u011findeki u\u00e7urumda s\u00fcz\u00fcl\u00fcp duruyorlar.G\u00fcnden g\u00fcne iyiye gidecekmi\u015f gibi g\u00f6r\u00fcnen hayat onlara derdi kam\u00e7\u0131lay\u0131p sunuyor.Tan\u0131maya \u00e7al\u0131\u015ft\u0131klar\u0131 d\u00fcnya y\u0131llarca Esin&#8217;i vicdan\u0131yla a\u015fk\u0131 aras\u0131nda b\u0131rak\u0131yor.Ve Eftalya sadece zorluklara dayanmay\u0131 \u00e7al\u0131\u015f\u0131yorken zaman ge\u00e7iyor ve toprak a\u015f\u0131n\u0131yor.Mevsimlerin \u0131l\u0131k r\u00fczgarlar\u0131 onlar\u0131 savuruyor ve yok olan yine onlar oluyor.Hayat onlara iyiyi sunmay\u0131p iyi gibi g\u00f6r\u00fcnen her \u015feyi arzulatmaya \u00e7al\u0131\u015f\u0131yor sadece.Esin ve Eftalya ise onlar\u0131 arzulay\u0131p bedenlerindeki izleri so\u011futmaya \u00e7al\u0131\u015f\u0131yorlar.Karma\u015f\u0131k d\u00fczende karma\u015f\u0131k hayata h\u00fckm\u00fc ge\u00e7meyen iki a\u015f\u0131k&#8230;<\/p>\n","protected":false},"excerpt":{"rendered":"<p>G\u00fcn\u00fcn gecede olmas\u0131 kimin umrunda olur gecenin haberi yoksa?Peki ya siyah\u0131n beyazda ki fark\u0131n\u0131 ya da k\u0131rm\u0131z\u0131n\u0131n siyahtaki ayr\u0131cal\u0131\u011f\u0131n\u0131 kim g\u00f6rebilir onlar habersizken.\u0130\u015fte Eftalya ve Esin<span class=\"excerpt-hellip\"> [\u2026]<\/span><\/p>\n","protected":false},"featured_media":0,"template":"","meta":{"_monsterinsights_skip_tracking":false,"_monsterinsights_sitenote_active":false,"_monsterinsights_sitenote_note":"","_monsterinsights_sitenote_category":0},"product_brand":[],"product_cat":[12291,12711],"product_tag":[],"class_list":{"0":"post-718464","1":"product","2":"type-product","3":"status-publish","5":"product_cat-edebiyat","6":"product_cat-roman-oyku","7":"pa_cilt-ciltsiz","8":"pa_tur-kitap","9":"pa_yayinevi-kirmizi-cati-yayinlari","10":"pa_yazar-figan-cakir","12":"first","13":"instock","14":"sale","15":"shipping-taxable","16":"purchasable","17":"product-type-simple"},"_links":{"self":[{"href":"https:\/\/roveyayinevi.com.tr\/index.php\/wp-json\/wp\/v2\/product\/718464","targetHints":{"allow":["GET"]}}],"collection":[{"href":"https:\/\/roveyayinevi.com.tr\/index.php\/wp-json\/wp\/v2\/product"}],"about":[{"href":"https:\/\/roveyayinevi.com.tr\/index.php\/wp-json\/wp\/v2\/types\/product"}],"wp:attachment":[{"href":"https:\/\/roveyayinevi.com.tr\/index.php\/wp-json\/wp\/v2\/media?parent=718464"}],"wp:term":[{"taxonomy":"product_brand","embeddable":true,"href":"https:\/\/roveyayinevi.com.tr\/index.php\/wp-json\/wp\/v2\/product_brand?post=718464"},{"taxonomy":"product_cat","embeddable":true,"href":"https:\/\/roveyayinevi.com.tr\/index.php\/wp-json\/wp\/v2\/product_cat?post=718464"},{"taxonomy":"product_tag","embeddable":true,"href":"https:\/\/roveyayinevi.com.tr\/index.php\/wp-json\/wp\/v2\/product_tag?post=718464"}],"curies":[{"name":"wp","href":"https:\/\/api.w.org\/{rel}","templated":true}]}}