{"id":718456,"date":"2025-08-27T18:09:09","date_gmt":"2025-08-27T15:09:09","guid":{"rendered":"https:\/\/roveyayinevi.com.tr\/index.php\/urun\/ataturkun-kucuk-kulubesi\/"},"modified":"2026-04-16T02:26:27","modified_gmt":"2026-04-15T23:26:27","slug":"ataturkun-kucuk-kulubesi","status":"publish","type":"product","link":"https:\/\/roveyayinevi.com.tr\/index.php\/urun\/ataturkun-kucuk-kulubesi\/","title":{"rendered":"Atat\u00fcrk\u2019\u00fcn K\u00fc\u00e7\u00fck Kul\u00fcbesi"},"content":{"rendered":"<p>Atat\u00fcrk, o zamanlar k\u0131rl\u0131k, ye\u015fillik bir alan olan S\u00f6\u011f\u00fct\u00f6z\u00fc\u2019nde k\u00fc\u00e7\u00fck bir kul\u00fcbesi olsun istiyordu. K\u0131r y\u00fcr\u00fcy\u00fc\u015f\u00fcnden sonra dinlenece\u011fi, kahve i\u00e7ebilece\u011fi k\u00fc\u00e7\u00fck bir kul\u00fcbe\u2026 Yan\u0131ndakiler, \u201cYapar\u0131z Pa\u015fam,\u201d dediler. Ama bunun i\u00e7in on be\u015f yirmi s\u00f6\u011f\u00fct a\u011fac\u0131n\u0131n kesilmesi gerekti\u011fi anla\u015f\u0131l\u0131nca\u2026 Atat\u00fcrk\u2019\u00fcn ka\u015flar\u0131 \u00e7at\u0131ld\u0131. Sonra ne mi oldu? \u00c7ocuklar\u0131n ya da \u00e7ocuklarla birlikte b\u00fcy\u00fcklerin de hayranl\u0131kla ve merakla okuyaca\u011f\u0131 ger\u00e7ek bir \u00f6yk\u00fc\u2026<\/p>\n","protected":false},"excerpt":{"rendered":"<p>Atat\u00fcrk, o zamanlar k\u0131rl\u0131k, ye\u015fillik bir alan olan S\u00f6\u011f\u00fct\u00f6z\u00fc\u2019nde k\u00fc\u00e7\u00fck bir kul\u00fcbesi olsun istiyordu. K\u0131r y\u00fcr\u00fcy\u00fc\u015f\u00fcnden sonra dinlenece\u011fi, kahve i\u00e7ebilece\u011fi k\u00fc\u00e7\u00fck bir kul\u00fcbe\u2026 Yan\u0131ndakiler, \u201cYapar\u0131z Pa\u015fam,\u201d<span class=\"excerpt-hellip\"> [\u2026]<\/span><\/p>\n","protected":false},"featured_media":0,"template":"","meta":{"_monsterinsights_skip_tracking":false,"_monsterinsights_sitenote_active":false,"_monsterinsights_sitenote_note":"","_monsterinsights_sitenote_category":0},"product_brand":[],"product_cat":[12274,12284],"product_tag":[],"class_list":{"0":"post-718456","1":"product","2":"type-product","3":"status-publish","5":"product_cat-cocuk-ve-genclik-kitaplari","6":"product_cat-hikayeler","7":"pa_cilt-ciltsiz","8":"pa_tur-kitap","9":"pa_yayinevi-fom-kitap","10":"pa_yazar-suleyman-bulut","12":"first","13":"instock","14":"sale","15":"shipping-taxable","16":"purchasable","17":"product-type-simple"},"_links":{"self":[{"href":"https:\/\/roveyayinevi.com.tr\/index.php\/wp-json\/wp\/v2\/product\/718456","targetHints":{"allow":["GET"]}}],"collection":[{"href":"https:\/\/roveyayinevi.com.tr\/index.php\/wp-json\/wp\/v2\/product"}],"about":[{"href":"https:\/\/roveyayinevi.com.tr\/index.php\/wp-json\/wp\/v2\/types\/product"}],"wp:attachment":[{"href":"https:\/\/roveyayinevi.com.tr\/index.php\/wp-json\/wp\/v2\/media?parent=718456"}],"wp:term":[{"taxonomy":"product_brand","embeddable":true,"href":"https:\/\/roveyayinevi.com.tr\/index.php\/wp-json\/wp\/v2\/product_brand?post=718456"},{"taxonomy":"product_cat","embeddable":true,"href":"https:\/\/roveyayinevi.com.tr\/index.php\/wp-json\/wp\/v2\/product_cat?post=718456"},{"taxonomy":"product_tag","embeddable":true,"href":"https:\/\/roveyayinevi.com.tr\/index.php\/wp-json\/wp\/v2\/product_tag?post=718456"}],"curies":[{"name":"wp","href":"https:\/\/api.w.org\/{rel}","templated":true}]}}