{"id":718454,"date":"2025-08-27T18:09:07","date_gmt":"2025-08-27T15:09:07","guid":{"rendered":"https:\/\/roveyayinevi.com.tr\/index.php\/urun\/bir-siirbazin-gunlugu\/"},"modified":"2026-04-16T02:26:26","modified_gmt":"2026-04-15T23:26:26","slug":"bir-siirbazin-gunlugu","status":"publish","type":"product","link":"https:\/\/roveyayinevi.com.tr\/index.php\/urun\/bir-siirbazin-gunlugu\/","title":{"rendered":"Bir \u015eiirbaz&#8217;\u0131n G\u00fcnl\u00fc\u011f\u00fc"},"content":{"rendered":"<p>\u201c\u015eiiri kucaklayan bir kalembaz, ruhu \u015fiirle yo\u011frulmu\u015f Yunus\u2019tan Mevlana\u2019ya, Sezai Karako\u00e7\u2019tan Naz\u0131m Hikmet\u2019e, A. H. TANPINAR\u2019dan Bekir S\u0131tk\u0131\u2019ya imbikten dam\u0131t\u0131lanlarla beslenmi\u015f bir ehilbaz\u2026\u201d \u00d6ns\u00f6z\u00fcndeki \u015fiir poetikas\u0131 ve bu poetikadaki \u015fu \u00e7arp\u0131c\u0131 c\u00fcmle asl\u0131nda \u015fiir ve \u015faire \u00f6ncelemenin vurgusudur: \u201cHer \u015feyden \u00f6nce bu kitap, \u015faire ve \u015fiire sayg\u0131 duru\u015funda bulunmak \u00fczere kaleme al\u0131nm\u0131\u015ft\u0131r.\u201d Geni\u015f bir yelpazeden edebiyat\u0131m\u0131z\u0131n imge ve hayal d\u00fcnyas\u0131n\u0131 kucaklayan \u015fairimizin g\u00f6sterisini, buyurun keyifle seyredelim\u2026 <\/p>\n","protected":false},"excerpt":{"rendered":"<p>\u201c\u015eiiri kucaklayan bir kalembaz, ruhu \u015fiirle yo\u011frulmu\u015f Yunus\u2019tan Mevlana\u2019ya, Sezai Karako\u00e7\u2019tan Naz\u0131m Hikmet\u2019e, A. H. TANPINAR\u2019dan Bekir S\u0131tk\u0131\u2019ya imbikten dam\u0131t\u0131lanlarla beslenmi\u015f bir ehilbaz\u2026\u201d \u00d6ns\u00f6z\u00fcndeki \u015fiir poetikas\u0131<span class=\"excerpt-hellip\"> [\u2026]<\/span><\/p>\n","protected":false},"featured_media":0,"template":"","meta":{"_monsterinsights_skip_tracking":false,"_monsterinsights_sitenote_active":false,"_monsterinsights_sitenote_note":"","_monsterinsights_sitenote_category":0},"product_brand":[],"product_cat":[12291,12509],"product_tag":[],"class_list":{"0":"post-718454","1":"product","2":"type-product","3":"status-publish","5":"product_cat-edebiyat","6":"product_cat-siir","7":"pa_cilt-ciltsiz","8":"pa_tur-kitap","9":"pa_yayinevi-mana-kitap","10":"pa_yazar-fikret-yazicioglu","12":"first","13":"instock","14":"sale","15":"shipping-taxable","16":"purchasable","17":"product-type-simple"},"_links":{"self":[{"href":"https:\/\/roveyayinevi.com.tr\/index.php\/wp-json\/wp\/v2\/product\/718454","targetHints":{"allow":["GET"]}}],"collection":[{"href":"https:\/\/roveyayinevi.com.tr\/index.php\/wp-json\/wp\/v2\/product"}],"about":[{"href":"https:\/\/roveyayinevi.com.tr\/index.php\/wp-json\/wp\/v2\/types\/product"}],"wp:attachment":[{"href":"https:\/\/roveyayinevi.com.tr\/index.php\/wp-json\/wp\/v2\/media?parent=718454"}],"wp:term":[{"taxonomy":"product_brand","embeddable":true,"href":"https:\/\/roveyayinevi.com.tr\/index.php\/wp-json\/wp\/v2\/product_brand?post=718454"},{"taxonomy":"product_cat","embeddable":true,"href":"https:\/\/roveyayinevi.com.tr\/index.php\/wp-json\/wp\/v2\/product_cat?post=718454"},{"taxonomy":"product_tag","embeddable":true,"href":"https:\/\/roveyayinevi.com.tr\/index.php\/wp-json\/wp\/v2\/product_tag?post=718454"}],"curies":[{"name":"wp","href":"https:\/\/api.w.org\/{rel}","templated":true}]}}