{"id":718451,"date":"2025-08-27T18:09:05","date_gmt":"2025-08-27T15:09:05","guid":{"rendered":"https:\/\/roveyayinevi.com.tr\/index.php\/urun\/degerler-ve-karakter-egitimini-destekleyen-cocuk-siirleri\/"},"modified":"2026-04-16T02:26:26","modified_gmt":"2026-04-15T23:26:26","slug":"degerler-ve-karakter-egitimini-destekleyen-cocuk-siirleri","status":"publish","type":"product","link":"https:\/\/roveyayinevi.com.tr\/index.php\/urun\/degerler-ve-karakter-egitimini-destekleyen-cocuk-siirleri\/","title":{"rendered":"De\u011ferler ve Karakter E\u011fitimini Destekleyen \u00c7ocuk \u015eiirleri"},"content":{"rendered":"<p>\u201cBu kitaptaki \u015fiirleri, rehber \u00f6\u011fretmenlerin, ana s\u0131n\u0131f\u0131 ve ilkokul s\u0131n\u0131f \u00f6\u011fretmenlerinin; \u00f6\u011frencilerin sosyal ve k\u00fclt\u00fcrel de\u011ferlerimizi \u00f6z\u00fcmseyerek olumlu karakter \u00f6zellikleri kazanmalar\u0131n\u0131 sa\u011flamak amac\u0131yla yapacaklar\u0131 etkinliklere destek olmas\u0131 d\u00fc\u015f\u00fcncesiyle yazd\u0131m. \u00c7ocuklar\u0131m\u0131z\u0131n da bu \u015fiirleri zevkle okuyacaklar\u0131n\u0131, b\u00f6ylece sosyal ya\u015fant\u0131lar\u0131n\u0131 zenginle\u015ftireceklerini, sosyal ve duygusal olgunluk kazanacaklar\u0131n\u0131 umuyorum.\u201d<\/p>\n","protected":false},"excerpt":{"rendered":"<p>\u201cBu kitaptaki \u015fiirleri, rehber \u00f6\u011fretmenlerin, ana s\u0131n\u0131f\u0131 ve ilkokul s\u0131n\u0131f \u00f6\u011fretmenlerinin; \u00f6\u011frencilerin sosyal ve k\u00fclt\u00fcrel de\u011ferlerimizi \u00f6z\u00fcmseyerek olumlu karakter \u00f6zellikleri kazanmalar\u0131n\u0131 sa\u011flamak amac\u0131yla yapacaklar\u0131 etkinliklere destek<span class=\"excerpt-hellip\"> [\u2026]<\/span><\/p>\n","protected":false},"featured_media":0,"template":"","meta":{"_monsterinsights_skip_tracking":false,"_monsterinsights_sitenote_active":false,"_monsterinsights_sitenote_note":"","_monsterinsights_sitenote_category":0},"product_brand":[],"product_cat":[12274,12284],"product_tag":[],"class_list":{"0":"post-718451","1":"product","2":"type-product","3":"status-publish","5":"product_cat-cocuk-ve-genclik-kitaplari","6":"product_cat-hikayeler","7":"pa_cilt-ciltsiz","8":"pa_tur-kitap","9":"pa_yayinevi-potikare-yayincilik","10":"pa_yazar-ozden-akkol","12":"first","13":"instock","14":"sale","15":"shipping-taxable","16":"purchasable","17":"product-type-simple"},"_links":{"self":[{"href":"https:\/\/roveyayinevi.com.tr\/index.php\/wp-json\/wp\/v2\/product\/718451","targetHints":{"allow":["GET"]}}],"collection":[{"href":"https:\/\/roveyayinevi.com.tr\/index.php\/wp-json\/wp\/v2\/product"}],"about":[{"href":"https:\/\/roveyayinevi.com.tr\/index.php\/wp-json\/wp\/v2\/types\/product"}],"wp:attachment":[{"href":"https:\/\/roveyayinevi.com.tr\/index.php\/wp-json\/wp\/v2\/media?parent=718451"}],"wp:term":[{"taxonomy":"product_brand","embeddable":true,"href":"https:\/\/roveyayinevi.com.tr\/index.php\/wp-json\/wp\/v2\/product_brand?post=718451"},{"taxonomy":"product_cat","embeddable":true,"href":"https:\/\/roveyayinevi.com.tr\/index.php\/wp-json\/wp\/v2\/product_cat?post=718451"},{"taxonomy":"product_tag","embeddable":true,"href":"https:\/\/roveyayinevi.com.tr\/index.php\/wp-json\/wp\/v2\/product_tag?post=718451"}],"curies":[{"name":"wp","href":"https:\/\/api.w.org\/{rel}","templated":true}]}}