{"id":718445,"date":"2025-08-27T18:09:02","date_gmt":"2025-08-27T15:09:02","guid":{"rendered":"https:\/\/roveyayinevi.com.tr\/index.php\/urun\/gelin-taci\/"},"modified":"2026-04-16T02:26:26","modified_gmt":"2026-04-15T23:26:26","slug":"gelin-taci","status":"publish","type":"product","link":"https:\/\/roveyayinevi.com.tr\/index.php\/urun\/gelin-taci\/","title":{"rendered":"Gelin Tac\u0131"},"content":{"rendered":"<p>Bu kitap, Allah&#8217;a hakk\u0131yla kulluk edebilmenin yol ve \u00e7arelerini g\u00f6steren en \u00f6zl\u00fc tasavvuf eserlerinden biridir.Bat\u0131 dilleri d\u00e2hil pek \u00e7ok dile \u00e7evrilen bu de\u011ferli eser, kalbi Allah&#8217;a ba\u011flamak ve O&#8217;nun r\u0131zas\u0131n\u0131 kazanmak i\u00e7in neler yap\u0131lmas\u0131 gerekti\u011fini ikna edici bir dille anlat\u0131r. \u0130nsano\u011flunu kendi nefsinin nas\u0131l aldat\u0131p kand\u0131rd\u0131\u011f\u0131n\u0131 ve onun bu aldat\u0131\u015flar\u0131ndan kurtulmak i\u00e7in ne yapmak gerekti\u011fini misallerle \u00f6\u011fretir.\u0130bn Ataullah el-\u0130skender\u00ee tasavvufa sonradan girdi\u011fi i\u00e7in, tasavvufa yabanc\u0131 insanlara nas\u0131l yakla\u015fmak ve onlar\u0131n y\u00f6n\u00fcn\u00fc Allah&#8217;a tam olarak nas\u0131l \u00e7evirmek gerekti\u011fini \u00e7ok iyi bilir. O y\u00fczden de \u00f6\u011f\u00fctleri, havada kalan s\u00f6zler de\u011fil, insan\u0131n i\u00e7ine i\u015fleyen, kalbine dokunan nasihatlerdir.Bu eseri okuyan ki\u015fi, kendisini ger\u00e7ek bir \u015feyhin, bir m\u00fcr\u015fid-i k\u00e2milin kar\u015f\u0131s\u0131ndaym\u0131\u015f gibi hisseder. E\u011fer Allah yolunda y\u00fcr\u00fcmek istiyorsa, bu kitap ona o yolu b\u00fct\u00fcn y\u00f6nleriyle a\u00e7ar. Kendisine hem d\u00fcnyas\u0131n\u0131 hem de \u00e2hiretini g\u00fczelle\u015ftirecek re\u00e7eteler sunar.<\/p>\n","protected":false},"excerpt":{"rendered":"<p>Bu kitap, Allah&#8217;a hakk\u0131yla kulluk edebilmenin yol ve \u00e7arelerini g\u00f6steren en \u00f6zl\u00fc tasavvuf eserlerinden biridir.Bat\u0131 dilleri d\u00e2hil pek \u00e7ok dile \u00e7evrilen bu de\u011ferli eser, kalbi Allah&#8217;a<span class=\"excerpt-hellip\"> [\u2026]<\/span><\/p>\n","protected":false},"featured_media":0,"template":"","meta":{"_monsterinsights_skip_tracking":false,"_monsterinsights_sitenote_active":false,"_monsterinsights_sitenote_note":"","_monsterinsights_sitenote_category":0},"product_brand":[],"product_cat":[12718,12719,12720],"product_tag":[],"class_list":{"0":"post-718445","1":"product","2":"type-product","3":"status-publish","5":"product_cat-din","6":"product_cat-islam","7":"product_cat-tasavvuf-mezhepler-tarikatlar","8":"pa_cilt-ciltsiz","9":"pa_tur-kitap","10":"pa_yayinevi-sufi-kitap","11":"pa_yazar-ibn-ataullah-el-iskenderi","13":"first","14":"instock","15":"sale","16":"shipping-taxable","17":"purchasable","18":"product-type-simple"},"_links":{"self":[{"href":"https:\/\/roveyayinevi.com.tr\/index.php\/wp-json\/wp\/v2\/product\/718445","targetHints":{"allow":["GET"]}}],"collection":[{"href":"https:\/\/roveyayinevi.com.tr\/index.php\/wp-json\/wp\/v2\/product"}],"about":[{"href":"https:\/\/roveyayinevi.com.tr\/index.php\/wp-json\/wp\/v2\/types\/product"}],"wp:attachment":[{"href":"https:\/\/roveyayinevi.com.tr\/index.php\/wp-json\/wp\/v2\/media?parent=718445"}],"wp:term":[{"taxonomy":"product_brand","embeddable":true,"href":"https:\/\/roveyayinevi.com.tr\/index.php\/wp-json\/wp\/v2\/product_brand?post=718445"},{"taxonomy":"product_cat","embeddable":true,"href":"https:\/\/roveyayinevi.com.tr\/index.php\/wp-json\/wp\/v2\/product_cat?post=718445"},{"taxonomy":"product_tag","embeddable":true,"href":"https:\/\/roveyayinevi.com.tr\/index.php\/wp-json\/wp\/v2\/product_tag?post=718445"}],"curies":[{"name":"wp","href":"https:\/\/api.w.org\/{rel}","templated":true}]}}