{"id":718444,"date":"2025-08-27T18:09:01","date_gmt":"2025-08-27T15:09:01","guid":{"rendered":"https:\/\/roveyayinevi.com.tr\/index.php\/urun\/sinav-kaygisi\/"},"modified":"2026-04-16T02:26:26","modified_gmt":"2026-04-15T23:26:26","slug":"sinav-kaygisi","status":"publish","type":"product","link":"https:\/\/roveyayinevi.com.tr\/index.php\/urun\/sinav-kaygisi\/","title":{"rendered":"S\u0131nav Kayg\u0131s\u0131"},"content":{"rendered":"<p>S\u0131nav Kayg\u0131s\u0131 modern zamanlar\u0131n getirdi\u011fi bir kayg\u0131 t\u00fcr\u00fc olarak ailelerin ve \u00e7ocuklar\u0131n \u00f6n\u00fcnde bir da\u011f gibi y\u00fckseliyor. Bu da\u011f\u0131 a\u015fmak i\u00e7in her bir aile kendi y\u00f6ntemlerini olu\u015fturmaya \u00e7al\u0131\u015f\u0131rken kimi aile \u00e7ocu\u011funu fazla rahat kimi aile ise \u00e7ok gergin buluyor. Her iki tavr\u0131n da s\u0131nav ba\u015far\u0131s\u0131na g\u00f6lge d\u00fc\u015f\u00fcrece\u011fini d\u00fc\u015f\u00fcn\u00fcyorlar. Aslolan ise \u00e7ocu\u011fun hayat boyu mutlulu\u011fu ve ba\u015far\u0131s\u0131n\u0131 getirecek y\u00f6ntemleri bulmakt\u0131r. Bu y\u00f6ntemler ayn\u0131 zamanda s\u0131nav i\u00e7inde yard\u0131mc\u0131 olacakt\u0131r.Yazar bu kitab\u0131nda uzun y\u0131llara dayanan tecr\u00fcbesiyle \u00f6\u011frencilere, e\u011fitimcilere ve ebeveynlere s\u0131nav kayg\u0131s\u0131 nedir anlama, kaynaklar\u0131n\u0131 bulma ve o kaynaklar\u0131 do\u011fru mecralara ak\u0131tarak s\u0131navlarda ba\u015far\u0131l\u0131 olman\u0131n yollar\u0131n\u0131 g\u00f6steriyor.<\/p>\n","protected":false},"excerpt":{"rendered":"<p>S\u0131nav Kayg\u0131s\u0131 modern zamanlar\u0131n getirdi\u011fi bir kayg\u0131 t\u00fcr\u00fc olarak ailelerin ve \u00e7ocuklar\u0131n \u00f6n\u00fcnde bir da\u011f gibi y\u00fckseliyor. Bu da\u011f\u0131 a\u015fmak i\u00e7in her bir aile kendi y\u00f6ntemlerini<span class=\"excerpt-hellip\"> [\u2026]<\/span><\/p>\n","protected":false},"featured_media":0,"template":"","meta":{"_monsterinsights_skip_tracking":false,"_monsterinsights_sitenote_active":false,"_monsterinsights_sitenote_note":"","_monsterinsights_sitenote_category":0},"product_brand":[],"product_cat":[25175,12357],"product_tag":[],"class_list":{"0":"post-718444","1":"product","2":"type-product","3":"status-publish","5":"product_cat-egitim-psikolojisi","6":"product_cat-psikoloji","7":"pa_cilt-ciltsiz","8":"pa_tur-kitap","9":"pa_yayinevi-pozitif-yayinlari","10":"pa_yazar-omer-sahan","12":"first","13":"instock","14":"sale","15":"shipping-taxable","16":"purchasable","17":"product-type-simple"},"_links":{"self":[{"href":"https:\/\/roveyayinevi.com.tr\/index.php\/wp-json\/wp\/v2\/product\/718444","targetHints":{"allow":["GET"]}}],"collection":[{"href":"https:\/\/roveyayinevi.com.tr\/index.php\/wp-json\/wp\/v2\/product"}],"about":[{"href":"https:\/\/roveyayinevi.com.tr\/index.php\/wp-json\/wp\/v2\/types\/product"}],"wp:attachment":[{"href":"https:\/\/roveyayinevi.com.tr\/index.php\/wp-json\/wp\/v2\/media?parent=718444"}],"wp:term":[{"taxonomy":"product_brand","embeddable":true,"href":"https:\/\/roveyayinevi.com.tr\/index.php\/wp-json\/wp\/v2\/product_brand?post=718444"},{"taxonomy":"product_cat","embeddable":true,"href":"https:\/\/roveyayinevi.com.tr\/index.php\/wp-json\/wp\/v2\/product_cat?post=718444"},{"taxonomy":"product_tag","embeddable":true,"href":"https:\/\/roveyayinevi.com.tr\/index.php\/wp-json\/wp\/v2\/product_tag?post=718444"}],"curies":[{"name":"wp","href":"https:\/\/api.w.org\/{rel}","templated":true}]}}