{"id":718433,"date":"2025-08-27T18:08:14","date_gmt":"2025-08-27T15:08:14","guid":{"rendered":"https:\/\/roveyayinevi.com.tr\/index.php\/urun\/gelenekten-modernlige-iskenderpasa\/"},"modified":"2026-04-16T02:26:26","modified_gmt":"2026-04-15T23:26:26","slug":"gelenekten-modernlige-iskenderpasa","status":"publish","type":"product","link":"https:\/\/roveyayinevi.com.tr\/index.php\/urun\/gelenekten-modernlige-iskenderpasa\/","title":{"rendered":"Gelenekten Modernli\u011fe \u0130skenderpa\u015fa"},"content":{"rendered":"<p>\u0130slam tarihinde en fazla iz b\u0131rakan din\u00ee hareketlerin ba\u015f\u0131nda tasavvufun geldi\u011fini s\u00f6ylemek yanl\u0131\u015f olmaz. Tasavvuf hareketi de tarikatlar eliyle kurumsalla\u015fm\u0131\u015f ve geleneksel bir damar olarak varl\u0131\u011f\u0131n\u0131 bug\u00fcne de\u011fin s\u00fcrd\u00fcrm\u00fc\u015ft\u00fcr. Bu geleneksel damar\u0131n i\u00e7erisinde, T\u00fcrkiye topraklar\u0131nda ve \u00f6zellikle tarihin son safhas\u0131nda Halid\u00ee-Nak\u015f\u00ee gelene\u011finin etkisi olduk\u00e7a \u00f6nem arz etmektedir. Bu \u00e7al\u0131\u015fma, Halid\u00ee-Nak\u015f\u00ee gelene\u011finin G\u00fcm\u00fc\u015fhanev\u00ee ile ba\u015flayan \u0130stanbul kolunun izini s\u00fcrm\u00fc\u015f; \u00f6zel olarak \u201c\u0130skenderpa\u015fa\u201d ismiyle an\u0131lmas\u0131na sebep te\u015fkil eden Mehmed Zahid Kotku\u2019nun \u0130skenderpa\u015fa Camii\u2019ne atanmas\u0131yla ba\u015flayan, Es\u2019ad Co\u015fan ve Nureddin Co\u015fan\u2019la devam eden s\u00fcre\u00e7 tahlil edilmeye \u00e7al\u0131\u015f\u0131lm\u0131\u015ft\u0131r.T\u00fcrk modernle\u015fmesine paralel bir \u015fekilde G\u00fcm\u00fc\u015fhanev\u00ee Tekkesinden \u0130skenderpa\u015fa Cemaati\u2019ne, oradan Server\u2019e uzanan modernle\u015fme s\u00fcrecinin niteli\u011fi ve \u015fu anda geldi\u011fi nokta tespit edilmeye \u00e7al\u0131\u015f\u0131lm\u0131\u015f; ayr\u0131ca gidi\u015fin nereye do\u011fru evrilebilece\u011fi de bir \u00f6ng\u00f6r\u00fc olarak belirtilmi\u015ftir. Bu tespit ve \u00f6ng\u00f6r\u00fcler asl\u0131nda b\u00fct\u00fcn din\u00ee gruplar\u0131 i\u00e7ine almaktad\u0131r; \u00e7\u00fcnk\u00fc bu gidi\u015fat hi\u00e7 birisini (er veya ge\u00e7) d\u0131\u015far\u0131da b\u0131rakmayacakt\u0131r.<\/p>\n","protected":false},"excerpt":{"rendered":"<p>\u0130slam tarihinde en fazla iz b\u0131rakan din\u00ee hareketlerin ba\u015f\u0131nda tasavvufun geldi\u011fini s\u00f6ylemek yanl\u0131\u015f olmaz. Tasavvuf hareketi de tarikatlar eliyle kurumsalla\u015fm\u0131\u015f ve geleneksel bir damar olarak varl\u0131\u011f\u0131n\u0131<span class=\"excerpt-hellip\"> [\u2026]<\/span><\/p>\n","protected":false},"featured_media":0,"template":"","meta":{"_monsterinsights_skip_tracking":false,"_monsterinsights_sitenote_active":false,"_monsterinsights_sitenote_note":"","_monsterinsights_sitenote_category":0},"product_brand":[],"product_cat":[13036,12718,12719],"product_tag":[],"class_list":{"0":"post-718433","1":"product","2":"type-product","3":"status-publish","5":"product_cat-arastirma-inceleme-islam","6":"product_cat-din","7":"product_cat-islam","8":"pa_cilt-ciltsiz","9":"pa_tur-kitap","10":"pa_yayinevi-meric-yayinlari","11":"pa_yazar-selim-sozer","13":"first","14":"instock","15":"sale","16":"shipping-taxable","17":"purchasable","18":"product-type-simple"},"_links":{"self":[{"href":"https:\/\/roveyayinevi.com.tr\/index.php\/wp-json\/wp\/v2\/product\/718433","targetHints":{"allow":["GET"]}}],"collection":[{"href":"https:\/\/roveyayinevi.com.tr\/index.php\/wp-json\/wp\/v2\/product"}],"about":[{"href":"https:\/\/roveyayinevi.com.tr\/index.php\/wp-json\/wp\/v2\/types\/product"}],"wp:attachment":[{"href":"https:\/\/roveyayinevi.com.tr\/index.php\/wp-json\/wp\/v2\/media?parent=718433"}],"wp:term":[{"taxonomy":"product_brand","embeddable":true,"href":"https:\/\/roveyayinevi.com.tr\/index.php\/wp-json\/wp\/v2\/product_brand?post=718433"},{"taxonomy":"product_cat","embeddable":true,"href":"https:\/\/roveyayinevi.com.tr\/index.php\/wp-json\/wp\/v2\/product_cat?post=718433"},{"taxonomy":"product_tag","embeddable":true,"href":"https:\/\/roveyayinevi.com.tr\/index.php\/wp-json\/wp\/v2\/product_tag?post=718433"}],"curies":[{"name":"wp","href":"https:\/\/api.w.org\/{rel}","templated":true}]}}