{"id":718430,"date":"2025-08-27T18:08:12","date_gmt":"2025-08-27T15:08:12","guid":{"rendered":"https:\/\/roveyayinevi.com.tr\/index.php\/urun\/gul-yangini\/"},"modified":"2026-04-16T02:26:26","modified_gmt":"2026-04-15T23:26:26","slug":"gul-yangini","status":"publish","type":"product","link":"https:\/\/roveyayinevi.com.tr\/index.php\/urun\/gul-yangini\/","title":{"rendered":"G\u00fcl Yang\u0131n\u0131"},"content":{"rendered":"<p>S\u00fcmer \u0130mparatorlu\u011fu\u2019nun kuytu k\u00f6\u015fesinde b\u00fcy\u00fcyen k\u00fc\u00e7\u00fck bir \u00e7ocuk,d\u00fcnyan\u0131n kaderini de\u011fi\u015ftirmek i\u00e7in yemin etti. Sarmoung Karde\u015fli\u011fi geri d\u00f6nd\u00fc. Nergal zincirlerinden kurtuldu. M\u0130T,CIA VE FBI bile bu i\u015fe dahil oldu. T\u00fcrkiye, Kutsal Kan\u2019dan gelenleri bir araya toplad\u0131. \u0130ngiltere\u2019nin entrika kokan mahkemelerinde kartlar yeniden da\u011f\u0131t\u0131ld\u0131. Yani kader a\u011flar\u0131n\u0131 \u00e7oktan \u00f6rd\u00fc. \u0130\u015fin k\u00f6t\u00fc yan\u0131 bu konuda hi\u00e7 bir \u015fey yapamayacaks\u0131n\u0131z!\u201dKurgu ve betimleme yazar\u0131 olan To\u011fan Kuter Eren, eserlerinde fantastik diyarlar yarat\u0131rken dini \u00f6\u011fretilerden her zaman ilham alan bir yazar olmu\u015ftur. \u015eimdi ise dikkatini bu diyarlar\u0131n kayna\u011f\u0131na y\u00f6neltiyor ve G\u00fcl Yang\u0131n\u0131\u2019n\u0131 kendine has \u00fcslubuyla \u015fekillendiriyor!Y\u0131l\u0131n en iyi \u00e7\u0131k\u0131\u015f yapan tarihi roman\u0131T\u00fcrkiyenin en h\u0131zl\u0131 \u00e7\u0131k\u0131\u015f yapan yazar\u0131Y\u0131l\u0131n en iyi post-modern roman\u0131<\/p>\n","protected":false},"excerpt":{"rendered":"<p>S\u00fcmer \u0130mparatorlu\u011fu\u2019nun kuytu k\u00f6\u015fesinde b\u00fcy\u00fcyen k\u00fc\u00e7\u00fck bir \u00e7ocuk,d\u00fcnyan\u0131n kaderini de\u011fi\u015ftirmek i\u00e7in yemin etti. Sarmoung Karde\u015fli\u011fi geri d\u00f6nd\u00fc. Nergal zincirlerinden kurtuldu. M\u0130T,CIA VE FBI bile bu i\u015fe<span class=\"excerpt-hellip\"> [\u2026]<\/span><\/p>\n","protected":false},"featured_media":0,"template":"","meta":{"_monsterinsights_skip_tracking":false,"_monsterinsights_sitenote_active":false,"_monsterinsights_sitenote_note":"","_monsterinsights_sitenote_category":0},"product_brand":[],"product_cat":[12291,12711],"product_tag":[],"class_list":{"0":"post-718430","1":"product","2":"type-product","3":"status-publish","5":"product_cat-edebiyat","6":"product_cat-roman-oyku","7":"pa_cilt-ciltsiz","8":"pa_tur-kitap","9":"pa_yayinevi-meric-yayinlari","10":"pa_yazar-togan-kuter-eren","12":"first","13":"instock","14":"sale","15":"shipping-taxable","16":"purchasable","17":"product-type-simple"},"_links":{"self":[{"href":"https:\/\/roveyayinevi.com.tr\/index.php\/wp-json\/wp\/v2\/product\/718430","targetHints":{"allow":["GET"]}}],"collection":[{"href":"https:\/\/roveyayinevi.com.tr\/index.php\/wp-json\/wp\/v2\/product"}],"about":[{"href":"https:\/\/roveyayinevi.com.tr\/index.php\/wp-json\/wp\/v2\/types\/product"}],"wp:attachment":[{"href":"https:\/\/roveyayinevi.com.tr\/index.php\/wp-json\/wp\/v2\/media?parent=718430"}],"wp:term":[{"taxonomy":"product_brand","embeddable":true,"href":"https:\/\/roveyayinevi.com.tr\/index.php\/wp-json\/wp\/v2\/product_brand?post=718430"},{"taxonomy":"product_cat","embeddable":true,"href":"https:\/\/roveyayinevi.com.tr\/index.php\/wp-json\/wp\/v2\/product_cat?post=718430"},{"taxonomy":"product_tag","embeddable":true,"href":"https:\/\/roveyayinevi.com.tr\/index.php\/wp-json\/wp\/v2\/product_tag?post=718430"}],"curies":[{"name":"wp","href":"https:\/\/api.w.org\/{rel}","templated":true}]}}