{"id":718416,"date":"2025-08-27T18:08:03","date_gmt":"2025-08-27T15:08:03","guid":{"rendered":"https:\/\/roveyayinevi.com.tr\/index.php\/urun\/leonardonun-defterleri\/"},"modified":"2026-04-16T02:26:26","modified_gmt":"2026-04-15T23:26:26","slug":"leonardonun-defterleri","status":"publish","type":"product","link":"https:\/\/roveyayinevi.com.tr\/index.php\/urun\/leonardonun-defterleri\/","title":{"rendered":"Leonardo\u2019nun Defterleri"},"content":{"rendered":"<p>Bu kitap, Leonardo da Vinci\u2019nin uygulamal\u0131 resim ve mimarl\u0131k dersleri, sanat, felsefe ve bilim \u00fczerine notlar\u0131ndan ve \u00e7izimlerinden olu\u015fmu\u015ftur. Ger\u00e7ek bir e\u011fitim k\u0131lavuzudur. A\u00e7\u0131klamalar basit ve nettir. Kitab\u0131 okuduk\u00e7a kendinizi b\u00fcy\u00fck \u00fcstat ile ayn\u0131 odada birlikte \u00e7al\u0131\u015f\u0131yor gibi hissedeceksiniz.<\/p>\n","protected":false},"excerpt":{"rendered":"<p>Bu kitap, Leonardo da Vinci\u2019nin uygulamal\u0131 resim ve mimarl\u0131k dersleri, sanat, felsefe ve bilim \u00fczerine notlar\u0131ndan ve \u00e7izimlerinden olu\u015fmu\u015ftur. Ger\u00e7ek bir e\u011fitim k\u0131lavuzudur. A\u00e7\u0131klamalar basit ve<span class=\"excerpt-hellip\"> [\u2026]<\/span><\/p>\n","protected":false},"featured_media":0,"template":"","meta":{"_monsterinsights_skip_tracking":false,"_monsterinsights_sitenote_active":false,"_monsterinsights_sitenote_note":"","_monsterinsights_sitenote_category":0},"product_brand":[],"product_cat":[15733,12408],"product_tag":[],"class_list":{"0":"post-718416","1":"product","2":"type-product","3":"status-publish","5":"product_cat-resim","6":"product_cat-sanat","7":"pa_cilt-ciltsiz","8":"pa_tur-kitap","9":"pa_yayinevi-akil-celen-kitaplar","10":"pa_yazar-leonardo-da-vinci","12":"first","13":"instock","14":"sale","15":"shipping-taxable","16":"purchasable","17":"product-type-simple"},"_links":{"self":[{"href":"https:\/\/roveyayinevi.com.tr\/index.php\/wp-json\/wp\/v2\/product\/718416","targetHints":{"allow":["GET"]}}],"collection":[{"href":"https:\/\/roveyayinevi.com.tr\/index.php\/wp-json\/wp\/v2\/product"}],"about":[{"href":"https:\/\/roveyayinevi.com.tr\/index.php\/wp-json\/wp\/v2\/types\/product"}],"wp:attachment":[{"href":"https:\/\/roveyayinevi.com.tr\/index.php\/wp-json\/wp\/v2\/media?parent=718416"}],"wp:term":[{"taxonomy":"product_brand","embeddable":true,"href":"https:\/\/roveyayinevi.com.tr\/index.php\/wp-json\/wp\/v2\/product_brand?post=718416"},{"taxonomy":"product_cat","embeddable":true,"href":"https:\/\/roveyayinevi.com.tr\/index.php\/wp-json\/wp\/v2\/product_cat?post=718416"},{"taxonomy":"product_tag","embeddable":true,"href":"https:\/\/roveyayinevi.com.tr\/index.php\/wp-json\/wp\/v2\/product_tag?post=718416"}],"curies":[{"name":"wp","href":"https:\/\/api.w.org\/{rel}","templated":true}]}}