{"id":718410,"date":"2025-08-27T18:07:58","date_gmt":"2025-08-27T15:07:58","guid":{"rendered":"https:\/\/roveyayinevi.com.tr\/index.php\/urun\/sanat-dunyamiz-170-mayis-haziran-2019\/"},"modified":"2026-03-24T02:30:26","modified_gmt":"2026-03-23T23:30:26","slug":"sanat-dunyamiz-170-mayis-haziran-2019","status":"publish","type":"product","link":"https:\/\/roveyayinevi.com.tr\/index.php\/urun\/sanat-dunyamiz-170-mayis-haziran-2019\/","title":{"rendered":"Sanat D\u00fcnyam\u0131z 170 , May\u0131s- Haziran 2019"},"content":{"rendered":"<p>Sanat D\u00fcnyam\u0131z\u2019\u0131n May\u0131s-Haziran 2019 say\u0131s\u0131nda Nil Yalter ile kapsaml\u0131 bir s\u00f6yle\u015fi, S\u00fcreyyya Evren\u2019in yeni serisi \u201cDeneyim \u015eapkalar\u0131\u201dn\u0131n ilk yaz\u0131s\u0131, Okwui Enwezor \u00fczerine k\u00fcrat\u00f6r \u00c7elenk Bafra\u2019n\u0131n kaleme ald\u0131\u011f\u0131 bir anma, \u0130stanbul Ansiklopedisi\u2019nin ar\u015fivi ve bug\u00fcne yans\u0131malar\u0131, Venedik Bienali T\u00fcrkiye Pavyonu\u2019nda yer alacak \u0130nci Eviner\u2019in Biz, Ba\u015fka Yerde eseri ve Venedik Bienalleri\u2019ne T\u00fcrkiye\u2019nin d\u00e2hil olu\u015fu hakk\u0131nda bir ara\u015ft\u0131rma vedaha bir\u00e7ok sanat konusu okurlar\u0131 bekliyor. Nil Yalter ile s\u00f6yle\u015fi   Nil Yalter\u2019in ki\u015fisel sergisi \u201cNil Yalter \/ Exile is a Hard Job\u201d 2 Haziran 2019\u2019a dek K\u00f6ln\u2019de, Almanya\u2019n\u0131n \u00f6nemli m\u00fczelerinden Museum Ludwig\u2019de devam ediyor. Sanat\u00e7\u0131n\u0131n 1967\u2019den bug\u00fcne 45 eserini bir araya getiren sergi, bir duvar \u00e7al\u0131\u015fmas\u0131 serisiyle m\u00fcze mek\u00e2n\u0131 d\u0131\u015f\u0131na da ta\u015f\u0131yor. Mine Haydaro\u011flu, K\u00f6ln\u2019de sergiyi ziyaret etti ve Nil Yalter\u2019le ya\u015fam\u0131, sanata bak\u0131\u015f\u0131 \u00fczerine bir s\u00f6yle\u015fi ger\u00e7ekle\u015ftirdi. \u0130stasyonda bir ansiklopedi   SALT Beyo\u011flu\u2019nun giri\u015f mek\u00e2n\u0131 Forum\u2019da bulunan \u0130stasyon: \u0130stanbul Ansiklopedisi 16 Haziran\u2019a dek, tarih\u00e7i ve romanc\u0131 Re\u015fad Ekrem Ko\u00e7u\u2019nun (1905-1975) me\u015fhur ansiklopedisine y\u00f6nelik ara\u015ft\u0131rmalar\u0131n\u0131 incelemeye a\u00e7\u0131yor. \u0130stanbul\u2019a dair en \u00f6zg\u00fcn \u00e7al\u0131\u015fmalardan biri olan bu ansiklopedinin en az i\u00e7eri\u011fi kadar ilgin\u00e7 hik\u00e2yesini, ar\u015fivin g\u00fcn\u00fcm\u00fcz i\u00e7in \u00f6nemini sanat tarih\u00e7i Ali Kayaalp de\u011ferlendirdi. G\u00f6zde \u0130lkin\u2019in \u201c\u00d6rg\u00fctl\u00fc \u0130kamet\u201di   \u0130stanbul Bienali Direkt\u00f6r\u00fc Bige \u00d6rer, sanat\u00e7\u0131 G\u00f6zde \u0130lkin\u2019in 14 Mart \u2013 27 Nisan 2019 aras\u0131nda Paris\u2019te Galerie Paris-Beijing\u2019de ger\u00e7ekle\u015ftirilen \u201c\u00d6rg\u00fctl\u00fc \u0130kamet\u201d isimli sergisini ele ald\u0131.    \u0130nci Eviner\u2019in eseri Venedik\u2019te   \u0130stanbul K\u00fclt\u00fcr Sanat Vakf\u0131\u2019n\u0131n (\u0130KSV) koordinasyonunu \u00fcstlendi\u011fi 11 May\u0131s- 24 Kas\u0131m aras\u0131nda ger\u00e7ekle\u015fecek Venedik Bienali T\u00fcrkiye Pavyonu\u2019nda bu y\u0131l, sanat\u00e7\u0131 \u0130nci Eviner, desen, obje, video, ses ve performans gibi farkl\u0131 \u00f6\u011feleri bir araya getirdi\u011fi Biz, Ba\u015fka Yerde adl\u0131 yap\u0131t\u0131yla yer alacak. Sergiden \u00f6nce at\u00f6lyesini ziyaret ederek, eserin haz\u0131rl\u0131k s\u00fcrecine dair haz\u0131rlanan bir yaz\u0131 dergide yer al\u0131yor. Yaz\u0131ya Eviner\u2019in haz\u0131rl\u0131k s\u00fcrecinde yapt\u0131\u011f\u0131 desenleri, videolardan g\u00f6r\u00fcnt\u00fclerle birlikte eserin ses yerle\u015ftirmesinden bir \u00f6rne\u011fin dinlenebilece\u011fi QR kod da e\u015flik ediyor. T\u00fcrkiye Venedik Bienali\u2019ne nas\u0131l d\u00e2hil oldu?   T\u00fcrkiye uzun y\u0131llard\u0131r, T\u00fcrkiye Pavyonu\u2019ndaki eserler ve ana sergiye d\u00e2hil olan sanat\u00e7\u0131lar\u0131n\u0131n eserleriyle Venedik Bienali\u2019nde varl\u0131k g\u00f6steriyor. Peki, T\u00fcrkiye\u2019den Venedik Bienali\u2019ne ilk kat\u0131l\u0131m nas\u0131l oldu? Bu soruya yan\u0131t arayan bir ara\u015ft\u0131rma yaz\u0131s\u0131 Sanat D\u00fcnyam\u0131z\u2019\u0131n May\u0131s-Haziran say\u0131s\u0131nda yer al\u0131yor. Doktora \u00e7al\u0131\u015fmas\u0131n\u0131 Y\u0131ld\u0131z Teknik \u00dcniversitesi Sanat Tasar\u0131m Fak\u00fcltesi\u2019nde tamamlayan sanat tarih\u00e7i Aynur G\u00fcrlemez Ar\u0131, T\u00fcrkiye\u2019nin Venedik Bienali\u2019ne d\u00e2hil olu\u015funun yar\u0131m asr\u0131 a\u015fan hik\u00e2yesini, Venedik Bienali Tarihi Ar\u015fivleri\u2019ndeki belgelerle inceledi. Murat Morova\u2019n\u0131n evrenine yolculuk   Uras K\u0131z\u0131l, \u201cCosmic Latte\u201d sergisinden yola \u00e7\u0131karak Murat Morova\u2019n\u0131n hayal, ger\u00e7ek, hakikat aras\u0131nda gezinen d\u00fcnyas\u0131na bak\u0131yor.   Olimpos\u2019un ilk sergisi   Sanat\u00e7\u0131 Taner Ceylan, uzun s\u00fcredir fikir payla\u015ft\u0131\u011f\u0131, dostluk kurdu\u011fu sanat\u00e7\u0131larla bir kitap, bir de sergi haz\u0131rlayarak izleyici kar\u015f\u0131s\u0131na \u00e7\u0131kt\u0131. Ceylan\u2019\u0131n k\u00fcrat\u00f6rl\u00fc\u011f\u00fcn\u00fc \u00fcstlendi\u011fi portre konulu sergi, Sad\u0131k Pa\u015fa Kona\u011f\u0131\u2019nda izleyiciyle bulu\u015ftu. Bu \u00f6zel sergiyi ve Antalya\u2019ya uzanan \u00f6yk\u00fcs\u00fcn\u00fc inceleyen bir yaz\u0131 bu ay dergide.   \u201cOnlar Benim Dostlar\u0131m\u201d   Giza Hayvanat Bah\u00e7esi\u2019nden bak\u0131c\u0131lar ve hayvanlar aras\u0131nda ge\u00e7en dostluk hik\u00e2yeleri, post kolonyal d\u00f6neme ve canl\u0131lar \u00fczerine tahakk\u00fcmlerimizi yeniden d\u00fc\u015f\u00fcnmeye zemin haz\u0131rl\u0131yor. Sanat\u00e7\u0131 Huo Rf, Depo \u0130stanbul\u2019da ger\u00e7ekle\u015fen \u201cOnlar Benim Dostlar\u0131m\u201d sergisi \u00fczerine yazd\u0131.   Okwui Enwezor\u2019a veda   15 Mart 2019\u2019da k\u00fcrat\u00f6rl\u00fck mesle\u011fine olan katk\u0131lar\u0131yla \u00f6nc\u00fc olan yazar, d\u00fc\u015f\u00fcn\u00fcr, ele\u015ftirmen, e\u011fitimci, k\u00fcrat\u00f6r Okwui Enwezor ya\u015fam\u0131n\u0131 yitirdi.  K\u00fcrat\u00f6r \u00c7elenk Bafra onun sanat hayat\u0131m\u0131za nas\u0131l katk\u0131da bulundu\u011funu kaleme ald\u0131.   \u201cBellek\/Emek\u201din konu\u011fu Do\u011fan Kuban   T\u00fcrkiye\u2019de sanata, k\u00fclt\u00fcre eme\u011fi ge\u00e7mi\u015f \u00f6nemli bulu\u015fmalardan olu\u015fan \u201cBellek\/Emek\u201d dizisinde mimarl\u0131k tarih\u00e7isi Prof. Dr. Do\u011fan Kuban, sanat tarih\u00e7i Nazl\u0131 Pekta\u015f\u2019\u0131n bu say\u0131daki konu\u011fu oldu.   Konu\u015fulmayan\u0131 dillendirmek inad\u0131: Gizem Karaka\u015f K\u00fcltigin Ka\u011fan Akbulut, ilk d\u00f6nem i\u015flerinde sanat \u00e7evresini ve sanat\u00e7\u0131lar\u0131 mizah\u00ee bir \u00fcslupla ele alan, son sergisi \u201cMasum De\u011filiz\u201dle izledi\u011fimiz sanat\u00e7\u0131 Gizem Karaka\u015f\u2019\u0131n sanat\u0131n\u0131 inceledi.   \u201cDeneyim \u015eapkalar\u0131\u201d ba\u015flad\u0131   Sanat sergisi deneyiminin, yap\u0131tlar aras\u0131nda, izleyici, ziyaret\u00e7i, sanatsever olarak gezinmenin bizi \u00e7\u0131kard\u0131\u011f\u0131 seyahati, ili\u015fkilendi\u011fi d\u00fc\u015f\u00fcnceleri, S\u00fcreyyya Evren \u201cDeneyim \u015eapkalar\u0131\u201d adl\u0131 seride ele alacak. Bu say\u0131da bu serinin ilk yaz\u0131s\u0131n\u0131 kaleme ald\u0131.   Da\u011f ba\u015f\u0131nda bir sanat k\u00fct\u00fcphanesi   Yap\u0131 Kredi Ara\u015ft\u0131rma K\u00fct\u00fcphanecisi Y\u00fccel Manyas T\u00fcrkiye\u2019de sanat k\u00fct\u00fcphaneleri hakk\u0131nda haz\u0131rlad\u0131\u011f\u0131 seride Bayburt\u2019ta yer alan Baks\u0131 M\u00fczesi K\u00fct\u00fcphanesi\u2019ni, m\u00fczenin kurucusu, sanat\u00e7\u0131 Prof. Dr. H\u00fcsamettin Ko\u00e7an\u2019dan dinledi. <\/p>\n","protected":false},"excerpt":{"rendered":"<p>Sanat D\u00fcnyam\u0131z\u2019\u0131n May\u0131s-Haziran 2019 say\u0131s\u0131nda Nil Yalter ile kapsaml\u0131 bir s\u00f6yle\u015fi, S\u00fcreyyya Evren\u2019in yeni serisi \u201cDeneyim \u015eapkalar\u0131\u201dn\u0131n ilk yaz\u0131s\u0131, Okwui Enwezor \u00fczerine k\u00fcrat\u00f6r \u00c7elenk Bafra\u2019n\u0131n kaleme<span class=\"excerpt-hellip\"> [\u2026]<\/span><\/p>\n","protected":false},"featured_media":0,"template":"","meta":{"_monsterinsights_skip_tracking":false,"_monsterinsights_sitenote_active":false,"_monsterinsights_sitenote_note":"","_monsterinsights_sitenote_category":0},"product_brand":[],"product_cat":[12408],"product_tag":[],"class_list":{"0":"post-718410","1":"product","2":"type-product","3":"status-publish","5":"product_cat-sanat","6":"pa_cilt-ciltsiz","7":"pa_tur-kitap","8":"pa_yayinevi-yapi-kredi-yayinlari-dergi","9":"pa_yazar-kolektif","11":"first","12":"outofstock","13":"sale","14":"shipping-taxable","15":"purchasable","16":"product-type-simple"},"_links":{"self":[{"href":"https:\/\/roveyayinevi.com.tr\/index.php\/wp-json\/wp\/v2\/product\/718410","targetHints":{"allow":["GET"]}}],"collection":[{"href":"https:\/\/roveyayinevi.com.tr\/index.php\/wp-json\/wp\/v2\/product"}],"about":[{"href":"https:\/\/roveyayinevi.com.tr\/index.php\/wp-json\/wp\/v2\/types\/product"}],"wp:attachment":[{"href":"https:\/\/roveyayinevi.com.tr\/index.php\/wp-json\/wp\/v2\/media?parent=718410"}],"wp:term":[{"taxonomy":"product_brand","embeddable":true,"href":"https:\/\/roveyayinevi.com.tr\/index.php\/wp-json\/wp\/v2\/product_brand?post=718410"},{"taxonomy":"product_cat","embeddable":true,"href":"https:\/\/roveyayinevi.com.tr\/index.php\/wp-json\/wp\/v2\/product_cat?post=718410"},{"taxonomy":"product_tag","embeddable":true,"href":"https:\/\/roveyayinevi.com.tr\/index.php\/wp-json\/wp\/v2\/product_tag?post=718410"}],"curies":[{"name":"wp","href":"https:\/\/api.w.org\/{rel}","templated":true}]}}

Sanat Dünyamız 170 , Mayıs- Haziran 2019

<p>Sanat Dünyamız’ın Mayıs-Haziran 2019 sayısında Nil Yalter ile kapsamlı bir söyleşi, Süreyyya Evren’in yeni serisi “Deneyim Şapkaları”nın ilk yazısı, Okwui Enwezor üzerine küratör Çelenk Bafra’nın kaleme aldığı bir anma, İstanbul Ansiklopedisi’nin arşivi ve bugüne yansımaları, Venedik Bienali Türkiye Pavyonu’nda yer alacak İnci Eviner’in Biz, Başka Yerde eseri ve Venedik Bienalleri’ne Türkiye’nin dâhil oluşu hakkında bir araştırma vedaha birçok sanat konusu okurları bekliyor. Nil Yalter ile söyleşi   Nil Yalter’in kişisel sergisi “Nil Yalter / Exile is a Hard Job” 2 Haziran 2019’a dek Köln’de, Almanya’nın önemli müzelerinden Museum Ludwig’de devam ediyor. Sanatçının 1967’den bugüne 45 eserini bir araya getiren sergi, bir duvar çalışması serisiyle müze mekânı dışına da taşıyor. Mine Haydaroğlu, Köln’de sergiyi ziyaret etti ve Nil Yalter’le yaşamı, sanata bakışı üzerine bir söyleşi gerçekleştirdi. İstasyonda bir ansiklopedi   SALT Beyoğlu’nun giriş mekânı Forum’da bulunan İstasyon: İstanbul Ansiklopedisi 16 Haziran’a dek, tarihçi ve romancı Reşad Ekrem Koçu’nun (1905-1975) meşhur ansiklopedisine yönelik araştırmalarını incelemeye açıyor. İstanbul’a dair en özgün çalışmalardan biri olan bu ansiklopedinin en az içeriği kadar ilginç hikâyesini, arşivin günümüz için önemini sanat tarihçi Ali Kayaalp değerlendirdi. Gözde İlkin’in “Örgütlü İkamet”i   İstanbul Bienali Direktörü Bige Örer, sanatçı Gözde İlkin’in 14 Mart – 27 Nisan 2019 arasında Paris’te Galerie Paris-Beijing’de gerçekleştirilen “Örgütlü İkamet” isimli sergisini ele aldı.    İnci Eviner’in eseri Venedik’te   İstanbul Kültür Sanat Vakfı’nın (İKSV) koordinasyonunu üstlendiği 11 Mayıs- 24 Kasım arasında gerçekleşecek Venedik Bienali Türkiye Pavyonu’nda bu yıl, sanatçı İnci Eviner, desen, obje, video, ses ve performans gibi farklı öğeleri bir araya getirdiği Biz, Başka Yerde adlı yapıtıyla yer alacak. Sergiden önce atölyesini ziyaret ederek, eserin hazırlık sürecine dair hazırlanan bir yazı dergide yer alıyor. Yazıya Eviner’in hazırlık sürecinde yaptığı desenleri, videolardan görüntülerle birlikte eserin ses yerleştirmesinden bir örneğin dinlenebileceği QR kod da eşlik ediyor. Türkiye Venedik Bienali’ne nasıl dâhil oldu?   Türkiye uzun yıllardır, Türkiye Pavyonu’ndaki eserler ve ana sergiye dâhil olan sanatçılarının eserleriyle Venedik Bienali’nde varlık gösteriyor. Peki, Türkiye’den Venedik Bienali’ne ilk katılım nasıl oldu? Bu soruya yanıt arayan bir araştırma yazısı Sanat Dünyamız’ın Mayıs-Haziran sayısında yer alıyor. Doktora çalışmasını Yıldız Teknik Üniversitesi Sanat Tasarım Fakültesi’nde tamamlayan sanat tarihçi Aynur Gürlemez Arı, Türkiye’nin Venedik Bienali’ne dâhil oluşunun yarım asrı aşan hikâyesini, Venedik Bienali Tarihi Arşivleri’ndeki belgelerle inceledi. Murat Morova’nın evrenine yolculuk   Uras Kızıl, “Cosmic Latte” sergisinden yola çıkarak Murat Morova’nın hayal, gerçek, hakikat arasında gezinen dünyasına bakıyor.   Olimpos’un ilk sergisi   Sanatçı Taner Ceylan, uzun süredir fikir paylaştığı, dostluk kurduğu sanatçılarla bir kitap, bir de sergi hazırlayarak izleyici karşısına çıktı. Ceylan’ın küratörlüğünü üstlendiği portre konulu sergi, Sadık Paşa Konağı’nda izleyiciyle buluştu. Bu özel sergiyi ve Antalya’ya uzanan öyküsünü inceleyen bir yazı bu ay dergide.   “Onlar Benim Dostlarım”   Giza Hayvanat Bahçesi’nden bakıcılar ve hayvanlar arasında geçen dostluk hikâyeleri, post kolonyal döneme ve canlılar üzerine tahakkümlerimizi yeniden düşünmeye zemin hazırlıyor. Sanatçı Huo Rf, Depo İstanbul’da gerçekleşen “Onlar Benim Dostlarım” sergisi üzerine yazdı.   Okwui Enwezor’a veda   15 Mart 2019’da küratörlük mesleğine olan katkılarıyla öncü olan yazar, düşünür, eleştirmen, eğitimci, küratör Okwui Enwezor yaşamını yitirdi.  Küratör Çelenk Bafra onun sanat hayatımıza nasıl katkıda bulunduğunu kaleme aldı.   “Bellek/Emek”in konuğu Doğan Kuban   Türkiye’de sanata, kültüre emeği geçmiş önemli buluşmalardan oluşan “Bellek/Emek” dizisinde mimarlık tarihçisi Prof. Dr. Doğan Kuban, sanat tarihçi Nazlı Pektaş’ın bu sayıdaki konuğu oldu.   Konuşulmayanı dillendirmek inadı: Gizem Karakaş Kültigin Kağan Akbulut, ilk dönem işlerinde sanat çevresini ve sanatçıları mizahî bir üslupla ele alan, son sergisi “Masum Değiliz”le izlediğimiz sanatçı Gizem Karakaş’ın sanatını inceledi.   “Deneyim Şapkaları” başladı   Sanat sergisi deneyiminin, yapıtlar arasında, izleyici, ziyaretçi, sanatsever olarak gezinmenin bizi çıkardığı seyahati, ilişkilendiği düşünceleri, Süreyyya Evren “Deneyim Şapkaları” adlı seride ele alacak. Bu sayıda bu serinin ilk yazısını kaleme aldı.   Dağ başında bir sanat kütüphanesi   Yapı Kredi Araştırma Kütüphanecisi Yücel Manyas Türkiye’de sanat kütüphaneleri hakkında hazırladığı seride Bayburt’ta yer alan Baksı Müzesi Kütüphanesi’ni, müzenin kurucusu, sanatçı Prof. Dr. Hüsamettin Koçan’dan dinledi. </p>

<p>Sanat Dünyamız’ın Mayıs-Haziran 2019 sayısında Nil Yalter ile kapsamlı bir söyleşi, Süreyyya Evren’in yeni serisi “Deneyim Şapkaları”nın ilk yazısı, Okwui Enwezor üzerine küratör Çelenk Bafra’nın kaleme<span class="excerpt-hellip"> […]</span></p>
